{"id":696,"date":"2016-06-29T14:00:28","date_gmt":"2016-06-29T12:00:28","guid":{"rendered":"https:\/\/www.nature-bois-concept.com\/magazine\/?page_id=696"},"modified":"2021-08-17T17:17:07","modified_gmt":"2021-08-17T15:17:07","slug":"guide-achat","status":"publish","type":"page","link":"https:\/\/www.nature-bois-concept.com\/magazine\/cloture-bois\/guides\/guide-achat\/","title":{"rendered":"A chaque envie sa cl\u00f4ture bois"},"content":{"rendered":"<p>Que ce soit pour votre champ, ou votre jardin, la cl\u00f4ture bois allie l\u2019esth\u00e9tisme et la praticit\u00e9 comme solution de fermeture. Lisez toutes les informations sur notre <strong><a href=\"https:\/\/www.nature-bois-concept.com\/magazine\/cloture-bois\/guides\/\">guide de la cl\u00f4ture bois<\/a><\/strong>.<\/p>\n<h2>Cl\u00f4ture palissade bois lames plates<\/h2>\n<p>Les clins de cl\u00f4ture palissade bois sont en pin Sylvestre trait\u00e9 autoclave, classe 4. L\u2019avantage, c\u2019est qu\u2019avec les clins, c\u2019est vous qui d\u00e9cidez de la hauteur. La cl\u00f4ture palissade bois en lames plates est la r\u00e9f\u00e9rence du moment, sur le march\u00e9 de la cl\u00f4ture de jardin. C\u2019est une solution simple \u00e0 mettre en place.<\/p>\n<p><em>Cl\u00f4ture palissade bois lames plates<\/em><br \/>\n<em>Section : 33 x 128 mm<\/em><br \/>\n<em>Longueur : 1,95 m<\/em><br \/>\n<em>Pour voir sa fiche produit ou bien r\u00e9aliser un devis en<\/em> <em><a href=\"https:\/\/www.nature-bois-concept.com\/fr\/cloture\/palissade-bois\/\" target=\"_blank\" rel=\"noopener noreferrer\">cl\u00f4ture palissade bois lames plates<\/a><\/em><\/p>\n<h2>Cl\u00f4ture palissade bois lames bomb\u00e9es<\/h2>\n<p>Les clins de cl\u00f4ture palissade en lames bomb\u00e9es sont de la m\u00eame composition que les lames plates. Les lames bomb\u00e9es am\u00e8neront \u00e9l\u00e9gance et originalit\u00e9 pour cl\u00f4turer votre jardin. Le budget sera raisonnable et l\u2019ambiance assur\u00e9e.<\/p>\n<p><em>Cl\u00f4ture palissade bois lames bomb\u00e9es<\/em><br \/>\n<em>Section : 33 x 128 mm<\/em><br \/>\n<em>Longueur : 1,95 m<\/em><br \/>\n<em>Pour voir sa fiche produit ou bien r\u00e9aliser un devis en cl\u00f4ture palissade bois lames bomb\u00e9es<\/em><\/p>\n<p><img loading=\"lazy\" decoding=\"async\" class=\"aligncenter size-full wp-image-1538\" src=\"https:\/\/www.nature-bois-concept.com\/magazine\/wp-content\/uploads\/2016\/06\/realisation-cloture-bois.jpg\" alt=\"realisation-cloture-bois\" width=\"1200\" height=\"496\" srcset=\"https:\/\/www.nature-bois-concept.com\/magazine\/wp-content\/uploads\/2016\/06\/realisation-cloture-bois.jpg 1200w, https:\/\/www.nature-bois-concept.com\/magazine\/wp-content\/uploads\/2016\/06\/realisation-cloture-bois-300x124.jpg 300w, https:\/\/www.nature-bois-concept.com\/magazine\/wp-content\/uploads\/2016\/06\/realisation-cloture-bois-768x317.jpg 768w, https:\/\/www.nature-bois-concept.com\/magazine\/wp-content\/uploads\/2016\/06\/realisation-cloture-bois-1024x423.jpg 1024w, https:\/\/www.nature-bois-concept.com\/magazine\/wp-content\/uploads\/2016\/06\/realisation-cloture-bois-1060x438.jpg 1060w\" sizes=\"(max-width: 1200px) 100vw, 1200px\" \/><\/p>\n<h2>Cl\u00f4ture bois rondin 1 lisse<\/h2>\n<p>La cl\u00f4ture bois rondin 1 lisse, vous apporte une solution \u00e9conomique et tr\u00e8s jolie pour fermer votre champ. En pin Sylvestre trait\u00e9s autoclave, classe 4, la d\u00e9limitation de votre terrain sera robuste et r\u00e9sistante.<br \/>\n<em>Cl\u00f4ture bois rondin 1 lisse<\/em><br \/>\n<em>Hauteur des poteaux\u00a0: 1,50 m<\/em><br \/>\n<em>Diam\u00e8tre\u00a0: 80 mm<\/em><br \/>\n<em>Pour voir sa fiche produit ou bien r\u00e9aliser un devis en<\/em> <em><a href=\"https:\/\/www.nature-bois-concept.com\/fr\/cloture\/rondin-bois\/\" target=\"_blank\" rel=\"noopener noreferrer\">cl\u00f4ture bois rondin 1 lisse<\/a><\/em><\/p>\n<p><img loading=\"lazy\" decoding=\"async\" class=\"aligncenter size-full wp-image-1537\" src=\"https:\/\/www.nature-bois-concept.com\/magazine\/wp-content\/uploads\/2016\/06\/cloture-rondin-bois.jpg\" alt=\"cloture-rondin-bois\" width=\"1200\" height=\"496\" srcset=\"https:\/\/www.nature-bois-concept.com\/magazine\/wp-content\/uploads\/2016\/06\/cloture-rondin-bois.jpg 1200w, https:\/\/www.nature-bois-concept.com\/magazine\/wp-content\/uploads\/2016\/06\/cloture-rondin-bois-300x124.jpg 300w, https:\/\/www.nature-bois-concept.com\/magazine\/wp-content\/uploads\/2016\/06\/cloture-rondin-bois-768x317.jpg 768w, https:\/\/www.nature-bois-concept.com\/magazine\/wp-content\/uploads\/2016\/06\/cloture-rondin-bois-1024x423.jpg 1024w, https:\/\/www.nature-bois-concept.com\/magazine\/wp-content\/uploads\/2016\/06\/cloture-rondin-bois-1060x438.jpg 1060w\" sizes=\"(max-width: 1200px) 100vw, 1200px\" \/><\/p>\n<h2>Cl\u00f4ture bois rondin 2 lisses<\/h2>\n<p>Les cl\u00f4tures double rondins sont le best-seller des cl\u00f4tures des centres \u00e9questres. Elles assurent la s\u00e9curit\u00e9 des cavaliers et des chevaux. Elles se composent de la m\u00eame fa\u00e7on que les cl\u00f4tures rondin 1 lisse, sauf que les poteaux sont plus hauts et permettent de doubler les rondins.<\/p>\n<p><em>Cl\u00f4ture bois rondin 2 lisses<\/em><br \/>\n<em>Hauteur des poteaux\u00a0: 2 m<\/em><br \/>\n<em>Diam\u00e8tre\u00a0: 80 mm<\/em><br \/>\n<em>Pour voir sa fiche produit ou bien r\u00e9aliser un devis en<\/em> <em>cl\u00f4ture bois rondin 2 lisses<\/em><\/p>\n<p>Que ce soit pour cl\u00f4turer votre jardin ou votre champ, Nature Bois Concept a une solution pour vous avec ses diverses cl\u00f4tures en bois. Retrouvez-nous sur notre site en ligne pour s\u00e9lectionner la cl\u00f4ture adapt\u00e9e \u00e0 vos besoins.<\/p>\n<h2>Plus d&rsquo;informations<\/h2>\n<ul>\n<li><a href=\"https:\/\/www.nature-bois-concept.com\/magazine\/cloture-bois\/guides\/mise-en-oeuvre\/\">La pose d&rsquo;une cloture bois<\/a><\/li>\n<\/ul>\n","protected":false},"excerpt":{"rendered":"<p>Que ce soit pour votre champ, ou votre jardin, la cl\u00f4ture bois allie l\u2019esth\u00e9tisme et la praticit\u00e9 comme solution de fermeture. Lisez toutes les informations sur notre guide de la cl\u00f4ture bois. Cl\u00f4ture palissade bois lames plates Les clins de cl\u00f4ture palissade bois sont en pin Sylvestre trait\u00e9 autoclave, classe 4. L\u2019avantage, c\u2019est qu\u2019avec les clins, c\u2019est vous qui d\u00e9cidez de la hauteur. La cl\u00f4ture palissade bois en lames plates&#8230;<\/p>\n","protected":false},"author":2,"featured_media":1536,"parent":589,"menu_order":1,"comment_status":"closed","ping_status":"closed","template":"","meta":{"_acf_changed":false,"footnotes":""},"acf":[],"yoast_head":"<!-- This site is optimized with the Yoast SEO plugin v22.4 - https:\/\/yoast.com\/wordpress\/plugins\/seo\/ -->\n<title>A chaque envie, sa cl\u00f4ture bois, guide d&#039;achat<\/title>\n<meta name=\"description\" content=\"Guide d&#039;achat cl\u00f4ture bois, caract\u00e9ristiques, dimensions et utilisations, choisissez le produit qui correspond au mieux \u00e0 vos souhaits.\" \/>\n<meta name=\"robots\" content=\"index, follow, max-snippet:-1, max-image-preview:large, max-video-preview:-1\" \/>\n<link rel=\"canonical\" href=\"https:\/\/www.nature-bois-concept.com\/magazine\/cloture-bois\/guides\/guide-achat\/\" \/>\n<meta property=\"og:locale\" content=\"fr_FR\" \/>\n<meta property=\"og:type\" content=\"article\" \/>\n<meta property=\"og:title\" content=\"A chaque envie, sa cl\u00f4ture bois, guide d&#039;achat\" \/>\n<meta property=\"og:description\" content=\"Guide d&#039;achat cl\u00f4ture bois, caract\u00e9ristiques, dimensions et utilisations, choisissez le produit qui correspond au mieux \u00e0 vos souhaits.\" \/>\n<meta property=\"og:url\" content=\"https:\/\/www.nature-bois-concept.com\/magazine\/cloture-bois\/guides\/guide-achat\/\" \/>\n<meta property=\"og:site_name\" content=\"Magazine Nature Bois Concept\" \/>\n<meta property=\"article:publisher\" content=\"https:\/\/www.facebook.com\/Nature-Bois-Concept-1596307970584169\/\" \/>\n<meta property=\"article:modified_time\" content=\"2021-08-17T15:17:07+00:00\" \/>\n<meta property=\"og:image\" content=\"https:\/\/www.nature-bois-concept.com\/magazine\/wp-content\/uploads\/2016\/06\/salon-de-jardin-cloture-bois.jpg\" \/>\n\t<meta property=\"og:image:width\" content=\"1620\" \/>\n\t<meta property=\"og:image:height\" content=\"668\" \/>\n\t<meta property=\"og:image:type\" content=\"image\/jpeg\" \/>\n<meta name=\"twitter:card\" content=\"summary_large_image\" \/>\n<meta name=\"twitter:site\" content=\"@nbc_bois\" \/>\n<meta name=\"twitter:label1\" content=\"Dur\u00e9e de lecture estim\u00e9e\" \/>\n\t<meta name=\"twitter:data1\" content=\"2 minutes\" \/>\n<script type=\"application\/ld+json\" class=\"yoast-schema-graph\">{\"@context\":\"https:\/\/schema.org\",\"@graph\":[{\"@type\":\"WebPage\",\"@id\":\"https:\/\/www.nature-bois-concept.com\/magazine\/cloture-bois\/guides\/guide-achat\/\",\"url\":\"https:\/\/www.nature-bois-concept.com\/magazine\/cloture-bois\/guides\/guide-achat\/\",\"name\":\"A chaque envie, sa cl\u00f4ture bois, guide d'achat\",\"isPartOf\":{\"@id\":\"https:\/\/www.nature-bois-concept.com\/magazine\/#website\"},\"primaryImageOfPage\":{\"@id\":\"https:\/\/www.nature-bois-concept.com\/magazine\/cloture-bois\/guides\/guide-achat\/#primaryimage\"},\"image\":{\"@id\":\"https:\/\/www.nature-bois-concept.com\/magazine\/cloture-bois\/guides\/guide-achat\/#primaryimage\"},\"thumbnailUrl\":\"https:\/\/www.nature-bois-concept.com\/magazine\/wp-content\/uploads\/2016\/06\/salon-de-jardin-cloture-bois.jpg\",\"datePublished\":\"2016-06-29T12:00:28+00:00\",\"dateModified\":\"2021-08-17T15:17:07+00:00\",\"description\":\"Guide d'achat cl\u00f4ture bois, caract\u00e9ristiques, dimensions et utilisations, choisissez le produit qui correspond au mieux \u00e0 vos souhaits.\",\"breadcrumb\":{\"@id\":\"https:\/\/www.nature-bois-concept.com\/magazine\/cloture-bois\/guides\/guide-achat\/#breadcrumb\"},\"inLanguage\":\"fr-FR\",\"potentialAction\":[{\"@type\":\"ReadAction\",\"target\":[\"https:\/\/www.nature-bois-concept.com\/magazine\/cloture-bois\/guides\/guide-achat\/\"]}]},{\"@type\":\"ImageObject\",\"inLanguage\":\"fr-FR\",\"@id\":\"https:\/\/www.nature-bois-concept.com\/magazine\/cloture-bois\/guides\/guide-achat\/#primaryimage\",\"url\":\"https:\/\/www.nature-bois-concept.com\/magazine\/wp-content\/uploads\/2016\/06\/salon-de-jardin-cloture-bois.jpg\",\"contentUrl\":\"https:\/\/www.nature-bois-concept.com\/magazine\/wp-content\/uploads\/2016\/06\/salon-de-jardin-cloture-bois.jpg\",\"width\":1620,\"height\":668,\"caption\":\"salon de jardin et cl\u00f4ture bois sur terrasse\"},{\"@type\":\"BreadcrumbList\",\"@id\":\"https:\/\/www.nature-bois-concept.com\/magazine\/cloture-bois\/guides\/guide-achat\/#breadcrumb\",\"itemListElement\":[{\"@type\":\"ListItem\",\"position\":1,\"name\":\"Magazine NBC\",\"item\":\"https:\/\/www.nature-bois-concept.com\/magazine\/\"},{\"@type\":\"ListItem\",\"position\":2,\"name\":\"Cl\u00f4ture Bois\",\"item\":\"https:\/\/www.nature-bois-concept.com\/magazine\/cloture-bois\/\"},{\"@type\":\"ListItem\",\"position\":3,\"name\":\"Guide Cl\u00f4ture Bois\",\"item\":\"https:\/\/www.nature-bois-concept.com\/magazine\/cloture-bois\/guides\/\"},{\"@type\":\"ListItem\",\"position\":4,\"name\":\"A chaque envie sa cl\u00f4ture bois\"}]},{\"@type\":\"WebSite\",\"@id\":\"https:\/\/www.nature-bois-concept.com\/magazine\/#website\",\"url\":\"https:\/\/www.nature-bois-concept.com\/magazine\/\",\"name\":\"Magazine Nature Bois Concept\",\"description\":\"En association avec Nature Bois Concept\",\"potentialAction\":[{\"@type\":\"SearchAction\",\"target\":{\"@type\":\"EntryPoint\",\"urlTemplate\":\"https:\/\/www.nature-bois-concept.com\/magazine\/?s={search_term_string}\"},\"query-input\":\"required name=search_term_string\"}],\"inLanguage\":\"fr-FR\"}]}<\/script>\n<!-- \/ Yoast SEO plugin. -->","yoast_head_json":{"title":"A chaque envie, sa cl\u00f4ture bois, guide d'achat","description":"Guide d'achat cl\u00f4ture bois, caract\u00e9ristiques, dimensions et utilisations, choisissez le produit qui correspond au mieux \u00e0 vos souhaits.","robots":{"index":"index","follow":"follow","max-snippet":"max-snippet:-1","max-image-preview":"max-image-preview:large","max-video-preview":"max-video-preview:-1"},"canonical":"https:\/\/www.nature-bois-concept.com\/magazine\/cloture-bois\/guides\/guide-achat\/","og_locale":"fr_FR","og_type":"article","og_title":"A chaque envie, sa cl\u00f4ture bois, guide d'achat","og_description":"Guide d'achat cl\u00f4ture bois, caract\u00e9ristiques, dimensions et utilisations, choisissez le produit qui correspond au mieux \u00e0 vos souhaits.","og_url":"https:\/\/www.nature-bois-concept.com\/magazine\/cloture-bois\/guides\/guide-achat\/","og_site_name":"Magazine Nature Bois Concept","article_publisher":"https:\/\/www.facebook.com\/Nature-Bois-Concept-1596307970584169\/","article_modified_time":"2021-08-17T15:17:07+00:00","og_image":[{"width":1620,"height":668,"url":"https:\/\/www.nature-bois-concept.com\/magazine\/wp-content\/uploads\/2016\/06\/salon-de-jardin-cloture-bois.jpg","type":"image\/jpeg"}],"twitter_card":"summary_large_image","twitter_site":"@nbc_bois","twitter_misc":{"Dur\u00e9e de lecture estim\u00e9e":"2 minutes"},"schema":{"@context":"https:\/\/schema.org","@graph":[{"@type":"WebPage","@id":"https:\/\/www.nature-bois-concept.com\/magazine\/cloture-bois\/guides\/guide-achat\/","url":"https:\/\/www.nature-bois-concept.com\/magazine\/cloture-bois\/guides\/guide-achat\/","name":"A chaque envie, sa cl\u00f4ture bois, guide d'achat","isPartOf":{"@id":"https:\/\/www.nature-bois-concept.com\/magazine\/#website"},"primaryImageOfPage":{"@id":"https:\/\/www.nature-bois-concept.com\/magazine\/cloture-bois\/guides\/guide-achat\/#primaryimage"},"image":{"@id":"https:\/\/www.nature-bois-concept.com\/magazine\/cloture-bois\/guides\/guide-achat\/#primaryimage"},"thumbnailUrl":"https:\/\/www.nature-bois-concept.com\/magazine\/wp-content\/uploads\/2016\/06\/salon-de-jardin-cloture-bois.jpg","datePublished":"2016-06-29T12:00:28+00:00","dateModified":"2021-08-17T15:17:07+00:00","description":"Guide d'achat cl\u00f4ture bois, caract\u00e9ristiques, dimensions et utilisations, choisissez le produit qui correspond au mieux \u00e0 vos souhaits.","breadcrumb":{"@id":"https:\/\/www.nature-bois-concept.com\/magazine\/cloture-bois\/guides\/guide-achat\/#breadcrumb"},"inLanguage":"fr-FR","potentialAction":[{"@type":"ReadAction","target":["https:\/\/www.nature-bois-concept.com\/magazine\/cloture-bois\/guides\/guide-achat\/"]}]},{"@type":"ImageObject","inLanguage":"fr-FR","@id":"https:\/\/www.nature-bois-concept.com\/magazine\/cloture-bois\/guides\/guide-achat\/#primaryimage","url":"https:\/\/www.nature-bois-concept.com\/magazine\/wp-content\/uploads\/2016\/06\/salon-de-jardin-cloture-bois.jpg","contentUrl":"https:\/\/www.nature-bois-concept.com\/magazine\/wp-content\/uploads\/2016\/06\/salon-de-jardin-cloture-bois.jpg","width":1620,"height":668,"caption":"salon de jardin et cl\u00f4ture bois sur terrasse"},{"@type":"BreadcrumbList","@id":"https:\/\/www.nature-bois-concept.com\/magazine\/cloture-bois\/guides\/guide-achat\/#breadcrumb","itemListElement":[{"@type":"ListItem","position":1,"name":"Magazine NBC","item":"https:\/\/www.nature-bois-concept.com\/magazine\/"},{"@type":"ListItem","position":2,"name":"Cl\u00f4ture Bois","item":"https:\/\/www.nature-bois-concept.com\/magazine\/cloture-bois\/"},{"@type":"ListItem","position":3,"name":"Guide Cl\u00f4ture Bois","item":"https:\/\/www.nature-bois-concept.com\/magazine\/cloture-bois\/guides\/"},{"@type":"ListItem","position":4,"name":"A chaque envie sa cl\u00f4ture bois"}]},{"@type":"WebSite","@id":"https:\/\/www.nature-bois-concept.com\/magazine\/#website","url":"https:\/\/www.nature-bois-concept.com\/magazine\/","name":"Magazine Nature Bois Concept","description":"En association avec Nature Bois Concept","potentialAction":[{"@type":"SearchAction","target":{"@type":"EntryPoint","urlTemplate":"https:\/\/www.nature-bois-concept.com\/magazine\/?s={search_term_string}"},"query-input":"required name=search_term_string"}],"inLanguage":"fr-FR"}]}},"_links":{"self":[{"href":"https:\/\/www.nature-bois-concept.com\/magazine\/wp-json\/wp\/v2\/pages\/696"}],"collection":[{"href":"https:\/\/www.nature-bois-concept.com\/magazine\/wp-json\/wp\/v2\/pages"}],"about":[{"href":"https:\/\/www.nature-bois-concept.com\/magazine\/wp-json\/wp\/v2\/types\/page"}],"author":[{"embeddable":true,"href":"https:\/\/www.nature-bois-concept.com\/magazine\/wp-json\/wp\/v2\/users\/2"}],"replies":[{"embeddable":true,"href":"https:\/\/www.nature-bois-concept.com\/magazine\/wp-json\/wp\/v2\/comments?post=696"}],"version-history":[{"count":18,"href":"https:\/\/www.nature-bois-concept.com\/magazine\/wp-json\/wp\/v2\/pages\/696\/revisions"}],"predecessor-version":[{"id":6344,"href":"https:\/\/www.nature-bois-concept.com\/magazine\/wp-json\/wp\/v2\/pages\/696\/revisions\/6344"}],"up":[{"embeddable":true,"href":"https:\/\/www.nature-bois-concept.com\/magazine\/wp-json\/wp\/v2\/pages\/589"}],"wp:featuredmedia":[{"embeddable":true,"href":"https:\/\/www.nature-bois-concept.com\/magazine\/wp-json\/wp\/v2\/media\/1536"}],"wp:attachment":[{"href":"https:\/\/www.nature-bois-concept.com\/magazine\/wp-json\/wp\/v2\/media?parent=696"}],"curies":[{"name":"wp","href":"https:\/\/api.w.org\/{rel}","templated":true}]}}