{"id":695,"date":"2016-06-29T13:58:50","date_gmt":"2016-06-29T11:58:50","guid":{"rendered":"https:\/\/www.nature-bois-concept.com\/magazine\/?page_id=695"},"modified":"2017-05-02T11:08:47","modified_gmt":"2017-05-02T09:08:47","slug":"professionnelle","status":"publish","type":"page","link":"https:\/\/www.nature-bois-concept.com\/magazine\/cloture-bois\/actualites\/professionnelle\/","title":{"rendered":"La cl\u00f4ture bois lisse, pour les professionnels aussi"},"content":{"rendered":"<p style=\"text-align: justify;\">Les cl\u00f4tures bois restent une valeur s\u00fbre, parfaitement adaptables aux paysages urbains ou ruraux. Elles vous offrent une multitude de possibilit\u00e9s pour vos espaces professionnels. Lisez nos conseils ci-dessous de notre <strong><a href=\"https:\/\/www.nature-bois-concept.com\/magazine\/cloture-bois\/actualites\/\">article sur la cl\u00f4ture bois<\/a><\/strong>.<\/p>\n<h2>Une adaptation tout terrain<\/h2>\n<p>Les cl\u00f4tures rondins bois lisse s\u2019adaptent vraiment \u00e0 tout\u00a0:<\/p>\n<ul>\n<li>Carri\u00e8re<\/li>\n<li>Domaine pour chevaux<\/li>\n<li>Domaine agricole<\/li>\n<li>Voirie<\/li>\n<li>Complexe sportif<\/li>\n<li>\u00c9cole<\/li>\n<li>Mairie<\/li>\n<li>Collectivit\u00e9s<\/li>\n<li>Pont<\/li>\n<\/ul>\n<p style=\"text-align: justify;\"><img loading=\"lazy\" decoding=\"async\" class=\"aligncenter wp-image-2345 size-full\" src=\"https:\/\/www.nature-bois-concept.com\/magazine\/wp-content\/uploads\/2016\/06\/image-a-la-une-R\u00e9cup\u00e9r\u00e9-2.jpg\" width=\"1620\" height=\"668\" \/><\/p>\n<p style=\"text-align: justify;\">Selon votre projet, elles pourront \u00eatre \u00e0 une ou deux lisses. Les cl\u00f4tures deux lisses sont tr\u00e8s pris\u00e9es dans les centres \u00e9questres pour garantir la s\u00e9curit\u00e9 des chevaux et des cavaliers. Elles peuvent se poser aussi autour d\u2019un parking pour d\u00e9limiter les espaces diff\u00e9rents de celui-ci.<\/p>\n<p style=\"text-align: justify;\">Les cl\u00f4tures une lisse trouvent leur place aussi bien en bord de route, qu&rsquo;en montagne pour prot\u00e9ger des ravins, ou encore en bord de mer. Elles sont \u00e9galement install\u00e9es en ville, autour des complexes sportifs ou d\u2019une mairie.<\/p>\n<p style=\"text-align: justify;\">Les cl\u00f4tures en rondin bois lisse servent vraiment \u00e0 d\u00e9limiter tout type d\u2019espace.<\/p>\n<p style=\"text-align: justify;\">Les mat\u00e9riaux naturels sont tr\u00e8s tendance\u00a0aujourd\u2019hui. En pin Sylvestre, trait\u00e9 autoclave et du coup classe 4, elles sauront r\u00e9sister dans le temps. Elles apporteront \u00e9galement la touche \u00ab\u00a0nature\u00a0\u00bb dans un milieu urbain.<\/p>\n<p style=\"text-align: justify;\">Si vous \u00eates convaincus que les cl\u00f4tures rondin en bois lisse sont faites pour votre projet, dans votre entreprise ou votre collectivit\u00e9, alors allez sur notre site en ligne pour faire d\u00e8s \u00e0 pr\u00e9sent votre devis en ligne.<\/p>\n<p>&nbsp;<\/p>\n","protected":false},"excerpt":{"rendered":"<p>Les cl\u00f4tures bois restent une valeur s\u00fbre, parfaitement adaptables aux paysages urbains ou ruraux. Elles vous offrent une multitude de possibilit\u00e9s pour vos espaces professionnels. Lisez nos conseils ci-dessous de notre article sur la cl\u00f4ture bois. Une adaptation tout terrain Les cl\u00f4tures rondins bois lisse s\u2019adaptent vraiment \u00e0 tout\u00a0: Carri\u00e8re Domaine pour chevaux Domaine agricole Voirie Complexe sportif \u00c9cole Mairie Collectivit\u00e9s Pont Selon votre projet, elles pourront \u00eatre \u00e0 une&#8230;<\/p>\n","protected":false},"author":2,"featured_media":3519,"parent":588,"menu_order":1,"comment_status":"closed","ping_status":"closed","template":"","meta":{"_acf_changed":false,"footnotes":""},"acf":[],"yoast_head":"<!-- This site is optimized with the Yoast SEO plugin v22.4 - https:\/\/yoast.com\/wordpress\/plugins\/seo\/ -->\n<title>La cl\u00f4ture bois lisse, pour les professionnels aussi<\/title>\n<meta name=\"description\" content=\"Avec une adaptation \u00e0 tous les terrains, la cl\u00f4ture bois r\u00e9pond \u00e0 toutes les demandes des entreprises et des collectivit\u00e9s.\" \/>\n<meta name=\"robots\" content=\"index, follow, max-snippet:-1, max-image-preview:large, max-video-preview:-1\" \/>\n<link rel=\"canonical\" href=\"https:\/\/www.nature-bois-concept.com\/magazine\/cloture-bois\/actualites\/professionnelle\/\" \/>\n<meta property=\"og:locale\" content=\"fr_FR\" \/>\n<meta property=\"og:type\" content=\"article\" \/>\n<meta property=\"og:title\" content=\"La cl\u00f4ture bois lisse, pour les professionnels aussi\" \/>\n<meta property=\"og:description\" content=\"Avec une adaptation \u00e0 tous les terrains, la cl\u00f4ture bois r\u00e9pond \u00e0 toutes les demandes des entreprises et des collectivit\u00e9s.\" \/>\n<meta property=\"og:url\" content=\"https:\/\/www.nature-bois-concept.com\/magazine\/cloture-bois\/actualites\/professionnelle\/\" \/>\n<meta property=\"og:site_name\" content=\"Magazine Nature Bois Concept\" \/>\n<meta property=\"article:publisher\" content=\"https:\/\/www.facebook.com\/Nature-Bois-Concept-1596307970584169\/\" \/>\n<meta property=\"article:modified_time\" content=\"2017-05-02T09:08:47+00:00\" \/>\n<meta property=\"og:image\" content=\"https:\/\/www.nature-bois-concept.com\/magazine\/wp-content\/uploads\/2016\/06\/cl\u00f4ture-bois-rondin-1200x440.jpg\" \/>\n\t<meta property=\"og:image:width\" content=\"1200\" \/>\n\t<meta property=\"og:image:height\" content=\"440\" \/>\n\t<meta property=\"og:image:type\" content=\"image\/jpeg\" \/>\n<meta name=\"twitter:card\" content=\"summary_large_image\" \/>\n<meta name=\"twitter:site\" content=\"@nbc_bois\" \/>\n<meta name=\"twitter:label1\" content=\"Dur\u00e9e de lecture estim\u00e9e\" \/>\n\t<meta name=\"twitter:data1\" content=\"1 minute\" \/>\n<script type=\"application\/ld+json\" class=\"yoast-schema-graph\">{\"@context\":\"https:\/\/schema.org\",\"@graph\":[{\"@type\":\"WebPage\",\"@id\":\"https:\/\/www.nature-bois-concept.com\/magazine\/cloture-bois\/actualites\/professionnelle\/\",\"url\":\"https:\/\/www.nature-bois-concept.com\/magazine\/cloture-bois\/actualites\/professionnelle\/\",\"name\":\"La cl\u00f4ture bois lisse, pour les professionnels aussi\",\"isPartOf\":{\"@id\":\"https:\/\/www.nature-bois-concept.com\/magazine\/#website\"},\"primaryImageOfPage\":{\"@id\":\"https:\/\/www.nature-bois-concept.com\/magazine\/cloture-bois\/actualites\/professionnelle\/#primaryimage\"},\"image\":{\"@id\":\"https:\/\/www.nature-bois-concept.com\/magazine\/cloture-bois\/actualites\/professionnelle\/#primaryimage\"},\"thumbnailUrl\":\"https:\/\/www.nature-bois-concept.com\/magazine\/wp-content\/uploads\/2016\/06\/cl\u00f4ture-bois-rondin-1200x440.jpg\",\"datePublished\":\"2016-06-29T11:58:50+00:00\",\"dateModified\":\"2017-05-02T09:08:47+00:00\",\"description\":\"Avec une adaptation \u00e0 tous les terrains, la cl\u00f4ture bois r\u00e9pond \u00e0 toutes les demandes des entreprises et des collectivit\u00e9s.\",\"breadcrumb\":{\"@id\":\"https:\/\/www.nature-bois-concept.com\/magazine\/cloture-bois\/actualites\/professionnelle\/#breadcrumb\"},\"inLanguage\":\"fr-FR\",\"potentialAction\":[{\"@type\":\"ReadAction\",\"target\":[\"https:\/\/www.nature-bois-concept.com\/magazine\/cloture-bois\/actualites\/professionnelle\/\"]}]},{\"@type\":\"ImageObject\",\"inLanguage\":\"fr-FR\",\"@id\":\"https:\/\/www.nature-bois-concept.com\/magazine\/cloture-bois\/actualites\/professionnelle\/#primaryimage\",\"url\":\"https:\/\/www.nature-bois-concept.com\/magazine\/wp-content\/uploads\/2016\/06\/cl\u00f4ture-bois-rondin-1200x440.jpg\",\"contentUrl\":\"https:\/\/www.nature-bois-concept.com\/magazine\/wp-content\/uploads\/2016\/06\/cl\u00f4ture-bois-rondin-1200x440.jpg\",\"width\":1200,\"height\":440,\"caption\":\"cl\u00f4ture en bois avec rondins\"},{\"@type\":\"BreadcrumbList\",\"@id\":\"https:\/\/www.nature-bois-concept.com\/magazine\/cloture-bois\/actualites\/professionnelle\/#breadcrumb\",\"itemListElement\":[{\"@type\":\"ListItem\",\"position\":1,\"name\":\"Magazine NBC\",\"item\":\"https:\/\/www.nature-bois-concept.com\/magazine\/\"},{\"@type\":\"ListItem\",\"position\":2,\"name\":\"Cl\u00f4ture Bois\",\"item\":\"https:\/\/www.nature-bois-concept.com\/magazine\/cloture-bois\/\"},{\"@type\":\"ListItem\",\"position\":3,\"name\":\"Article Cl\u00f4ture Bois\",\"item\":\"https:\/\/www.nature-bois-concept.com\/magazine\/cloture-bois\/actualites\/\"},{\"@type\":\"ListItem\",\"position\":4,\"name\":\"La cl\u00f4ture bois lisse, pour les professionnels aussi\"}]},{\"@type\":\"WebSite\",\"@id\":\"https:\/\/www.nature-bois-concept.com\/magazine\/#website\",\"url\":\"https:\/\/www.nature-bois-concept.com\/magazine\/\",\"name\":\"Magazine Nature Bois Concept\",\"description\":\"En association avec Nature Bois Concept\",\"potentialAction\":[{\"@type\":\"SearchAction\",\"target\":{\"@type\":\"EntryPoint\",\"urlTemplate\":\"https:\/\/www.nature-bois-concept.com\/magazine\/?s={search_term_string}\"},\"query-input\":\"required name=search_term_string\"}],\"inLanguage\":\"fr-FR\"}]}<\/script>\n<!-- \/ Yoast SEO plugin. -->","yoast_head_json":{"title":"La cl\u00f4ture bois lisse, pour les professionnels aussi","description":"Avec une adaptation \u00e0 tous les terrains, la cl\u00f4ture bois r\u00e9pond \u00e0 toutes les demandes des entreprises et des collectivit\u00e9s.","robots":{"index":"index","follow":"follow","max-snippet":"max-snippet:-1","max-image-preview":"max-image-preview:large","max-video-preview":"max-video-preview:-1"},"canonical":"https:\/\/www.nature-bois-concept.com\/magazine\/cloture-bois\/actualites\/professionnelle\/","og_locale":"fr_FR","og_type":"article","og_title":"La cl\u00f4ture bois lisse, pour les professionnels aussi","og_description":"Avec une adaptation \u00e0 tous les terrains, la cl\u00f4ture bois r\u00e9pond \u00e0 toutes les demandes des entreprises et des collectivit\u00e9s.","og_url":"https:\/\/www.nature-bois-concept.com\/magazine\/cloture-bois\/actualites\/professionnelle\/","og_site_name":"Magazine Nature Bois Concept","article_publisher":"https:\/\/www.facebook.com\/Nature-Bois-Concept-1596307970584169\/","article_modified_time":"2017-05-02T09:08:47+00:00","og_image":[{"width":1200,"height":440,"url":"https:\/\/www.nature-bois-concept.com\/magazine\/wp-content\/uploads\/2016\/06\/cl\u00f4ture-bois-rondin-1200x440.jpg","type":"image\/jpeg"}],"twitter_card":"summary_large_image","twitter_site":"@nbc_bois","twitter_misc":{"Dur\u00e9e de lecture estim\u00e9e":"1 minute"},"schema":{"@context":"https:\/\/schema.org","@graph":[{"@type":"WebPage","@id":"https:\/\/www.nature-bois-concept.com\/magazine\/cloture-bois\/actualites\/professionnelle\/","url":"https:\/\/www.nature-bois-concept.com\/magazine\/cloture-bois\/actualites\/professionnelle\/","name":"La cl\u00f4ture bois lisse, pour les professionnels aussi","isPartOf":{"@id":"https:\/\/www.nature-bois-concept.com\/magazine\/#website"},"primaryImageOfPage":{"@id":"https:\/\/www.nature-bois-concept.com\/magazine\/cloture-bois\/actualites\/professionnelle\/#primaryimage"},"image":{"@id":"https:\/\/www.nature-bois-concept.com\/magazine\/cloture-bois\/actualites\/professionnelle\/#primaryimage"},"thumbnailUrl":"https:\/\/www.nature-bois-concept.com\/magazine\/wp-content\/uploads\/2016\/06\/cl\u00f4ture-bois-rondin-1200x440.jpg","datePublished":"2016-06-29T11:58:50+00:00","dateModified":"2017-05-02T09:08:47+00:00","description":"Avec une adaptation \u00e0 tous les terrains, la cl\u00f4ture bois r\u00e9pond \u00e0 toutes les demandes des entreprises et des collectivit\u00e9s.","breadcrumb":{"@id":"https:\/\/www.nature-bois-concept.com\/magazine\/cloture-bois\/actualites\/professionnelle\/#breadcrumb"},"inLanguage":"fr-FR","potentialAction":[{"@type":"ReadAction","target":["https:\/\/www.nature-bois-concept.com\/magazine\/cloture-bois\/actualites\/professionnelle\/"]}]},{"@type":"ImageObject","inLanguage":"fr-FR","@id":"https:\/\/www.nature-bois-concept.com\/magazine\/cloture-bois\/actualites\/professionnelle\/#primaryimage","url":"https:\/\/www.nature-bois-concept.com\/magazine\/wp-content\/uploads\/2016\/06\/cl\u00f4ture-bois-rondin-1200x440.jpg","contentUrl":"https:\/\/www.nature-bois-concept.com\/magazine\/wp-content\/uploads\/2016\/06\/cl\u00f4ture-bois-rondin-1200x440.jpg","width":1200,"height":440,"caption":"cl\u00f4ture en bois avec rondins"},{"@type":"BreadcrumbList","@id":"https:\/\/www.nature-bois-concept.com\/magazine\/cloture-bois\/actualites\/professionnelle\/#breadcrumb","itemListElement":[{"@type":"ListItem","position":1,"name":"Magazine NBC","item":"https:\/\/www.nature-bois-concept.com\/magazine\/"},{"@type":"ListItem","position":2,"name":"Cl\u00f4ture Bois","item":"https:\/\/www.nature-bois-concept.com\/magazine\/cloture-bois\/"},{"@type":"ListItem","position":3,"name":"Article Cl\u00f4ture Bois","item":"https:\/\/www.nature-bois-concept.com\/magazine\/cloture-bois\/actualites\/"},{"@type":"ListItem","position":4,"name":"La cl\u00f4ture bois lisse, pour les professionnels aussi"}]},{"@type":"WebSite","@id":"https:\/\/www.nature-bois-concept.com\/magazine\/#website","url":"https:\/\/www.nature-bois-concept.com\/magazine\/","name":"Magazine Nature Bois Concept","description":"En association avec Nature Bois Concept","potentialAction":[{"@type":"SearchAction","target":{"@type":"EntryPoint","urlTemplate":"https:\/\/www.nature-bois-concept.com\/magazine\/?s={search_term_string}"},"query-input":"required name=search_term_string"}],"inLanguage":"fr-FR"}]}},"_links":{"self":[{"href":"https:\/\/www.nature-bois-concept.com\/magazine\/wp-json\/wp\/v2\/pages\/695"}],"collection":[{"href":"https:\/\/www.nature-bois-concept.com\/magazine\/wp-json\/wp\/v2\/pages"}],"about":[{"href":"https:\/\/www.nature-bois-concept.com\/magazine\/wp-json\/wp\/v2\/types\/page"}],"author":[{"embeddable":true,"href":"https:\/\/www.nature-bois-concept.com\/magazine\/wp-json\/wp\/v2\/users\/2"}],"replies":[{"embeddable":true,"href":"https:\/\/www.nature-bois-concept.com\/magazine\/wp-json\/wp\/v2\/comments?post=695"}],"version-history":[{"count":10,"href":"https:\/\/www.nature-bois-concept.com\/magazine\/wp-json\/wp\/v2\/pages\/695\/revisions"}],"predecessor-version":[{"id":3518,"href":"https:\/\/www.nature-bois-concept.com\/magazine\/wp-json\/wp\/v2\/pages\/695\/revisions\/3518"}],"up":[{"embeddable":true,"href":"https:\/\/www.nature-bois-concept.com\/magazine\/wp-json\/wp\/v2\/pages\/588"}],"wp:featuredmedia":[{"embeddable":true,"href":"https:\/\/www.nature-bois-concept.com\/magazine\/wp-json\/wp\/v2\/media\/3519"}],"wp:attachment":[{"href":"https:\/\/www.nature-bois-concept.com\/magazine\/wp-json\/wp\/v2\/media?parent=695"}],"curies":[{"name":"wp","href":"https:\/\/api.w.org\/{rel}","templated":true}]}}