{"id":676,"date":"2016-06-29T10:50:41","date_gmt":"2016-06-29T08:50:41","guid":{"rendered":"https:\/\/www.nature-bois-concept.com\/magazine\/?page_id=676"},"modified":"2025-03-07T14:54:59","modified_gmt":"2025-03-07T13:54:59","slug":"terrasse-bois-double-structure","status":"publish","type":"page","link":"https:\/\/www.nature-bois-concept.com\/magazine\/terrasse-bois\/guides\/avant-achat\/fournitures-accessoires\/terrasse-bois-double-structure\/","title":{"rendered":"Pose d&rsquo;une terrasse double structure"},"content":{"rendered":"<p>Certains ouvrages sur sol meuble ne permettent pas une pose simple sur lambourdes, le poids de la terrasse pourrait engendrer des complications dans le temps ; le risque d\u2019affaissement serait trop important, il faut donc consolider l\u2019ouvrage avec une double structure.<\/p>\n<p>Cette m\u00e9thode est \u00e9galement utilis\u00e9e pour rattraper un niveau important sur sol stable, comme une \u00e9tanch\u00e9it\u00e9 ou une dalle b\u00e9ton qui ne permettent pas la r\u00e9alisation de plots b\u00e9ton ou de fondation, pour le cas o\u00f9 les plots PVC r\u00e9glables, ont une hauteur insuffisante.<\/p>\n<p>La double structure permet de r\u00e9duire le nombre d\u2019appuis sur le sol, symbolis\u00e9s par des longrines, des plots b\u00e9tons, des <a href=\"https:\/\/www.nature-bois-concept.com\/boutique\/terrasse-bois\/accessoire\/plot\/\" target=\"_blank\" rel=\"noopener noreferrer\">plots PVC r\u00e9glables<\/a> voire des <a href=\"https:\/\/www.nature-bois-concept.com\/boutique\/cloture-et-occultation\/accessoires-cloture\/67-pieu-de-fondation-pgb\/\" target=\"_blank\" rel=\"noopener noreferrer\">pieux de\u00a0fondation<\/a> type ELEVO.<\/p>\n<p>Plus la section utilis\u00e9e de solivage (premi\u00e8re couche de lambourdes) est importante, plus la port\u00e9e entre chaque appui peut \u00eatre augment\u00e9e, en ne d\u00e9passant pas trois m\u00e8tres pour une section de 72x220mm.<\/p>\n<p><img loading=\"lazy\" decoding=\"async\" class=\"aligncenter size-full wp-image-1447\" src=\"https:\/\/res.cloudinary.com\/nature-bois-concept\/image\/upload\/fl_any_format,q_auto,c_scale,c_limit,w_1200,f_auto\/www.nature-bois-concept.com\/magazine\/wp-content\/uploads\/2016\/06\/realisation-double-structure-terrasse-bois.jpg\" alt=\"realisation-double-structure-terrasse-bois\" width=\"1200\" height=\"496\" srcset=\"https:\/\/www.nature-bois-concept.com\/magazine\/wp-content\/uploads\/2016\/06\/realisation-double-structure-terrasse-bois.jpg 1200w, https:\/\/www.nature-bois-concept.com\/magazine\/wp-content\/uploads\/2016\/06\/realisation-double-structure-terrasse-bois-300x124.jpg 300w, https:\/\/www.nature-bois-concept.com\/magazine\/wp-content\/uploads\/2016\/06\/realisation-double-structure-terrasse-bois-768x317.jpg 768w, https:\/\/www.nature-bois-concept.com\/magazine\/wp-content\/uploads\/2016\/06\/realisation-double-structure-terrasse-bois-1024x423.jpg 1024w, https:\/\/www.nature-bois-concept.com\/magazine\/wp-content\/uploads\/2016\/06\/realisation-double-structure-terrasse-bois-1060x438.jpg 1060w\" sizes=\"(max-width: 1200px) 100vw, 1200px\" \/><\/p>\n<p>L\u2019\u00e9cart entre chaque solive d\u00e9pend de la section de lambourdes utilis\u00e9e, m\u00eames contraintes que pour les solives, plus la section de celles-ci est importante plus elles pourront supporter un \u00e9cartement important sans risque. La deuxi\u00e8me couche est g\u00e9n\u00e9ralement de section moindre (46x72mm, 46x95mm\u2026).L\u2019espace laiss\u00e9 entre chaque lambourde reste inchang\u00e9, la pose d\u2019une terrasse bois n\u00e9cessite un entraxe de 40cm \u00e0 50cm, \u00e9vitant la d\u00e9formation des lames dans le temps.<\/p>\n<p>L\u2019avantage de ce type de mise en \u0153uvre est la robustesse et une rigidit\u00e9 de l\u2019ensemble, m\u00eame en cas de mouvement de terrain, et cela apporte une bonne ventilation sous l\u2019ouvrage et une diminution du risque de stagnation d\u2019eau. Il est toutefois inutile d\u2019appliquer cette m\u00e9thode de pose si le chantier ne s\u2019y pr\u00eate pas, les plots PVC r\u00e9glables permettent de rattraper le niveau suffisant si le sol est compact\u00e9.<\/p>\n<p>Maintenant \u00e0 vous de jouer!<\/p>\n","protected":false},"excerpt":{"rendered":"<p>Certains ouvrages sur sol meuble ne permettent pas une pose simple sur lambourdes, le poids de la terrasse pourrait engendrer des complications dans le temps ; le risque d\u2019affaissement serait trop important, il faut donc consolider l\u2019ouvrage avec une double structure. Cette m\u00e9thode est \u00e9galement utilis\u00e9e pour rattraper un niveau important sur sol stable, comme une \u00e9tanch\u00e9it\u00e9 ou une dalle b\u00e9ton qui ne permettent pas la r\u00e9alisation de plots b\u00e9ton&#8230;<\/p>\n","protected":false},"author":2,"featured_media":1446,"parent":565,"menu_order":9,"comment_status":"closed","ping_status":"closed","template":"","meta":{"_acf_changed":false,"footnotes":""},"acf":[],"yoast_head":"<!-- This site is optimized with the Yoast SEO plugin v22.4 - https:\/\/yoast.com\/wordpress\/plugins\/seo\/ -->\n<title>Pose d&#039;une terrasse bois sur double structure<\/title>\n<meta name=\"description\" content=\"Vous \u00eates sur un sol instable ou bien vous souhaitez consolider votre structure? Cet article sur la terrasse bois double structure est fait pour vous.\" \/>\n<meta name=\"robots\" content=\"index, follow, max-snippet:-1, max-image-preview:large, max-video-preview:-1\" \/>\n<link rel=\"canonical\" href=\"https:\/\/www.nature-bois-concept.com\/magazine\/terrasse-bois\/guides\/avant-achat\/fournitures-accessoires\/terrasse-bois-double-structure\/\" \/>\n<meta property=\"og:locale\" content=\"fr_FR\" \/>\n<meta property=\"og:type\" content=\"article\" \/>\n<meta property=\"og:title\" content=\"Pose d&#039;une terrasse bois sur double structure\" \/>\n<meta property=\"og:description\" content=\"Vous \u00eates sur un sol instable ou bien vous souhaitez consolider votre structure? Cet article sur la terrasse bois double structure est fait pour vous.\" \/>\n<meta property=\"og:url\" content=\"https:\/\/www.nature-bois-concept.com\/magazine\/terrasse-bois\/guides\/avant-achat\/fournitures-accessoires\/terrasse-bois-double-structure\/\" \/>\n<meta property=\"og:site_name\" content=\"Magazine Nature Bois Concept\" \/>\n<meta property=\"article:publisher\" content=\"https:\/\/www.facebook.com\/Nature-Bois-Concept-1596307970584169\/\" \/>\n<meta property=\"article:modified_time\" content=\"2025-03-07T13:54:59+00:00\" \/>\n<meta property=\"og:image\" content=\"https:\/\/www.nature-bois-concept.com\/magazine\/wp-content\/uploads\/2016\/06\/terrasse-double-structure.jpg\" \/>\n\t<meta property=\"og:image:width\" content=\"1620\" \/>\n\t<meta property=\"og:image:height\" content=\"668\" \/>\n\t<meta property=\"og:image:type\" content=\"image\/jpeg\" \/>\n<meta name=\"twitter:card\" content=\"summary_large_image\" \/>\n<meta name=\"twitter:site\" content=\"@nbc_bois\" \/>\n<meta name=\"twitter:label1\" content=\"Dur\u00e9e de lecture estim\u00e9e\" \/>\n\t<meta name=\"twitter:data1\" content=\"2 minutes\" \/>\n<script type=\"application\/ld+json\" class=\"yoast-schema-graph\">{\"@context\":\"https:\/\/schema.org\",\"@graph\":[{\"@type\":\"WebPage\",\"@id\":\"https:\/\/www.nature-bois-concept.com\/magazine\/terrasse-bois\/guides\/avant-achat\/fournitures-accessoires\/terrasse-bois-double-structure\/\",\"url\":\"https:\/\/www.nature-bois-concept.com\/magazine\/terrasse-bois\/guides\/avant-achat\/fournitures-accessoires\/terrasse-bois-double-structure\/\",\"name\":\"Pose d'une terrasse bois sur double structure\",\"isPartOf\":{\"@id\":\"https:\/\/www.nature-bois-concept.com\/magazine\/#website\"},\"primaryImageOfPage\":{\"@id\":\"https:\/\/www.nature-bois-concept.com\/magazine\/terrasse-bois\/guides\/avant-achat\/fournitures-accessoires\/terrasse-bois-double-structure\/#primaryimage\"},\"image\":{\"@id\":\"https:\/\/www.nature-bois-concept.com\/magazine\/terrasse-bois\/guides\/avant-achat\/fournitures-accessoires\/terrasse-bois-double-structure\/#primaryimage\"},\"thumbnailUrl\":\"https:\/\/www.nature-bois-concept.com\/magazine\/wp-content\/uploads\/2016\/06\/terrasse-double-structure.jpg\",\"datePublished\":\"2016-06-29T08:50:41+00:00\",\"dateModified\":\"2025-03-07T13:54:59+00:00\",\"description\":\"Vous \u00eates sur un sol instable ou bien vous souhaitez consolider votre structure? Cet article sur la terrasse bois double structure est fait pour vous.\",\"breadcrumb\":{\"@id\":\"https:\/\/www.nature-bois-concept.com\/magazine\/terrasse-bois\/guides\/avant-achat\/fournitures-accessoires\/terrasse-bois-double-structure\/#breadcrumb\"},\"inLanguage\":\"fr-FR\",\"potentialAction\":[{\"@type\":\"ReadAction\",\"target\":[\"https:\/\/www.nature-bois-concept.com\/magazine\/terrasse-bois\/guides\/avant-achat\/fournitures-accessoires\/terrasse-bois-double-structure\/\"]}]},{\"@type\":\"ImageObject\",\"inLanguage\":\"fr-FR\",\"@id\":\"https:\/\/www.nature-bois-concept.com\/magazine\/terrasse-bois\/guides\/avant-achat\/fournitures-accessoires\/terrasse-bois-double-structure\/#primaryimage\",\"url\":\"https:\/\/www.nature-bois-concept.com\/magazine\/wp-content\/uploads\/2016\/06\/terrasse-double-structure.jpg\",\"contentUrl\":\"https:\/\/www.nature-bois-concept.com\/magazine\/wp-content\/uploads\/2016\/06\/terrasse-double-structure.jpg\",\"width\":1620,\"height\":668,\"caption\":\"terrasse double structure en bois\"},{\"@type\":\"BreadcrumbList\",\"@id\":\"https:\/\/www.nature-bois-concept.com\/magazine\/terrasse-bois\/guides\/avant-achat\/fournitures-accessoires\/terrasse-bois-double-structure\/#breadcrumb\",\"itemListElement\":[{\"@type\":\"ListItem\",\"position\":1,\"name\":\"Magazine NBC\",\"item\":\"https:\/\/www.nature-bois-concept.com\/magazine\/\"},{\"@type\":\"ListItem\",\"position\":2,\"name\":\"Terrasse bois\",\"item\":\"https:\/\/www.nature-bois-concept.com\/magazine\/terrasse-bois\/\"},{\"@type\":\"ListItem\",\"position\":3,\"name\":\"Nos guides sur la Terrasse\",\"item\":\"https:\/\/www.nature-bois-concept.com\/magazine\/terrasse-bois\/guides\/\"},{\"@type\":\"ListItem\",\"position\":4,\"name\":\"Tout ce qu&rsquo;il faut savoir avant l&rsquo;achat de sa Terrasse\",\"item\":\"https:\/\/www.nature-bois-concept.com\/magazine\/terrasse-bois\/guides\/avant-achat\/\"},{\"@type\":\"ListItem\",\"position\":5,\"name\":\"Quels fournitures et accessoires pour votre terrasse bois\",\"item\":\"https:\/\/www.nature-bois-concept.com\/magazine\/terrasse-bois\/guides\/avant-achat\/fournitures-accessoires\/\"},{\"@type\":\"ListItem\",\"position\":6,\"name\":\"Pose d&rsquo;une terrasse double structure\"}]},{\"@type\":\"WebSite\",\"@id\":\"https:\/\/www.nature-bois-concept.com\/magazine\/#website\",\"url\":\"https:\/\/www.nature-bois-concept.com\/magazine\/\",\"name\":\"Magazine Nature Bois Concept\",\"description\":\"En association avec Nature Bois Concept\",\"potentialAction\":[{\"@type\":\"SearchAction\",\"target\":{\"@type\":\"EntryPoint\",\"urlTemplate\":\"https:\/\/www.nature-bois-concept.com\/magazine\/?s={search_term_string}\"},\"query-input\":\"required name=search_term_string\"}],\"inLanguage\":\"fr-FR\"}]}<\/script>\n<!-- \/ Yoast SEO plugin. -->","yoast_head_json":{"title":"Pose d'une terrasse bois sur double structure","description":"Vous \u00eates sur un sol instable ou bien vous souhaitez consolider votre structure? Cet article sur la terrasse bois double structure est fait pour vous.","robots":{"index":"index","follow":"follow","max-snippet":"max-snippet:-1","max-image-preview":"max-image-preview:large","max-video-preview":"max-video-preview:-1"},"canonical":"https:\/\/www.nature-bois-concept.com\/magazine\/terrasse-bois\/guides\/avant-achat\/fournitures-accessoires\/terrasse-bois-double-structure\/","og_locale":"fr_FR","og_type":"article","og_title":"Pose d'une terrasse bois sur double structure","og_description":"Vous \u00eates sur un sol instable ou bien vous souhaitez consolider votre structure? Cet article sur la terrasse bois double structure est fait pour vous.","og_url":"https:\/\/www.nature-bois-concept.com\/magazine\/terrasse-bois\/guides\/avant-achat\/fournitures-accessoires\/terrasse-bois-double-structure\/","og_site_name":"Magazine Nature Bois Concept","article_publisher":"https:\/\/www.facebook.com\/Nature-Bois-Concept-1596307970584169\/","article_modified_time":"2025-03-07T13:54:59+00:00","og_image":[{"width":1620,"height":668,"url":"https:\/\/www.nature-bois-concept.com\/magazine\/wp-content\/uploads\/2016\/06\/terrasse-double-structure.jpg","type":"image\/jpeg"}],"twitter_card":"summary_large_image","twitter_site":"@nbc_bois","twitter_misc":{"Dur\u00e9e de lecture estim\u00e9e":"2 minutes"},"schema":{"@context":"https:\/\/schema.org","@graph":[{"@type":"WebPage","@id":"https:\/\/www.nature-bois-concept.com\/magazine\/terrasse-bois\/guides\/avant-achat\/fournitures-accessoires\/terrasse-bois-double-structure\/","url":"https:\/\/www.nature-bois-concept.com\/magazine\/terrasse-bois\/guides\/avant-achat\/fournitures-accessoires\/terrasse-bois-double-structure\/","name":"Pose d'une terrasse bois sur double structure","isPartOf":{"@id":"https:\/\/www.nature-bois-concept.com\/magazine\/#website"},"primaryImageOfPage":{"@id":"https:\/\/www.nature-bois-concept.com\/magazine\/terrasse-bois\/guides\/avant-achat\/fournitures-accessoires\/terrasse-bois-double-structure\/#primaryimage"},"image":{"@id":"https:\/\/www.nature-bois-concept.com\/magazine\/terrasse-bois\/guides\/avant-achat\/fournitures-accessoires\/terrasse-bois-double-structure\/#primaryimage"},"thumbnailUrl":"https:\/\/www.nature-bois-concept.com\/magazine\/wp-content\/uploads\/2016\/06\/terrasse-double-structure.jpg","datePublished":"2016-06-29T08:50:41+00:00","dateModified":"2025-03-07T13:54:59+00:00","description":"Vous \u00eates sur un sol instable ou bien vous souhaitez consolider votre structure? Cet article sur la terrasse bois double structure est fait pour vous.","breadcrumb":{"@id":"https:\/\/www.nature-bois-concept.com\/magazine\/terrasse-bois\/guides\/avant-achat\/fournitures-accessoires\/terrasse-bois-double-structure\/#breadcrumb"},"inLanguage":"fr-FR","potentialAction":[{"@type":"ReadAction","target":["https:\/\/www.nature-bois-concept.com\/magazine\/terrasse-bois\/guides\/avant-achat\/fournitures-accessoires\/terrasse-bois-double-structure\/"]}]},{"@type":"ImageObject","inLanguage":"fr-FR","@id":"https:\/\/www.nature-bois-concept.com\/magazine\/terrasse-bois\/guides\/avant-achat\/fournitures-accessoires\/terrasse-bois-double-structure\/#primaryimage","url":"https:\/\/www.nature-bois-concept.com\/magazine\/wp-content\/uploads\/2016\/06\/terrasse-double-structure.jpg","contentUrl":"https:\/\/www.nature-bois-concept.com\/magazine\/wp-content\/uploads\/2016\/06\/terrasse-double-structure.jpg","width":1620,"height":668,"caption":"terrasse double structure en bois"},{"@type":"BreadcrumbList","@id":"https:\/\/www.nature-bois-concept.com\/magazine\/terrasse-bois\/guides\/avant-achat\/fournitures-accessoires\/terrasse-bois-double-structure\/#breadcrumb","itemListElement":[{"@type":"ListItem","position":1,"name":"Magazine NBC","item":"https:\/\/www.nature-bois-concept.com\/magazine\/"},{"@type":"ListItem","position":2,"name":"Terrasse bois","item":"https:\/\/www.nature-bois-concept.com\/magazine\/terrasse-bois\/"},{"@type":"ListItem","position":3,"name":"Nos guides sur la Terrasse","item":"https:\/\/www.nature-bois-concept.com\/magazine\/terrasse-bois\/guides\/"},{"@type":"ListItem","position":4,"name":"Tout ce qu&rsquo;il faut savoir avant l&rsquo;achat de sa Terrasse","item":"https:\/\/www.nature-bois-concept.com\/magazine\/terrasse-bois\/guides\/avant-achat\/"},{"@type":"ListItem","position":5,"name":"Quels fournitures et accessoires pour votre terrasse bois","item":"https:\/\/www.nature-bois-concept.com\/magazine\/terrasse-bois\/guides\/avant-achat\/fournitures-accessoires\/"},{"@type":"ListItem","position":6,"name":"Pose d&rsquo;une terrasse double structure"}]},{"@type":"WebSite","@id":"https:\/\/www.nature-bois-concept.com\/magazine\/#website","url":"https:\/\/www.nature-bois-concept.com\/magazine\/","name":"Magazine Nature Bois Concept","description":"En association avec Nature Bois Concept","potentialAction":[{"@type":"SearchAction","target":{"@type":"EntryPoint","urlTemplate":"https:\/\/www.nature-bois-concept.com\/magazine\/?s={search_term_string}"},"query-input":"required name=search_term_string"}],"inLanguage":"fr-FR"}]}},"_links":{"self":[{"href":"https:\/\/www.nature-bois-concept.com\/magazine\/wp-json\/wp\/v2\/pages\/676"}],"collection":[{"href":"https:\/\/www.nature-bois-concept.com\/magazine\/wp-json\/wp\/v2\/pages"}],"about":[{"href":"https:\/\/www.nature-bois-concept.com\/magazine\/wp-json\/wp\/v2\/types\/page"}],"author":[{"embeddable":true,"href":"https:\/\/www.nature-bois-concept.com\/magazine\/wp-json\/wp\/v2\/users\/2"}],"replies":[{"embeddable":true,"href":"https:\/\/www.nature-bois-concept.com\/magazine\/wp-json\/wp\/v2\/comments?post=676"}],"version-history":[{"count":13,"href":"https:\/\/www.nature-bois-concept.com\/magazine\/wp-json\/wp\/v2\/pages\/676\/revisions"}],"predecessor-version":[{"id":7718,"href":"https:\/\/www.nature-bois-concept.com\/magazine\/wp-json\/wp\/v2\/pages\/676\/revisions\/7718"}],"up":[{"embeddable":true,"href":"https:\/\/www.nature-bois-concept.com\/magazine\/wp-json\/wp\/v2\/pages\/565"}],"wp:featuredmedia":[{"embeddable":true,"href":"https:\/\/www.nature-bois-concept.com\/magazine\/wp-json\/wp\/v2\/media\/1446"}],"wp:attachment":[{"href":"https:\/\/www.nature-bois-concept.com\/magazine\/wp-json\/wp\/v2\/media?parent=676"}],"curies":[{"name":"wp","href":"https:\/\/api.w.org\/{rel}","templated":true}]}}