{"id":675,"date":"2016-06-29T09:40:55","date_gmt":"2016-06-29T07:40:55","guid":{"rendered":"https:\/\/www.nature-bois-concept.com\/magazine\/?page_id=675"},"modified":"2024-08-07T10:03:08","modified_gmt":"2024-08-07T08:03:08","slug":"fournitures","status":"publish","type":"page","link":"https:\/\/www.nature-bois-concept.com\/magazine\/terrasse-bois\/guides\/avant-achat\/fournitures-accessoires\/fournitures\/","title":{"rendered":"Bien choisir et quantifier ses besoins en fournitures"},"content":{"rendered":"<p style=\"text-align: justify;\">Peur de manquer, de se retrouver avec un surplus de bois ou d\u2019<a href=\"https:\/\/www.nature-bois-concept.com\/magazine\/terrasse-bois\/guides\/avant-achat\/fournitures-accessoires\/\">accessoires <\/a>? Nous allons vous aider \u00e0 quantifier au mieux vos fournitures pour votre projet de terrasse en bois afin d\u2019\u00e9viter les mauvaises surprises \u00e0 l\u2019arriv\u00e9e. C\u2019est le travail de nos experts am\u00e9nagement ext\u00e9rieur, qui r\u00e9pondent \u00e0 vos questions et vous aident \u00e0 quantifier au mieux votre budget par le biais d\u2019un devis guid\u00e9 et complet.<\/p>\n<p style=\"text-align: justify;\">Vous allez devenir un expert terrasse bois, vous qui aimeriez quantifier et r\u00e9aliser votre terrasse bois sans accroc.<\/p>\n<h2>Calculez le nombre de lames pour votre projet de terrasse bois<\/h2>\n<p style=\"text-align: justify;\">Vous souhaitez recouvrir une surface d\u2019environ 50 m\u00e8tres carr\u00e9, seulement quelle quantit\u00e9 de lames de terrasse vous faut-il?<\/p>\n<p style=\"text-align: justify;\">1\u00e8re chose importante \u00e0 d\u00e9terminer : l\u2019espacement entre les lames: entre 4 mm \u00e0 7 mm (selon les essences de bois).<\/p>\n<p style=\"text-align: justify;\">2\u00e8me chose \u00e0 prendre en compte pour vos besoins en lames : la technique de pose que vous d\u00e9ciderez d\u2019opter pour votre terrasse. Car cela impact directement les quantit\u00e9s de chutes et de pertes. L\u2019article \u00ab Quelle technique de pose terrasse bois \u00e0 adopter ? \u00bb est d\u2019ailleurs d\u00e9di\u00e9 aux techniques de poses possibles pour la r\u00e9alisation de votre terrasse bois.<\/p>\n<p><span style=\"text-decoration: underline;\">Quantifier les pertes et chutes<\/span> :<\/p>\n<ul>\n<li>Comptez une perte d\u2019environ 5% pour une terrasse \u00ab simple \u00bb<\/li>\n<li>Comptez une perte d\u2019environ 10% pour une terrasse avec arrondis et angles<\/li>\n<\/ul>\n<h2>Tout d\u2019abord, le support de pose de votre terrasse<\/h2>\n<p><img loading=\"lazy\" decoding=\"async\" class=\"aligncenter size-full wp-image-1442\" src=\"https:\/\/res.cloudinary.com\/nature-bois-concept\/image\/upload\/fl_any_format,q_auto,c_scale,c_limit,w_1200,f_auto\/www.nature-bois-concept.com\/magazine\/wp-content\/uploads\/2016\/06\/choix-calage.jpg\" alt=\"choix-calage\" width=\"600\" height=\"248\" srcset=\"https:\/\/www.nature-bois-concept.com\/magazine\/wp-content\/uploads\/2016\/06\/choix-calage.jpg 600w, https:\/\/www.nature-bois-concept.com\/magazine\/wp-content\/uploads\/2016\/06\/choix-calage-300x124.jpg 300w\" sizes=\"(max-width: 600px) 100vw, 600px\" \/><\/p>\n<p style=\"text-align: justify;\">Pour savoir o\u00f9 l\u2019on va, il est important de savoir d\u2019o\u00f9 l\u2019on part. Le sol support de votre terrasse est donc le point de d\u00e9part, car suivant ce sol support vous allez devoir vous tourner vers une des solutions de calage des lambourdes.<\/p>\n<p style=\"text-align: justify;\">Si vous \u00eates sur un sol stabilis\u00e9 dit \u00ab meuble \u00bb (terre v\u00e9g\u00e9tale, gravier, pierre). Il vous faudra opter pour une solution de plots r\u00e9glables sp\u00e9ciaux terrasse avec un g\u00e9otextile, afin de vous assurer qu\u2019aucune mauvaise herbe ne remonte sur votre terrasse bois. R\u00e9glables en hauteur, ils peuvent aussi \u00eatre utilis\u00e9s sur un support b\u00e9ton dans le cas o\u00f9 une hauteur importante est \u00e0 rattraper.<\/p>\n<p style=\"text-align: justify;\">Si vous profitez d\u2019un support b\u00e9ton, sans hauteur importante \u00e0 rattraper, vous allez devoir vous munir de cales fourchettes ou crant\u00e9es (suivant les diff\u00e9rences de hauteur sur votre dalle).<\/p>\n<p style=\"text-align: justify;\">Elles ont un double int\u00e9r\u00eat, rattraper les imperfections de votre dalle b\u00e9ton et \u00e9viter que la structure de votre terrasse soit en contact avec l\u2019eau. Ce dernier point est important, car la r\u00e9tention d\u2019eau est la cause d\u2019un vieillissement pr\u00e9matur\u00e9 de votre structure bois, de plus il y a des risques que de la moisissure ou bien des insectes viennent prolif\u00e9rer \u00e0 cet endroit.<\/p>\n<p><span style=\"text-decoration: underline;\">Quantitatif<\/span> :<\/p>\n<ul>\n<li>Sol meubles<\/li>\n<\/ul>\n<p>Pour une solution de plots sp\u00e9ciaux terrasse bois avec g\u00e9otextile, comptez 4 plots par m\u00e8tre carr\u00e9.<\/p>\n<ul>\n<li>Sol dur (support b\u00e9ton)<\/li>\n<\/ul>\n<p>Pour une solution de calage, comptez au minimum 8 cales par m\u00e8tre carr\u00e9 et une cheville tous les 50\/80 centim\u00e8tres.<\/p>\n<h2>Le c\u0153ur de la terrasse, la structure<\/h2>\n<p><img loading=\"lazy\" decoding=\"async\" class=\"aligncenter size-full wp-image-1444\" src=\"https:\/\/res.cloudinary.com\/nature-bois-concept\/image\/upload\/fl_any_format,q_auto,c_scale,c_limit,w_1200,f_auto\/www.nature-bois-concept.com\/magazine\/wp-content\/uploads\/2016\/06\/choix-lambourde.jpg\" alt=\"choix-lambourde\" width=\"600\" height=\"248\" srcset=\"https:\/\/www.nature-bois-concept.com\/magazine\/wp-content\/uploads\/2016\/06\/choix-lambourde.jpg 600w, https:\/\/www.nature-bois-concept.com\/magazine\/wp-content\/uploads\/2016\/06\/choix-lambourde-300x124.jpg 300w\" sizes=\"(max-width: 600px) 100vw, 600px\" \/><\/p>\n<p style=\"text-align: justify;\">Pour le choix des lambourdes, nous pr\u00e9conisons l\u2019utilisation de lambourdes en bois exotique de classe 4 lorsque vous optez pour des lames de terrasse en bois exotique.<\/p>\n<p style=\"text-align: justify;\">\u00c0 l\u2019inverse, si vous optez pour des lames de terrasse en bois r\u00e9sineux tel que le le Pin Sylvestre, le M\u00e9l\u00e8ze, le Red Cedar ou encore un Fr\u00eane THT (feuillu).<\/p>\n<p style=\"text-align: justify;\">Votre devis sera r\u00e9alis\u00e9 avec des lambourdes en bois r\u00e9sineux, tel que le Pin Sylvestre trait\u00e9es en autoclave classe 4.<\/p>\n<p style=\"text-align: justify;\"><span style=\"text-decoration: underline;\">Quantitatif<\/span> :<\/p>\n<ul>\n<li style=\"text-align: justify;\">Que vous soyez sur des lambourdes bois exotique classe 4 ou sur des lambourdes bois r\u00e9sineux classe 4, avec un entraxe de 40 centim\u00e8tres environ comptez 2,5 m\u00e8tre lin\u00e9aire par m\u00e8tre carr\u00e9.<\/li>\n<\/ul>\n<h2>Une bonne fixation pour une agr\u00e9able finition<\/h2>\n<p><img loading=\"lazy\" decoding=\"async\" class=\"aligncenter size-full wp-image-1443\" src=\"https:\/\/res.cloudinary.com\/nature-bois-concept\/image\/upload\/fl_any_format,q_auto,c_scale,c_limit,w_1200,f_auto\/www.nature-bois-concept.com\/magazine\/wp-content\/uploads\/2016\/06\/choix-fixation.jpg\" alt=\"choix-fixation\" width=\"600\" height=\"248\" srcset=\"https:\/\/www.nature-bois-concept.com\/magazine\/wp-content\/uploads\/2016\/06\/choix-fixation.jpg 600w, https:\/\/www.nature-bois-concept.com\/magazine\/wp-content\/uploads\/2016\/06\/choix-fixation-300x124.jpg 300w\" sizes=\"(max-width: 600px) 100vw, 600px\" \/><\/p>\n<h3>Comment quantifier ses fixations ?<\/h3>\n<p style=\"text-align: justify;\">Les syst\u00e8mes de fixation de la marque HAPAX sont simples \u00e0 quantifier car ils sont vendus par bo\u00eete d\u2019environ 6m2 (variable selon la section des lames). Lorsque que vous optez pour de la visserie dites \u00ab traditionnelles \u00bb, le nombre de vis d\u00e9pendra de la largeur de vos lames, plus vos lames de terrasse sont larges moins vous aurez de vis \u00e0 mettre.<\/p>\n<p style=\"text-align: justify;\">Pour une largeur de lame dites \u00ab standard \u00bb de 140mm ou 145mm, il vous faut compter environ 35 vis par m\u00e8tre carr\u00e9.<\/p>\n<p style=\"text-align: justify;\">Commercialis\u00e9 par bo\u00eete de 200 vis, n\u2019h\u00e9sitez pas \u00e0 voir plus grand \u2026 on oublie toujours les bandeaux de finitions, les fixations des plots ou autres \u2026<\/p>\n<p><span style=\"text-decoration: underline;\">Quantitatif<\/span> :<\/p>\n<ul>\n<li>Pour une terrasse bois exotique, r\u00e9sineux ou thermochauff\u00e9 : environ 35 vis par m\u00e8tre carr\u00e9<\/li>\n<li>Pour le composite : 22 vis \/m2 avec les clips vendus s\u00e9par\u00e9ment.<\/li>\n<\/ul>\n<h2>Les accessoires de pose<\/h2>\n<p><img loading=\"lazy\" decoding=\"async\" class=\"aligncenter size-full wp-image-1441\" src=\"https:\/\/res.cloudinary.com\/nature-bois-concept\/image\/upload\/fl_any_format,q_auto,c_scale,c_limit,w_1200,f_auto\/www.nature-bois-concept.com\/magazine\/wp-content\/uploads\/2016\/06\/choix-accesoires-de-pose-terrasse-bois.jpg\" alt=\"choix-accesoires-de-pose-terrasse-bois\" width=\"600\" height=\"248\" srcset=\"https:\/\/www.nature-bois-concept.com\/magazine\/wp-content\/uploads\/2016\/06\/choix-accesoires-de-pose-terrasse-bois.jpg 600w, https:\/\/www.nature-bois-concept.com\/magazine\/wp-content\/uploads\/2016\/06\/choix-accesoires-de-pose-terrasse-bois-300x124.jpg 300w\" sizes=\"(max-width: 600px) 100vw, 600px\" \/><\/p>\n<p style=\"text-align: justify;\">Les outils d\u2019aide \u00e0 la pose sont important car ils vont vous faciliter la mise en oeuvre et vous apporter une meilleure finition de votre terrasse bois.<\/p>\n<p style=\"text-align: justify;\">Nature Bois Concept vous propose les espaceurs qui vont \u00e9carter les lames de 4\/5\/6\/7mm lors de la fixation de vos lames, et ce tout au long de votre r\u00e9alisation.<\/p>\n<p style=\"text-align: justify;\">Nous proposons aussi le kit montage terrasse bois, qui comprend des espaceurs, un gabarit de vissage ainsi qu\u2019un serre-lames permettant de plaquer vos lames contre les espaceurs pour une pose droite, rapide et confortable. La finition ne sera que bonifi\u00e9e. \u00c0 noter que si vous d\u00e9cidez d\u2019opter pour des longueurs lames de terrasse entre 4 \u00e0 6 m\u00e8tres le serre-lames devient essentiel \u00e0 la bonne mise en oeuvre de ces lames, surtout si vous \u00eates seul \u00e0 r\u00e9aliser la pose.<\/p>\n<p style=\"text-align: justify;\">Et voil\u00e0 ! Vous disposez de l\u2019ensemble des \u00e9l\u00e9ments pour quantifier au mieux vos besoins en fournitures et accessoires pour r\u00e9aliser comme un pro votre projet de terrasse.<\/p>\n<p style=\"text-align: justify;\">Enfin si vous avez toujours un doute, aidez-vous de notre calculatrice de fourniture en ligne.<\/p>\n","protected":false},"excerpt":{"rendered":"<p>Peur de manquer, de se retrouver avec un surplus de bois ou d\u2019accessoires ? Nous allons vous aider \u00e0 quantifier au mieux vos fournitures pour votre projet de terrasse en bois afin d\u2019\u00e9viter les mauvaises surprises \u00e0 l\u2019arriv\u00e9e. C\u2019est le travail de nos experts am\u00e9nagement ext\u00e9rieur, qui r\u00e9pondent \u00e0 vos questions et vous aident \u00e0 quantifier au mieux votre budget par le biais d\u2019un devis guid\u00e9 et complet. Vous allez&#8230;<\/p>\n","protected":false},"author":2,"featured_media":7442,"parent":565,"menu_order":8,"comment_status":"closed","ping_status":"closed","template":"","meta":{"_acf_changed":false,"footnotes":""},"acf":[],"yoast_head":"<!-- This site is optimized with the Yoast SEO plugin v22.4 - https:\/\/yoast.com\/wordpress\/plugins\/seo\/ -->\n<title>Bien choisir et quantifier ses besoins en fournitures<\/title>\n<meta name=\"description\" content=\"Pour ne pas manquer de fournitures, mieux vaut quantifier avant la r\u00e9alisation. Cet article vous indique tous nos calculs pour votre terrasse bois.\" \/>\n<meta name=\"robots\" content=\"index, follow, max-snippet:-1, max-image-preview:large, max-video-preview:-1\" \/>\n<link rel=\"canonical\" href=\"https:\/\/www.nature-bois-concept.com\/magazine\/terrasse-bois\/guides\/avant-achat\/fournitures-accessoires\/fournitures\/\" \/>\n<meta property=\"og:locale\" content=\"fr_FR\" \/>\n<meta property=\"og:type\" content=\"article\" \/>\n<meta property=\"og:title\" content=\"Bien choisir et quantifier ses besoins en fournitures\" \/>\n<meta property=\"og:description\" content=\"Pour ne pas manquer de fournitures, mieux vaut quantifier avant la r\u00e9alisation. Cet article vous indique tous nos calculs pour votre terrasse bois.\" \/>\n<meta property=\"og:url\" content=\"https:\/\/www.nature-bois-concept.com\/magazine\/terrasse-bois\/guides\/avant-achat\/fournitures-accessoires\/fournitures\/\" \/>\n<meta property=\"og:site_name\" content=\"Magazine Nature Bois Concept\" \/>\n<meta property=\"article:publisher\" content=\"https:\/\/www.facebook.com\/Nature-Bois-Concept-1596307970584169\/\" \/>\n<meta property=\"article:modified_time\" content=\"2024-08-07T08:03:08+00:00\" \/>\n<meta property=\"og:image\" content=\"https:\/\/www.nature-bois-concept.com\/magazine\/wp-content\/uploads\/2024\/08\/couv-fournitures.jpg\" \/>\n\t<meta property=\"og:image:width\" content=\"1900\" \/>\n\t<meta property=\"og:image:height\" content=\"400\" \/>\n\t<meta property=\"og:image:type\" content=\"image\/jpeg\" \/>\n<meta name=\"twitter:card\" content=\"summary_large_image\" \/>\n<meta name=\"twitter:site\" content=\"@nbc_bois\" \/>\n<meta name=\"twitter:label1\" content=\"Dur\u00e9e de lecture estim\u00e9e\" \/>\n\t<meta name=\"twitter:data1\" content=\"6 minutes\" \/>\n<script type=\"application\/ld+json\" class=\"yoast-schema-graph\">{\"@context\":\"https:\/\/schema.org\",\"@graph\":[{\"@type\":\"WebPage\",\"@id\":\"https:\/\/www.nature-bois-concept.com\/magazine\/terrasse-bois\/guides\/avant-achat\/fournitures-accessoires\/fournitures\/\",\"url\":\"https:\/\/www.nature-bois-concept.com\/magazine\/terrasse-bois\/guides\/avant-achat\/fournitures-accessoires\/fournitures\/\",\"name\":\"Bien choisir et quantifier ses besoins en fournitures\",\"isPartOf\":{\"@id\":\"https:\/\/www.nature-bois-concept.com\/magazine\/#website\"},\"primaryImageOfPage\":{\"@id\":\"https:\/\/www.nature-bois-concept.com\/magazine\/terrasse-bois\/guides\/avant-achat\/fournitures-accessoires\/fournitures\/#primaryimage\"},\"image\":{\"@id\":\"https:\/\/www.nature-bois-concept.com\/magazine\/terrasse-bois\/guides\/avant-achat\/fournitures-accessoires\/fournitures\/#primaryimage\"},\"thumbnailUrl\":\"https:\/\/www.nature-bois-concept.com\/magazine\/wp-content\/uploads\/2024\/08\/couv-fournitures.jpg\",\"datePublished\":\"2016-06-29T07:40:55+00:00\",\"dateModified\":\"2024-08-07T08:03:08+00:00\",\"description\":\"Pour ne pas manquer de fournitures, mieux vaut quantifier avant la r\u00e9alisation. Cet article vous indique tous nos calculs pour votre terrasse bois.\",\"breadcrumb\":{\"@id\":\"https:\/\/www.nature-bois-concept.com\/magazine\/terrasse-bois\/guides\/avant-achat\/fournitures-accessoires\/fournitures\/#breadcrumb\"},\"inLanguage\":\"fr-FR\",\"potentialAction\":[{\"@type\":\"ReadAction\",\"target\":[\"https:\/\/www.nature-bois-concept.com\/magazine\/terrasse-bois\/guides\/avant-achat\/fournitures-accessoires\/fournitures\/\"]}]},{\"@type\":\"ImageObject\",\"inLanguage\":\"fr-FR\",\"@id\":\"https:\/\/www.nature-bois-concept.com\/magazine\/terrasse-bois\/guides\/avant-achat\/fournitures-accessoires\/fournitures\/#primaryimage\",\"url\":\"https:\/\/www.nature-bois-concept.com\/magazine\/wp-content\/uploads\/2024\/08\/couv-fournitures.jpg\",\"contentUrl\":\"https:\/\/www.nature-bois-concept.com\/magazine\/wp-content\/uploads\/2024\/08\/couv-fournitures.jpg\",\"width\":1900,\"height\":400,\"caption\":\"Ensemble de fournitures et d'accessoires pour poser une terrasse bois\"},{\"@type\":\"BreadcrumbList\",\"@id\":\"https:\/\/www.nature-bois-concept.com\/magazine\/terrasse-bois\/guides\/avant-achat\/fournitures-accessoires\/fournitures\/#breadcrumb\",\"itemListElement\":[{\"@type\":\"ListItem\",\"position\":1,\"name\":\"Magazine NBC\",\"item\":\"https:\/\/www.nature-bois-concept.com\/magazine\/\"},{\"@type\":\"ListItem\",\"position\":2,\"name\":\"Terrasse bois\",\"item\":\"https:\/\/www.nature-bois-concept.com\/magazine\/terrasse-bois\/\"},{\"@type\":\"ListItem\",\"position\":3,\"name\":\"Nos guides sur la Terrasse\",\"item\":\"https:\/\/www.nature-bois-concept.com\/magazine\/terrasse-bois\/guides\/\"},{\"@type\":\"ListItem\",\"position\":4,\"name\":\"Tout ce qu&rsquo;il faut savoir avant l&rsquo;achat de sa Terrasse\",\"item\":\"https:\/\/www.nature-bois-concept.com\/magazine\/terrasse-bois\/guides\/avant-achat\/\"},{\"@type\":\"ListItem\",\"position\":5,\"name\":\"Quels fournitures et accessoires pour votre terrasse bois\",\"item\":\"https:\/\/www.nature-bois-concept.com\/magazine\/terrasse-bois\/guides\/avant-achat\/fournitures-accessoires\/\"},{\"@type\":\"ListItem\",\"position\":6,\"name\":\"Bien choisir et quantifier ses besoins en fournitures\"}]},{\"@type\":\"WebSite\",\"@id\":\"https:\/\/www.nature-bois-concept.com\/magazine\/#website\",\"url\":\"https:\/\/www.nature-bois-concept.com\/magazine\/\",\"name\":\"Magazine Nature Bois Concept\",\"description\":\"En association avec Nature Bois Concept\",\"potentialAction\":[{\"@type\":\"SearchAction\",\"target\":{\"@type\":\"EntryPoint\",\"urlTemplate\":\"https:\/\/www.nature-bois-concept.com\/magazine\/?s={search_term_string}\"},\"query-input\":\"required name=search_term_string\"}],\"inLanguage\":\"fr-FR\"}]}<\/script>\n<!-- \/ Yoast SEO plugin. -->","yoast_head_json":{"title":"Bien choisir et quantifier ses besoins en fournitures","description":"Pour ne pas manquer de fournitures, mieux vaut quantifier avant la r\u00e9alisation. Cet article vous indique tous nos calculs pour votre terrasse bois.","robots":{"index":"index","follow":"follow","max-snippet":"max-snippet:-1","max-image-preview":"max-image-preview:large","max-video-preview":"max-video-preview:-1"},"canonical":"https:\/\/www.nature-bois-concept.com\/magazine\/terrasse-bois\/guides\/avant-achat\/fournitures-accessoires\/fournitures\/","og_locale":"fr_FR","og_type":"article","og_title":"Bien choisir et quantifier ses besoins en fournitures","og_description":"Pour ne pas manquer de fournitures, mieux vaut quantifier avant la r\u00e9alisation. Cet article vous indique tous nos calculs pour votre terrasse bois.","og_url":"https:\/\/www.nature-bois-concept.com\/magazine\/terrasse-bois\/guides\/avant-achat\/fournitures-accessoires\/fournitures\/","og_site_name":"Magazine Nature Bois Concept","article_publisher":"https:\/\/www.facebook.com\/Nature-Bois-Concept-1596307970584169\/","article_modified_time":"2024-08-07T08:03:08+00:00","og_image":[{"width":1900,"height":400,"url":"https:\/\/www.nature-bois-concept.com\/magazine\/wp-content\/uploads\/2024\/08\/couv-fournitures.jpg","type":"image\/jpeg"}],"twitter_card":"summary_large_image","twitter_site":"@nbc_bois","twitter_misc":{"Dur\u00e9e de lecture estim\u00e9e":"6 minutes"},"schema":{"@context":"https:\/\/schema.org","@graph":[{"@type":"WebPage","@id":"https:\/\/www.nature-bois-concept.com\/magazine\/terrasse-bois\/guides\/avant-achat\/fournitures-accessoires\/fournitures\/","url":"https:\/\/www.nature-bois-concept.com\/magazine\/terrasse-bois\/guides\/avant-achat\/fournitures-accessoires\/fournitures\/","name":"Bien choisir et quantifier ses besoins en fournitures","isPartOf":{"@id":"https:\/\/www.nature-bois-concept.com\/magazine\/#website"},"primaryImageOfPage":{"@id":"https:\/\/www.nature-bois-concept.com\/magazine\/terrasse-bois\/guides\/avant-achat\/fournitures-accessoires\/fournitures\/#primaryimage"},"image":{"@id":"https:\/\/www.nature-bois-concept.com\/magazine\/terrasse-bois\/guides\/avant-achat\/fournitures-accessoires\/fournitures\/#primaryimage"},"thumbnailUrl":"https:\/\/www.nature-bois-concept.com\/magazine\/wp-content\/uploads\/2024\/08\/couv-fournitures.jpg","datePublished":"2016-06-29T07:40:55+00:00","dateModified":"2024-08-07T08:03:08+00:00","description":"Pour ne pas manquer de fournitures, mieux vaut quantifier avant la r\u00e9alisation. Cet article vous indique tous nos calculs pour votre terrasse bois.","breadcrumb":{"@id":"https:\/\/www.nature-bois-concept.com\/magazine\/terrasse-bois\/guides\/avant-achat\/fournitures-accessoires\/fournitures\/#breadcrumb"},"inLanguage":"fr-FR","potentialAction":[{"@type":"ReadAction","target":["https:\/\/www.nature-bois-concept.com\/magazine\/terrasse-bois\/guides\/avant-achat\/fournitures-accessoires\/fournitures\/"]}]},{"@type":"ImageObject","inLanguage":"fr-FR","@id":"https:\/\/www.nature-bois-concept.com\/magazine\/terrasse-bois\/guides\/avant-achat\/fournitures-accessoires\/fournitures\/#primaryimage","url":"https:\/\/www.nature-bois-concept.com\/magazine\/wp-content\/uploads\/2024\/08\/couv-fournitures.jpg","contentUrl":"https:\/\/www.nature-bois-concept.com\/magazine\/wp-content\/uploads\/2024\/08\/couv-fournitures.jpg","width":1900,"height":400,"caption":"Ensemble de fournitures et d'accessoires pour poser une terrasse bois"},{"@type":"BreadcrumbList","@id":"https:\/\/www.nature-bois-concept.com\/magazine\/terrasse-bois\/guides\/avant-achat\/fournitures-accessoires\/fournitures\/#breadcrumb","itemListElement":[{"@type":"ListItem","position":1,"name":"Magazine NBC","item":"https:\/\/www.nature-bois-concept.com\/magazine\/"},{"@type":"ListItem","position":2,"name":"Terrasse bois","item":"https:\/\/www.nature-bois-concept.com\/magazine\/terrasse-bois\/"},{"@type":"ListItem","position":3,"name":"Nos guides sur la Terrasse","item":"https:\/\/www.nature-bois-concept.com\/magazine\/terrasse-bois\/guides\/"},{"@type":"ListItem","position":4,"name":"Tout ce qu&rsquo;il faut savoir avant l&rsquo;achat de sa Terrasse","item":"https:\/\/www.nature-bois-concept.com\/magazine\/terrasse-bois\/guides\/avant-achat\/"},{"@type":"ListItem","position":5,"name":"Quels fournitures et accessoires pour votre terrasse bois","item":"https:\/\/www.nature-bois-concept.com\/magazine\/terrasse-bois\/guides\/avant-achat\/fournitures-accessoires\/"},{"@type":"ListItem","position":6,"name":"Bien choisir et quantifier ses besoins en fournitures"}]},{"@type":"WebSite","@id":"https:\/\/www.nature-bois-concept.com\/magazine\/#website","url":"https:\/\/www.nature-bois-concept.com\/magazine\/","name":"Magazine Nature Bois Concept","description":"En association avec Nature Bois Concept","potentialAction":[{"@type":"SearchAction","target":{"@type":"EntryPoint","urlTemplate":"https:\/\/www.nature-bois-concept.com\/magazine\/?s={search_term_string}"},"query-input":"required name=search_term_string"}],"inLanguage":"fr-FR"}]}},"_links":{"self":[{"href":"https:\/\/www.nature-bois-concept.com\/magazine\/wp-json\/wp\/v2\/pages\/675"}],"collection":[{"href":"https:\/\/www.nature-bois-concept.com\/magazine\/wp-json\/wp\/v2\/pages"}],"about":[{"href":"https:\/\/www.nature-bois-concept.com\/magazine\/wp-json\/wp\/v2\/types\/page"}],"author":[{"embeddable":true,"href":"https:\/\/www.nature-bois-concept.com\/magazine\/wp-json\/wp\/v2\/users\/2"}],"replies":[{"embeddable":true,"href":"https:\/\/www.nature-bois-concept.com\/magazine\/wp-json\/wp\/v2\/comments?post=675"}],"version-history":[{"count":14,"href":"https:\/\/www.nature-bois-concept.com\/magazine\/wp-json\/wp\/v2\/pages\/675\/revisions"}],"predecessor-version":[{"id":7443,"href":"https:\/\/www.nature-bois-concept.com\/magazine\/wp-json\/wp\/v2\/pages\/675\/revisions\/7443"}],"up":[{"embeddable":true,"href":"https:\/\/www.nature-bois-concept.com\/magazine\/wp-json\/wp\/v2\/pages\/565"}],"wp:featuredmedia":[{"embeddable":true,"href":"https:\/\/www.nature-bois-concept.com\/magazine\/wp-json\/wp\/v2\/media\/7442"}],"wp:attachment":[{"href":"https:\/\/www.nature-bois-concept.com\/magazine\/wp-json\/wp\/v2\/media?parent=675"}],"curies":[{"name":"wp","href":"https:\/\/api.w.org\/{rel}","templated":true}]}}