{"id":672,"date":"2016-06-29T10:26:39","date_gmt":"2016-06-29T08:26:39","guid":{"rendered":"https:\/\/www.nature-bois-concept.com\/magazine\/?page_id=672"},"modified":"2025-03-05T09:24:33","modified_gmt":"2025-03-05T08:24:33","slug":"fixation-terrasse-bois-hapax-d-fix","status":"publish","type":"page","link":"https:\/\/www.nature-bois-concept.com\/magazine\/terrasse-bois\/guides\/avant-achat\/fournitures-accessoires\/fixation-terrasse-bois-hapax-d-fix\/","title":{"rendered":"Le nouveau syst\u00e8me de fixation pour terrasse bois Hapax D-FIX"},"content":{"rendered":"<p style=\"text-align: justify;\">Voici d\u00e9j\u00e0 quelques ann\u00e9es que la soci\u00e9t\u00e9 HAPAX innove dans le domaine de la terrasse bois et de l\u2019<a href=\"https:\/\/www.nature-bois-concept.com\/magazine\/terrasse-bois\/guides\/avant-achat\/fournitures-accessoires\/\">accessoire <\/a>pour nous offrir ce syst\u00e8me de fixation pour terrasse bois HAPAX D-FIX et bien d\u2019autres syst\u00e8mes toujours plus innovants. La marque Belge qui fabrique ses produits en France nous fait part de son nouveau d\u00e9veloppement : le syst\u00e8me de fixations avec rupteurs de pont thermique D-FIX.<\/p>\n<p style=\"text-align: justify;\">Con\u00e7u aussi bien pour les terrasses bois exotiques que r\u00e9sineux, ce syst\u00e8me \u00e0 vis apparentes apporte une r\u00e9elle solution aux ponts thermiques qui sont responsables de nombreux d\u00e9sagr\u00e9ments et d\u2019une r\u00e9duction de la long\u00e9vit\u00e9 de votre terrasse.<\/p>\n<p style=\"text-align: justify;\">Ce syst\u00e8me conditionn\u00e9 par coffret de 100 rupteurs avec visserie permet de recouvrir environ 5 m\u00b2 (selon la largeur de vos lames de terrasse), il remplace donc les vis sp\u00e9ciales bois ainsi que la bande bitumineuse, tout \u00e7a en un seul syst\u00e8me rapide \u00e0 mettre en \u0153uvre gr\u00e2ce aux cales d\u2019espacements comprises dans le coffret.<\/p>\n<p style=\"text-align: justify;\"><img loading=\"lazy\" decoding=\"async\" class=\"aligncenter size-full wp-image-1430\" src=\"https:\/\/res.cloudinary.com\/nature-bois-concept\/image\/upload\/fl_any_format,q_auto,c_scale,c_limit,w_1200,f_auto\/www.nature-bois-concept.com\/magazine\/wp-content\/uploads\/2016\/06\/45.jpg\" alt=\"45\" width=\"1200\" height=\"496\" srcset=\"https:\/\/www.nature-bois-concept.com\/magazine\/wp-content\/uploads\/2016\/06\/45.jpg 1200w, https:\/\/www.nature-bois-concept.com\/magazine\/wp-content\/uploads\/2016\/06\/45-300x124.jpg 300w, https:\/\/www.nature-bois-concept.com\/magazine\/wp-content\/uploads\/2016\/06\/45-768x317.jpg 768w, https:\/\/www.nature-bois-concept.com\/magazine\/wp-content\/uploads\/2016\/06\/45-1024x423.jpg 1024w, https:\/\/www.nature-bois-concept.com\/magazine\/wp-content\/uploads\/2016\/06\/45-1060x438.jpg 1060w\" sizes=\"(max-width: 1200px) 100vw, 1200px\" \/><\/p>\n<h2>Pourquoi donc choisir cette solution plut\u00f4t que de la visserie avec une bande bitumineuse ?<\/h2>\n<p>M\u00eame si la bande bitumineuse a beaucoup d\u2019avantages (d\u2019une part pour l\u2019\u00e9tanch\u00e9it\u00e9 entre vos lames et lambourdes, d\u2019autre part parce qu\u2019elle n\u2019augmente pas la hauteur de votre terrasse gr\u00e2ce \u00e0 sa faible \u00e9paisseur), celle-ci se retrouve confront\u00e9e aux probl\u00e8mes de stagnations d\u2019eaux, car m\u00eame si les bois ne sont plus en contact entre eux, cette zone reste un endroit potentiel o\u00f9 peuvent se d\u00e9velopper des champignons qui sont la cause du vieillissement pr\u00e9matur\u00e9 de lames de terrasse bois.<\/p>\n<h2>Les rupteurs de pont thermique sont la solution \u00e0 la p\u00e9rennit\u00e9 de votre terrasse bois.<\/h2>\n<p><img loading=\"lazy\" decoding=\"async\" class=\"aligncenter size-full wp-image-1425\" src=\"https:\/\/res.cloudinary.com\/nature-bois-concept\/image\/upload\/fl_any_format,q_auto,c_scale,c_limit,w_1200,f_auto\/www.nature-bois-concept.com\/magazine\/wp-content\/uploads\/2016\/06\/2-14.jpg\" alt=\"2\" width=\"1200\" height=\"496\" srcset=\"https:\/\/www.nature-bois-concept.com\/magazine\/wp-content\/uploads\/2016\/06\/2-14.jpg 1200w, https:\/\/www.nature-bois-concept.com\/magazine\/wp-content\/uploads\/2016\/06\/2-14-300x124.jpg 300w, https:\/\/www.nature-bois-concept.com\/magazine\/wp-content\/uploads\/2016\/06\/2-14-768x317.jpg 768w, https:\/\/www.nature-bois-concept.com\/magazine\/wp-content\/uploads\/2016\/06\/2-14-1024x423.jpg 1024w, https:\/\/www.nature-bois-concept.com\/magazine\/wp-content\/uploads\/2016\/06\/2-14-1060x438.jpg 1060w\" sizes=\"(max-width: 1200px) 100vw, 1200px\" \/><\/p>\n<p>Fabriqu\u00e9 \u00e0 base de mat\u00e9riaux recycl\u00e9s, ce syst\u00e8me de fixation pour terrasse bois Hapax D-FIX va emp\u00eacher cette stagnation qui pourrait alt\u00e9rer le vieillissement de votre terrasse. De plus elle va permettre une r\u00e9elle ventilation entre vos lames et vos lambourdes, et pour finir elle procurera un confort suppl\u00e9mentaire gr\u00e2ce \u00e0 ses propri\u00e9t\u00e9s amortissantes. Un ressenti de marche comme sur une pelouse.<\/p>\n<p>Choisissez-les pour votre projet de terrasse bois dans le <a href=\"https:\/\/www.nature-bois-concept.com\/fr\/terrasse-bois\/devis\/mon-projet\/\" target=\"_blank\" rel=\"noopener noreferrer\">devis en ligne<\/a> ou bien sur la <a href=\"https:\/\/www.nature-bois-concept.com\/boutique\/\" target=\"_blank\" rel=\"noopener noreferrer\">boutique<\/a> dans la rubrique <a href=\"https:\/\/www.nature-bois-concept.com\/boutique\/terrasse-bois\/accessoire\/fixation\/invisible\/\" target=\"_blank\" rel=\"noopener\">fixation invisible.<\/a><\/p>\n<p>&nbsp;<\/p>\n<p><em>@Cr\u00e9dits photos HAPAX Decking\u00ae<\/em><\/p>\n","protected":false},"excerpt":{"rendered":"<p>Voici d\u00e9j\u00e0 quelques ann\u00e9es que la soci\u00e9t\u00e9 HAPAX innove dans le domaine de la terrasse bois et de l\u2019accessoire pour nous offrir ce syst\u00e8me de fixation pour terrasse bois HAPAX D-FIX et bien d\u2019autres syst\u00e8mes toujours plus innovants. La marque Belge qui fabrique ses produits en France nous fait part de son nouveau d\u00e9veloppement : le syst\u00e8me de fixations avec rupteurs de pont thermique D-FIX. Con\u00e7u aussi bien pour les&#8230;<\/p>\n","protected":false},"author":2,"featured_media":1405,"parent":565,"menu_order":5,"comment_status":"closed","ping_status":"closed","template":"","meta":{"_acf_changed":false,"footnotes":""},"acf":[],"yoast_head":"<!-- This site is optimized with the Yoast SEO plugin v22.4 - https:\/\/yoast.com\/wordpress\/plugins\/seo\/ -->\n<title>Syst\u00e8me de fixation pour terrasse bois Hapax D-FIX<\/title>\n<meta name=\"description\" content=\"Vous souhaitez une terrasse bois durable? Optez pour la derni\u00e8re innovation, le syst\u00e8me de fixation pour terrasse bois Hapax D-FIX.\" \/>\n<meta name=\"robots\" content=\"index, follow, max-snippet:-1, max-image-preview:large, max-video-preview:-1\" \/>\n<link rel=\"canonical\" href=\"https:\/\/www.nature-bois-concept.com\/magazine\/terrasse-bois\/guides\/avant-achat\/fournitures-accessoires\/fixation-terrasse-bois-hapax-d-fix\/\" \/>\n<meta property=\"og:locale\" content=\"fr_FR\" \/>\n<meta property=\"og:type\" content=\"article\" \/>\n<meta property=\"og:title\" content=\"Syst\u00e8me de fixation pour terrasse bois Hapax D-FIX\" \/>\n<meta property=\"og:description\" content=\"Vous souhaitez une terrasse bois durable? Optez pour la derni\u00e8re innovation, le syst\u00e8me de fixation pour terrasse bois Hapax D-FIX.\" \/>\n<meta property=\"og:url\" content=\"https:\/\/www.nature-bois-concept.com\/magazine\/terrasse-bois\/guides\/avant-achat\/fournitures-accessoires\/fixation-terrasse-bois-hapax-d-fix\/\" \/>\n<meta property=\"og:site_name\" content=\"Magazine Nature Bois Concept\" \/>\n<meta property=\"article:publisher\" content=\"https:\/\/www.facebook.com\/Nature-Bois-Concept-1596307970584169\/\" \/>\n<meta property=\"article:modified_time\" content=\"2025-03-05T08:24:33+00:00\" \/>\n<meta property=\"og:image\" content=\"https:\/\/www.nature-bois-concept.com\/magazine\/wp-content\/uploads\/2016\/06\/image-article-12.jpg\" \/>\n\t<meta property=\"og:image:width\" content=\"1200\" \/>\n\t<meta property=\"og:image:height\" content=\"496\" \/>\n\t<meta property=\"og:image:type\" content=\"image\/jpeg\" \/>\n<meta name=\"twitter:card\" content=\"summary_large_image\" \/>\n<meta name=\"twitter:site\" content=\"@nbc_bois\" \/>\n<meta name=\"twitter:label1\" content=\"Dur\u00e9e de lecture estim\u00e9e\" \/>\n\t<meta name=\"twitter:data1\" content=\"3 minutes\" \/>\n<script type=\"application\/ld+json\" class=\"yoast-schema-graph\">{\"@context\":\"https:\/\/schema.org\",\"@graph\":[{\"@type\":\"WebPage\",\"@id\":\"https:\/\/www.nature-bois-concept.com\/magazine\/terrasse-bois\/guides\/avant-achat\/fournitures-accessoires\/fixation-terrasse-bois-hapax-d-fix\/\",\"url\":\"https:\/\/www.nature-bois-concept.com\/magazine\/terrasse-bois\/guides\/avant-achat\/fournitures-accessoires\/fixation-terrasse-bois-hapax-d-fix\/\",\"name\":\"Syst\u00e8me de fixation pour terrasse bois Hapax D-FIX\",\"isPartOf\":{\"@id\":\"https:\/\/www.nature-bois-concept.com\/magazine\/#website\"},\"primaryImageOfPage\":{\"@id\":\"https:\/\/www.nature-bois-concept.com\/magazine\/terrasse-bois\/guides\/avant-achat\/fournitures-accessoires\/fixation-terrasse-bois-hapax-d-fix\/#primaryimage\"},\"image\":{\"@id\":\"https:\/\/www.nature-bois-concept.com\/magazine\/terrasse-bois\/guides\/avant-achat\/fournitures-accessoires\/fixation-terrasse-bois-hapax-d-fix\/#primaryimage\"},\"thumbnailUrl\":\"https:\/\/www.nature-bois-concept.com\/magazine\/wp-content\/uploads\/2016\/06\/image-article-12.jpg\",\"datePublished\":\"2016-06-29T08:26:39+00:00\",\"dateModified\":\"2025-03-05T08:24:33+00:00\",\"description\":\"Vous souhaitez une terrasse bois durable? Optez pour la derni\u00e8re innovation, le syst\u00e8me de fixation pour terrasse bois Hapax D-FIX.\",\"breadcrumb\":{\"@id\":\"https:\/\/www.nature-bois-concept.com\/magazine\/terrasse-bois\/guides\/avant-achat\/fournitures-accessoires\/fixation-terrasse-bois-hapax-d-fix\/#breadcrumb\"},\"inLanguage\":\"fr-FR\",\"potentialAction\":[{\"@type\":\"ReadAction\",\"target\":[\"https:\/\/www.nature-bois-concept.com\/magazine\/terrasse-bois\/guides\/avant-achat\/fournitures-accessoires\/fixation-terrasse-bois-hapax-d-fix\/\"]}]},{\"@type\":\"ImageObject\",\"inLanguage\":\"fr-FR\",\"@id\":\"https:\/\/www.nature-bois-concept.com\/magazine\/terrasse-bois\/guides\/avant-achat\/fournitures-accessoires\/fixation-terrasse-bois-hapax-d-fix\/#primaryimage\",\"url\":\"https:\/\/www.nature-bois-concept.com\/magazine\/wp-content\/uploads\/2016\/06\/image-article-12.jpg\",\"contentUrl\":\"https:\/\/www.nature-bois-concept.com\/magazine\/wp-content\/uploads\/2016\/06\/image-article-12.jpg\",\"width\":1200,\"height\":496,\"caption\":\"fixation invisible hapax fixing pro\"},{\"@type\":\"BreadcrumbList\",\"@id\":\"https:\/\/www.nature-bois-concept.com\/magazine\/terrasse-bois\/guides\/avant-achat\/fournitures-accessoires\/fixation-terrasse-bois-hapax-d-fix\/#breadcrumb\",\"itemListElement\":[{\"@type\":\"ListItem\",\"position\":1,\"name\":\"Magazine NBC\",\"item\":\"https:\/\/www.nature-bois-concept.com\/magazine\/\"},{\"@type\":\"ListItem\",\"position\":2,\"name\":\"Terrasse bois\",\"item\":\"https:\/\/www.nature-bois-concept.com\/magazine\/terrasse-bois\/\"},{\"@type\":\"ListItem\",\"position\":3,\"name\":\"Nos guides sur la Terrasse\",\"item\":\"https:\/\/www.nature-bois-concept.com\/magazine\/terrasse-bois\/guides\/\"},{\"@type\":\"ListItem\",\"position\":4,\"name\":\"Tout ce qu&rsquo;il faut savoir avant l&rsquo;achat de sa Terrasse\",\"item\":\"https:\/\/www.nature-bois-concept.com\/magazine\/terrasse-bois\/guides\/avant-achat\/\"},{\"@type\":\"ListItem\",\"position\":5,\"name\":\"Quels fournitures et accessoires pour votre terrasse bois\",\"item\":\"https:\/\/www.nature-bois-concept.com\/magazine\/terrasse-bois\/guides\/avant-achat\/fournitures-accessoires\/\"},{\"@type\":\"ListItem\",\"position\":6,\"name\":\"Le nouveau syst\u00e8me de fixation pour terrasse bois Hapax D-FIX\"}]},{\"@type\":\"WebSite\",\"@id\":\"https:\/\/www.nature-bois-concept.com\/magazine\/#website\",\"url\":\"https:\/\/www.nature-bois-concept.com\/magazine\/\",\"name\":\"Magazine Nature Bois Concept\",\"description\":\"En association avec Nature Bois Concept\",\"potentialAction\":[{\"@type\":\"SearchAction\",\"target\":{\"@type\":\"EntryPoint\",\"urlTemplate\":\"https:\/\/www.nature-bois-concept.com\/magazine\/?s={search_term_string}\"},\"query-input\":\"required name=search_term_string\"}],\"inLanguage\":\"fr-FR\"}]}<\/script>\n<!-- \/ Yoast SEO plugin. -->","yoast_head_json":{"title":"Syst\u00e8me de fixation pour terrasse bois Hapax D-FIX","description":"Vous souhaitez une terrasse bois durable? Optez pour la derni\u00e8re innovation, le syst\u00e8me de fixation pour terrasse bois Hapax D-FIX.","robots":{"index":"index","follow":"follow","max-snippet":"max-snippet:-1","max-image-preview":"max-image-preview:large","max-video-preview":"max-video-preview:-1"},"canonical":"https:\/\/www.nature-bois-concept.com\/magazine\/terrasse-bois\/guides\/avant-achat\/fournitures-accessoires\/fixation-terrasse-bois-hapax-d-fix\/","og_locale":"fr_FR","og_type":"article","og_title":"Syst\u00e8me de fixation pour terrasse bois Hapax D-FIX","og_description":"Vous souhaitez une terrasse bois durable? Optez pour la derni\u00e8re innovation, le syst\u00e8me de fixation pour terrasse bois Hapax D-FIX.","og_url":"https:\/\/www.nature-bois-concept.com\/magazine\/terrasse-bois\/guides\/avant-achat\/fournitures-accessoires\/fixation-terrasse-bois-hapax-d-fix\/","og_site_name":"Magazine Nature Bois Concept","article_publisher":"https:\/\/www.facebook.com\/Nature-Bois-Concept-1596307970584169\/","article_modified_time":"2025-03-05T08:24:33+00:00","og_image":[{"width":1200,"height":496,"url":"https:\/\/www.nature-bois-concept.com\/magazine\/wp-content\/uploads\/2016\/06\/image-article-12.jpg","type":"image\/jpeg"}],"twitter_card":"summary_large_image","twitter_site":"@nbc_bois","twitter_misc":{"Dur\u00e9e de lecture estim\u00e9e":"3 minutes"},"schema":{"@context":"https:\/\/schema.org","@graph":[{"@type":"WebPage","@id":"https:\/\/www.nature-bois-concept.com\/magazine\/terrasse-bois\/guides\/avant-achat\/fournitures-accessoires\/fixation-terrasse-bois-hapax-d-fix\/","url":"https:\/\/www.nature-bois-concept.com\/magazine\/terrasse-bois\/guides\/avant-achat\/fournitures-accessoires\/fixation-terrasse-bois-hapax-d-fix\/","name":"Syst\u00e8me de fixation pour terrasse bois Hapax D-FIX","isPartOf":{"@id":"https:\/\/www.nature-bois-concept.com\/magazine\/#website"},"primaryImageOfPage":{"@id":"https:\/\/www.nature-bois-concept.com\/magazine\/terrasse-bois\/guides\/avant-achat\/fournitures-accessoires\/fixation-terrasse-bois-hapax-d-fix\/#primaryimage"},"image":{"@id":"https:\/\/www.nature-bois-concept.com\/magazine\/terrasse-bois\/guides\/avant-achat\/fournitures-accessoires\/fixation-terrasse-bois-hapax-d-fix\/#primaryimage"},"thumbnailUrl":"https:\/\/www.nature-bois-concept.com\/magazine\/wp-content\/uploads\/2016\/06\/image-article-12.jpg","datePublished":"2016-06-29T08:26:39+00:00","dateModified":"2025-03-05T08:24:33+00:00","description":"Vous souhaitez une terrasse bois durable? Optez pour la derni\u00e8re innovation, le syst\u00e8me de fixation pour terrasse bois Hapax D-FIX.","breadcrumb":{"@id":"https:\/\/www.nature-bois-concept.com\/magazine\/terrasse-bois\/guides\/avant-achat\/fournitures-accessoires\/fixation-terrasse-bois-hapax-d-fix\/#breadcrumb"},"inLanguage":"fr-FR","potentialAction":[{"@type":"ReadAction","target":["https:\/\/www.nature-bois-concept.com\/magazine\/terrasse-bois\/guides\/avant-achat\/fournitures-accessoires\/fixation-terrasse-bois-hapax-d-fix\/"]}]},{"@type":"ImageObject","inLanguage":"fr-FR","@id":"https:\/\/www.nature-bois-concept.com\/magazine\/terrasse-bois\/guides\/avant-achat\/fournitures-accessoires\/fixation-terrasse-bois-hapax-d-fix\/#primaryimage","url":"https:\/\/www.nature-bois-concept.com\/magazine\/wp-content\/uploads\/2016\/06\/image-article-12.jpg","contentUrl":"https:\/\/www.nature-bois-concept.com\/magazine\/wp-content\/uploads\/2016\/06\/image-article-12.jpg","width":1200,"height":496,"caption":"fixation invisible hapax fixing pro"},{"@type":"BreadcrumbList","@id":"https:\/\/www.nature-bois-concept.com\/magazine\/terrasse-bois\/guides\/avant-achat\/fournitures-accessoires\/fixation-terrasse-bois-hapax-d-fix\/#breadcrumb","itemListElement":[{"@type":"ListItem","position":1,"name":"Magazine NBC","item":"https:\/\/www.nature-bois-concept.com\/magazine\/"},{"@type":"ListItem","position":2,"name":"Terrasse bois","item":"https:\/\/www.nature-bois-concept.com\/magazine\/terrasse-bois\/"},{"@type":"ListItem","position":3,"name":"Nos guides sur la Terrasse","item":"https:\/\/www.nature-bois-concept.com\/magazine\/terrasse-bois\/guides\/"},{"@type":"ListItem","position":4,"name":"Tout ce qu&rsquo;il faut savoir avant l&rsquo;achat de sa Terrasse","item":"https:\/\/www.nature-bois-concept.com\/magazine\/terrasse-bois\/guides\/avant-achat\/"},{"@type":"ListItem","position":5,"name":"Quels fournitures et accessoires pour votre terrasse bois","item":"https:\/\/www.nature-bois-concept.com\/magazine\/terrasse-bois\/guides\/avant-achat\/fournitures-accessoires\/"},{"@type":"ListItem","position":6,"name":"Le nouveau syst\u00e8me de fixation pour terrasse bois Hapax D-FIX"}]},{"@type":"WebSite","@id":"https:\/\/www.nature-bois-concept.com\/magazine\/#website","url":"https:\/\/www.nature-bois-concept.com\/magazine\/","name":"Magazine Nature Bois Concept","description":"En association avec Nature Bois Concept","potentialAction":[{"@type":"SearchAction","target":{"@type":"EntryPoint","urlTemplate":"https:\/\/www.nature-bois-concept.com\/magazine\/?s={search_term_string}"},"query-input":"required name=search_term_string"}],"inLanguage":"fr-FR"}]}},"_links":{"self":[{"href":"https:\/\/www.nature-bois-concept.com\/magazine\/wp-json\/wp\/v2\/pages\/672"}],"collection":[{"href":"https:\/\/www.nature-bois-concept.com\/magazine\/wp-json\/wp\/v2\/pages"}],"about":[{"href":"https:\/\/www.nature-bois-concept.com\/magazine\/wp-json\/wp\/v2\/types\/page"}],"author":[{"embeddable":true,"href":"https:\/\/www.nature-bois-concept.com\/magazine\/wp-json\/wp\/v2\/users\/2"}],"replies":[{"embeddable":true,"href":"https:\/\/www.nature-bois-concept.com\/magazine\/wp-json\/wp\/v2\/comments?post=672"}],"version-history":[{"count":16,"href":"https:\/\/www.nature-bois-concept.com\/magazine\/wp-json\/wp\/v2\/pages\/672\/revisions"}],"predecessor-version":[{"id":7684,"href":"https:\/\/www.nature-bois-concept.com\/magazine\/wp-json\/wp\/v2\/pages\/672\/revisions\/7684"}],"up":[{"embeddable":true,"href":"https:\/\/www.nature-bois-concept.com\/magazine\/wp-json\/wp\/v2\/pages\/565"}],"wp:featuredmedia":[{"embeddable":true,"href":"https:\/\/www.nature-bois-concept.com\/magazine\/wp-json\/wp\/v2\/media\/1405"}],"wp:attachment":[{"href":"https:\/\/www.nature-bois-concept.com\/magazine\/wp-json\/wp\/v2\/media?parent=672"}],"curies":[{"name":"wp","href":"https:\/\/api.w.org\/{rel}","templated":true}]}}