{"id":669,"date":"2016-06-29T11:24:04","date_gmt":"2016-06-29T09:24:04","guid":{"rendered":"https:\/\/www.nature-bois-concept.com\/magazine\/?page_id=669"},"modified":"2024-05-28T14:55:35","modified_gmt":"2024-05-28T12:55:35","slug":"bande-bitumineuse","status":"publish","type":"page","link":"https:\/\/www.nature-bois-concept.com\/magazine\/terrasse-bois\/guides\/avant-achat\/fournitures-accessoires\/bande-bitumineuse\/","title":{"rendered":"Bande bitumineuse, une protection suppl\u00e9mentaire pour votre terrasse"},"content":{"rendered":"<p>Avoir le bon mat\u00e9riel pour la pose, c\u2019est indispensable pour une terrasse r\u00e9ussie. <a href=\"https:\/\/www.nature-bois-concept.com\/magazine\/terrasse-bois\/guides\/avant-achat\/fournitures-accessoires\/\">Avoir les bonnes fournitures<\/a> c\u2019est vous assurer de la durabilit\u00e9 de votre terrasse. Gr\u00e2ce \u00e0 la bande bitumineuse, vous avez tout \u00e0 gagner pour le confort de votre terrasse.<\/p>\n<h2>La bande bitumineuse ? \u00c0 quoi sert-elle ?<\/h2>\n<p>On a tout \u00e0 gagner \u00e0 utiliser une bande bitumineuse entre les lambourdes et le platelage de la terrasse. Elle assure une protection aux lambourdes contre l\u2019humidit\u00e9, elle garantit une r\u00e9duction des r\u00e9sonances sonores et poss\u00e8de \u00e9galement des propri\u00e9t\u00e9s amortissantes rendant le pas plus souple sur la terrasse.<\/p>\n<h3>La bande bitumineuse, rupteur de pont thermique<\/h3>\n<p>La bande bitumineuse permet d\u2019isoler les lames de terrasse de la lambourde sur laquelle elles sont pos\u00e9es. Ainsi, on cr\u00e9e une rupture de pont thermique, qui peut \u00eatre responsable de nombreux probl\u00e8mes sur une terrasse : condensation, variation dimensionnelle des lames, pourrissement et vieillissement pr\u00e9matur\u00e9 du bois. Le contact de bois contre bois, et l\u2019absence de circulation d\u2019air, sont \u00e0 l\u2019origine du pont thermique. L\u2019utilisation d\u2019une bande bitumineuse \u00e9limine ce d\u00e9sagr\u00e9ment.<\/p>\n<p><img loading=\"lazy\" decoding=\"async\" class=\"aligncenter size-full wp-image-1409\" src=\"https:\/\/res.cloudinary.com\/nature-bois-concept\/image\/upload\/fl_any_format,q_auto,c_scale,c_limit,w_1200,f_auto\/www.nature-bois-concept.com\/magazine\/wp-content\/uploads\/2016\/06\/image-article2-2.jpg\" alt=\"image-article2\" width=\"1200\" height=\"496\" srcset=\"https:\/\/www.nature-bois-concept.com\/magazine\/wp-content\/uploads\/2016\/06\/image-article2-2.jpg 1200w, https:\/\/www.nature-bois-concept.com\/magazine\/wp-content\/uploads\/2016\/06\/image-article2-2-300x124.jpg 300w, https:\/\/www.nature-bois-concept.com\/magazine\/wp-content\/uploads\/2016\/06\/image-article2-2-768x317.jpg 768w, https:\/\/www.nature-bois-concept.com\/magazine\/wp-content\/uploads\/2016\/06\/image-article2-2-1024x423.jpg 1024w, https:\/\/www.nature-bois-concept.com\/magazine\/wp-content\/uploads\/2016\/06\/image-article2-2-1060x438.jpg 1060w\" sizes=\"(max-width: 1200px) 100vw, 1200px\" \/><\/p>\n<h2>La bande bitumineuse, facile \u00e0 installer<\/h2>\n<p>Tr\u00e8s facile \u00e0 installer, la bande bitumineuse est autocollante. Le support doit \u00eatre d\u00e9poussi\u00e9r\u00e9 et d\u00e9graiss\u00e9. On coupe la longueur d\u00e9sir\u00e9e et on commence \u00e0 l\u2019appliquer en bout de lambourde. L\u2019astuce, pour une pose id\u00e9ale, c\u2019est d\u2019utiliser un rouleau \u00e0 maroufler au fur et \u00e0 mesure de la pose, afin de chasser les bulles d\u2019air et ainsi rendre parfaitement adh\u00e9rente la bande \u00e0 la lambourde.<\/p>\n<p>La bande bitumineuse, accessoire de pose indispensable pour le confort et la dur\u00e9e de vie de votre terrasse est \u00e0 retrouver sur notre <a href=\"http:\/\/boutique.nature-bois-concept.com\/catalogue\/item\/1804618\/bande-bitimuneuse-spax\" target=\"_blank\" rel=\"noopener noreferrer\">boutique en ligne<\/a>.<\/p>\n","protected":false},"excerpt":{"rendered":"<p>Avoir le bon mat\u00e9riel pour la pose, c\u2019est indispensable pour une terrasse r\u00e9ussie. Avoir les bonnes fournitures c\u2019est vous assurer de la durabilit\u00e9 de votre terrasse. Gr\u00e2ce \u00e0 la bande bitumineuse, vous avez tout \u00e0 gagner pour le confort de votre terrasse. La bande bitumineuse ? \u00c0 quoi sert-elle ? On a tout \u00e0 gagner \u00e0 utiliser une bande bitumineuse entre les lambourdes et le platelage de la terrasse. Elle&#8230;<\/p>\n","protected":false},"author":2,"featured_media":7172,"parent":565,"menu_order":2,"comment_status":"closed","ping_status":"closed","template":"","meta":{"_acf_changed":false,"footnotes":""},"acf":[],"yoast_head":"<!-- This site is optimized with the Yoast SEO plugin v22.4 - https:\/\/yoast.com\/wordpress\/plugins\/seo\/ -->\n<title>Bande bitumineuse, la protection contre l&#039;humidit\u00e9 pour terrasse<\/title>\n<meta name=\"description\" content=\"Vous vous demandez l&#039;utilit\u00e9 de la bande bitumineuse pour la r\u00e9alisation de votre terrasse bois? Nature Bois Concept vous explique tout.\" \/>\n<meta name=\"robots\" content=\"index, follow, max-snippet:-1, max-image-preview:large, max-video-preview:-1\" \/>\n<link rel=\"canonical\" href=\"https:\/\/www.nature-bois-concept.com\/magazine\/terrasse-bois\/guides\/avant-achat\/fournitures-accessoires\/bande-bitumineuse\/\" \/>\n<meta property=\"og:locale\" content=\"fr_FR\" \/>\n<meta property=\"og:type\" content=\"article\" \/>\n<meta property=\"og:title\" content=\"Bande bitumineuse, la protection contre l&#039;humidit\u00e9 pour terrasse\" \/>\n<meta property=\"og:description\" content=\"Vous vous demandez l&#039;utilit\u00e9 de la bande bitumineuse pour la r\u00e9alisation de votre terrasse bois? Nature Bois Concept vous explique tout.\" \/>\n<meta property=\"og:url\" content=\"https:\/\/www.nature-bois-concept.com\/magazine\/terrasse-bois\/guides\/avant-achat\/fournitures-accessoires\/bande-bitumineuse\/\" \/>\n<meta property=\"og:site_name\" content=\"Magazine Nature Bois Concept\" \/>\n<meta property=\"article:publisher\" content=\"https:\/\/www.facebook.com\/Nature-Bois-Concept-1596307970584169\/\" \/>\n<meta property=\"article:modified_time\" content=\"2024-05-28T12:55:35+00:00\" \/>\n<meta property=\"og:image\" content=\"https:\/\/www.nature-bois-concept.com\/magazine\/wp-content\/uploads\/2024\/05\/bande-bitumineuseMAG.jpg\" \/>\n\t<meta property=\"og:image:width\" content=\"1900\" \/>\n\t<meta property=\"og:image:height\" content=\"400\" \/>\n\t<meta property=\"og:image:type\" content=\"image\/jpeg\" \/>\n<meta name=\"twitter:card\" content=\"summary_large_image\" \/>\n<meta name=\"twitter:site\" content=\"@nbc_bois\" \/>\n<meta name=\"twitter:label1\" content=\"Dur\u00e9e de lecture estim\u00e9e\" \/>\n\t<meta name=\"twitter:data1\" content=\"2 minutes\" \/>\n<script type=\"application\/ld+json\" class=\"yoast-schema-graph\">{\"@context\":\"https:\/\/schema.org\",\"@graph\":[{\"@type\":\"WebPage\",\"@id\":\"https:\/\/www.nature-bois-concept.com\/magazine\/terrasse-bois\/guides\/avant-achat\/fournitures-accessoires\/bande-bitumineuse\/\",\"url\":\"https:\/\/www.nature-bois-concept.com\/magazine\/terrasse-bois\/guides\/avant-achat\/fournitures-accessoires\/bande-bitumineuse\/\",\"name\":\"Bande bitumineuse, la protection contre l'humidit\u00e9 pour terrasse\",\"isPartOf\":{\"@id\":\"https:\/\/www.nature-bois-concept.com\/magazine\/#website\"},\"primaryImageOfPage\":{\"@id\":\"https:\/\/www.nature-bois-concept.com\/magazine\/terrasse-bois\/guides\/avant-achat\/fournitures-accessoires\/bande-bitumineuse\/#primaryimage\"},\"image\":{\"@id\":\"https:\/\/www.nature-bois-concept.com\/magazine\/terrasse-bois\/guides\/avant-achat\/fournitures-accessoires\/bande-bitumineuse\/#primaryimage\"},\"thumbnailUrl\":\"https:\/\/www.nature-bois-concept.com\/magazine\/wp-content\/uploads\/2024\/05\/bande-bitumineuseMAG.jpg\",\"datePublished\":\"2016-06-29T09:24:04+00:00\",\"dateModified\":\"2024-05-28T12:55:35+00:00\",\"description\":\"Vous vous demandez l'utilit\u00e9 de la bande bitumineuse pour la r\u00e9alisation de votre terrasse bois? Nature Bois Concept vous explique tout.\",\"breadcrumb\":{\"@id\":\"https:\/\/www.nature-bois-concept.com\/magazine\/terrasse-bois\/guides\/avant-achat\/fournitures-accessoires\/bande-bitumineuse\/#breadcrumb\"},\"inLanguage\":\"fr-FR\",\"potentialAction\":[{\"@type\":\"ReadAction\",\"target\":[\"https:\/\/www.nature-bois-concept.com\/magazine\/terrasse-bois\/guides\/avant-achat\/fournitures-accessoires\/bande-bitumineuse\/\"]}]},{\"@type\":\"ImageObject\",\"inLanguage\":\"fr-FR\",\"@id\":\"https:\/\/www.nature-bois-concept.com\/magazine\/terrasse-bois\/guides\/avant-achat\/fournitures-accessoires\/bande-bitumineuse\/#primaryimage\",\"url\":\"https:\/\/www.nature-bois-concept.com\/magazine\/wp-content\/uploads\/2024\/05\/bande-bitumineuseMAG.jpg\",\"contentUrl\":\"https:\/\/www.nature-bois-concept.com\/magazine\/wp-content\/uploads\/2024\/05\/bande-bitumineuseMAG.jpg\",\"width\":1900,\"height\":400,\"caption\":\"Bande bitumineuse Spax sur terrasse bois\"},{\"@type\":\"BreadcrumbList\",\"@id\":\"https:\/\/www.nature-bois-concept.com\/magazine\/terrasse-bois\/guides\/avant-achat\/fournitures-accessoires\/bande-bitumineuse\/#breadcrumb\",\"itemListElement\":[{\"@type\":\"ListItem\",\"position\":1,\"name\":\"Magazine NBC\",\"item\":\"https:\/\/www.nature-bois-concept.com\/magazine\/\"},{\"@type\":\"ListItem\",\"position\":2,\"name\":\"Terrasse bois\",\"item\":\"https:\/\/www.nature-bois-concept.com\/magazine\/terrasse-bois\/\"},{\"@type\":\"ListItem\",\"position\":3,\"name\":\"Nos guides sur la Terrasse\",\"item\":\"https:\/\/www.nature-bois-concept.com\/magazine\/terrasse-bois\/guides\/\"},{\"@type\":\"ListItem\",\"position\":4,\"name\":\"Tout ce qu&rsquo;il faut savoir avant l&rsquo;achat de sa Terrasse\",\"item\":\"https:\/\/www.nature-bois-concept.com\/magazine\/terrasse-bois\/guides\/avant-achat\/\"},{\"@type\":\"ListItem\",\"position\":5,\"name\":\"Quels fournitures et accessoires pour votre terrasse bois\",\"item\":\"https:\/\/www.nature-bois-concept.com\/magazine\/terrasse-bois\/guides\/avant-achat\/fournitures-accessoires\/\"},{\"@type\":\"ListItem\",\"position\":6,\"name\":\"Bande bitumineuse, une protection suppl\u00e9mentaire pour votre terrasse\"}]},{\"@type\":\"WebSite\",\"@id\":\"https:\/\/www.nature-bois-concept.com\/magazine\/#website\",\"url\":\"https:\/\/www.nature-bois-concept.com\/magazine\/\",\"name\":\"Magazine Nature Bois Concept\",\"description\":\"En association avec Nature Bois Concept\",\"potentialAction\":[{\"@type\":\"SearchAction\",\"target\":{\"@type\":\"EntryPoint\",\"urlTemplate\":\"https:\/\/www.nature-bois-concept.com\/magazine\/?s={search_term_string}\"},\"query-input\":\"required name=search_term_string\"}],\"inLanguage\":\"fr-FR\"}]}<\/script>\n<!-- \/ Yoast SEO plugin. -->","yoast_head_json":{"title":"Bande bitumineuse, la protection contre l'humidit\u00e9 pour terrasse","description":"Vous vous demandez l'utilit\u00e9 de la bande bitumineuse pour la r\u00e9alisation de votre terrasse bois? Nature Bois Concept vous explique tout.","robots":{"index":"index","follow":"follow","max-snippet":"max-snippet:-1","max-image-preview":"max-image-preview:large","max-video-preview":"max-video-preview:-1"},"canonical":"https:\/\/www.nature-bois-concept.com\/magazine\/terrasse-bois\/guides\/avant-achat\/fournitures-accessoires\/bande-bitumineuse\/","og_locale":"fr_FR","og_type":"article","og_title":"Bande bitumineuse, la protection contre l'humidit\u00e9 pour terrasse","og_description":"Vous vous demandez l'utilit\u00e9 de la bande bitumineuse pour la r\u00e9alisation de votre terrasse bois? Nature Bois Concept vous explique tout.","og_url":"https:\/\/www.nature-bois-concept.com\/magazine\/terrasse-bois\/guides\/avant-achat\/fournitures-accessoires\/bande-bitumineuse\/","og_site_name":"Magazine Nature Bois Concept","article_publisher":"https:\/\/www.facebook.com\/Nature-Bois-Concept-1596307970584169\/","article_modified_time":"2024-05-28T12:55:35+00:00","og_image":[{"width":1900,"height":400,"url":"https:\/\/www.nature-bois-concept.com\/magazine\/wp-content\/uploads\/2024\/05\/bande-bitumineuseMAG.jpg","type":"image\/jpeg"}],"twitter_card":"summary_large_image","twitter_site":"@nbc_bois","twitter_misc":{"Dur\u00e9e de lecture estim\u00e9e":"2 minutes"},"schema":{"@context":"https:\/\/schema.org","@graph":[{"@type":"WebPage","@id":"https:\/\/www.nature-bois-concept.com\/magazine\/terrasse-bois\/guides\/avant-achat\/fournitures-accessoires\/bande-bitumineuse\/","url":"https:\/\/www.nature-bois-concept.com\/magazine\/terrasse-bois\/guides\/avant-achat\/fournitures-accessoires\/bande-bitumineuse\/","name":"Bande bitumineuse, la protection contre l'humidit\u00e9 pour terrasse","isPartOf":{"@id":"https:\/\/www.nature-bois-concept.com\/magazine\/#website"},"primaryImageOfPage":{"@id":"https:\/\/www.nature-bois-concept.com\/magazine\/terrasse-bois\/guides\/avant-achat\/fournitures-accessoires\/bande-bitumineuse\/#primaryimage"},"image":{"@id":"https:\/\/www.nature-bois-concept.com\/magazine\/terrasse-bois\/guides\/avant-achat\/fournitures-accessoires\/bande-bitumineuse\/#primaryimage"},"thumbnailUrl":"https:\/\/www.nature-bois-concept.com\/magazine\/wp-content\/uploads\/2024\/05\/bande-bitumineuseMAG.jpg","datePublished":"2016-06-29T09:24:04+00:00","dateModified":"2024-05-28T12:55:35+00:00","description":"Vous vous demandez l'utilit\u00e9 de la bande bitumineuse pour la r\u00e9alisation de votre terrasse bois? Nature Bois Concept vous explique tout.","breadcrumb":{"@id":"https:\/\/www.nature-bois-concept.com\/magazine\/terrasse-bois\/guides\/avant-achat\/fournitures-accessoires\/bande-bitumineuse\/#breadcrumb"},"inLanguage":"fr-FR","potentialAction":[{"@type":"ReadAction","target":["https:\/\/www.nature-bois-concept.com\/magazine\/terrasse-bois\/guides\/avant-achat\/fournitures-accessoires\/bande-bitumineuse\/"]}]},{"@type":"ImageObject","inLanguage":"fr-FR","@id":"https:\/\/www.nature-bois-concept.com\/magazine\/terrasse-bois\/guides\/avant-achat\/fournitures-accessoires\/bande-bitumineuse\/#primaryimage","url":"https:\/\/www.nature-bois-concept.com\/magazine\/wp-content\/uploads\/2024\/05\/bande-bitumineuseMAG.jpg","contentUrl":"https:\/\/www.nature-bois-concept.com\/magazine\/wp-content\/uploads\/2024\/05\/bande-bitumineuseMAG.jpg","width":1900,"height":400,"caption":"Bande bitumineuse Spax sur terrasse bois"},{"@type":"BreadcrumbList","@id":"https:\/\/www.nature-bois-concept.com\/magazine\/terrasse-bois\/guides\/avant-achat\/fournitures-accessoires\/bande-bitumineuse\/#breadcrumb","itemListElement":[{"@type":"ListItem","position":1,"name":"Magazine NBC","item":"https:\/\/www.nature-bois-concept.com\/magazine\/"},{"@type":"ListItem","position":2,"name":"Terrasse bois","item":"https:\/\/www.nature-bois-concept.com\/magazine\/terrasse-bois\/"},{"@type":"ListItem","position":3,"name":"Nos guides sur la Terrasse","item":"https:\/\/www.nature-bois-concept.com\/magazine\/terrasse-bois\/guides\/"},{"@type":"ListItem","position":4,"name":"Tout ce qu&rsquo;il faut savoir avant l&rsquo;achat de sa Terrasse","item":"https:\/\/www.nature-bois-concept.com\/magazine\/terrasse-bois\/guides\/avant-achat\/"},{"@type":"ListItem","position":5,"name":"Quels fournitures et accessoires pour votre terrasse bois","item":"https:\/\/www.nature-bois-concept.com\/magazine\/terrasse-bois\/guides\/avant-achat\/fournitures-accessoires\/"},{"@type":"ListItem","position":6,"name":"Bande bitumineuse, une protection suppl\u00e9mentaire pour votre terrasse"}]},{"@type":"WebSite","@id":"https:\/\/www.nature-bois-concept.com\/magazine\/#website","url":"https:\/\/www.nature-bois-concept.com\/magazine\/","name":"Magazine Nature Bois Concept","description":"En association avec Nature Bois Concept","potentialAction":[{"@type":"SearchAction","target":{"@type":"EntryPoint","urlTemplate":"https:\/\/www.nature-bois-concept.com\/magazine\/?s={search_term_string}"},"query-input":"required name=search_term_string"}],"inLanguage":"fr-FR"}]}},"_links":{"self":[{"href":"https:\/\/www.nature-bois-concept.com\/magazine\/wp-json\/wp\/v2\/pages\/669"}],"collection":[{"href":"https:\/\/www.nature-bois-concept.com\/magazine\/wp-json\/wp\/v2\/pages"}],"about":[{"href":"https:\/\/www.nature-bois-concept.com\/magazine\/wp-json\/wp\/v2\/types\/page"}],"author":[{"embeddable":true,"href":"https:\/\/www.nature-bois-concept.com\/magazine\/wp-json\/wp\/v2\/users\/2"}],"replies":[{"embeddable":true,"href":"https:\/\/www.nature-bois-concept.com\/magazine\/wp-json\/wp\/v2\/comments?post=669"}],"version-history":[{"count":11,"href":"https:\/\/www.nature-bois-concept.com\/magazine\/wp-json\/wp\/v2\/pages\/669\/revisions"}],"predecessor-version":[{"id":7174,"href":"https:\/\/www.nature-bois-concept.com\/magazine\/wp-json\/wp\/v2\/pages\/669\/revisions\/7174"}],"up":[{"embeddable":true,"href":"https:\/\/www.nature-bois-concept.com\/magazine\/wp-json\/wp\/v2\/pages\/565"}],"wp:featuredmedia":[{"embeddable":true,"href":"https:\/\/www.nature-bois-concept.com\/magazine\/wp-json\/wp\/v2\/media\/7172"}],"wp:attachment":[{"href":"https:\/\/www.nature-bois-concept.com\/magazine\/wp-json\/wp\/v2\/media?parent=669"}],"curies":[{"name":"wp","href":"https:\/\/api.w.org\/{rel}","templated":true}]}}