{"id":651,"date":"2016-06-28T17:17:19","date_gmt":"2016-06-28T15:17:19","guid":{"rendered":"https:\/\/www.nature-bois-concept.com\/magazine\/?page_id=651"},"modified":"2025-02-26T15:29:51","modified_gmt":"2025-02-26T14:29:51","slug":"normes-a-respecter-terrasse-bois-nature-bois-concept-explique","status":"publish","type":"page","link":"https:\/\/www.nature-bois-concept.com\/magazine\/terrasse-bois\/guides\/avant-achat\/normes-a-respecter-terrasse-bois-nature-bois-concept-explique\/","title":{"rendered":"Normes \u00e0 respecter pour la terrasse bois, Nature Bois Concept vous explique tout"},"content":{"rendered":"<p style=\"text-align: justify;\">Vous souhaitez am\u00e9nager votre ext\u00e9rieur avec une terrasse bois? Des normes sont \u00e0 respecter pour la r\u00e9alisation de celle-ci, <a href=\"https:\/\/www.nature-bois-concept.com\/magazine\/terrasse-bois\/guides\/avant-achat\/\" target=\"_blank\" rel=\"noopener\">Nature Bois Concept vous guide sur les \u00e9tapes avant d&rsquo;acheter<\/a>.<\/p>\n<h2>Si on devait n\u2019en garder que deux : le DTU 51-4 et la NF B54-040<\/h2>\n<p style=\"text-align: justify;\">Il existe aujourd\u2019hui une multitude de normes pour la r\u00e9alisation d\u2019une terrasse, mais deux doivent nous int\u00e9resser particuli\u00e8rement : le DTU 51-4 et la NF B54-040. Le premier \u00e9tablit les r\u00e8gles essentielles des techniques de pose, tandis que pour le deuxi\u00e8me, les caract\u00e9ristiques d\u2019une lame de terrasse durable, stable et de qualit\u00e9.<\/p>\n<h3>La DTU 51-4 \u00ab Platelages ext\u00e9rieurs bois \u00bb<\/h3>\n<p style=\"text-align: justify;\">Publi\u00e9 en d\u00e9cembre 2010, la norme DTU 51-4 \u00e9tait tr\u00e8s attendu. Le march\u00e9 de la terrasse bois en plein essor, les experts du m\u00e9tier se devaient de cr\u00e9er une norme l\u00e9gif\u00e9rant leur activit\u00e9. Il est important pour deux choses : avoir connaissance de la technique pour r\u00e9ussir son projet et pouvoir arbitrer en cas de litige ou de malfa\u00e7on.<\/p>\n<p style=\"text-align: justify;\">La DTU 51-4 apporte donc des r\u00e9ponses en introduisant une notion de dur\u00e9e de service pour la terrasse et donc les r\u00e8gles essentiellement \u00e0 la pose, comme par exemple :<\/p>\n<ul>\n<li>Les r\u00e8gles de dimensionnement des lames de terrasses et des lambourdes ;<\/li>\n<li>Les r\u00e8gles g\u00e9n\u00e9rales de mise en \u0153uvre ;<\/li>\n<li>La gestion des espacements de lames ; etc.\u2026<\/li>\n<\/ul>\n<p style=\"text-align: justify;\">Aujourd\u2019hui, le DTU 51-4 vous prot\u00e8ge en cas de malfa\u00e7on sur votre terrasse et permet de v\u00e9rifier, en cas de litige, si les normes de pose ont bien \u00e9t\u00e9 respect\u00e9es. Elle est \u00e9galement un \u00e9l\u00e9ment de r\u00e9f\u00e9rence pour le professionnel de la terrasse.<\/p>\n<h3>La NF B54-040 \u00ab Lames de Platelages Ext\u00e9rieurs Bois \u00bb<\/h3>\n<p style=\"text-align: justify;\">Compl\u00e9mentaire \u00e0 la norme DTU 51-4, la NF B54-040 permet de donner les caract\u00e9ristiques et les crit\u00e8res d\u2019appr\u00e9ciation pour les lames de terrasse en bois MASSIF.<\/p>\n<p style=\"text-align: justify;\">Dans un tableau, elle regroupe, notamment les caract\u00e9ristiques des lames de terrasses comme : stabilit\u00e9 du bois, duret\u00e9, r\u00e9sistance aux insectes, classe d\u2019emploi et coefficient d\u2019\u00e9lancement(rapport largeur\/\u00e9paisseur de la lame). Elle est la r\u00e9f\u00e9rence pour les caract\u00e9ristiques des lames de terrasses.<\/p>\n<h2><\/h2>\n<h2 style=\"text-align: justify;\">Les autres r\u00e9f\u00e9rences normatives<\/h2>\n<p style=\"text-align: justify;\">Pour le choix de vos lames de terrasses, d\u2019autres normes peuvent aussi \u00eatre consult\u00e9es. Les NF EN 335-1 et NF EN 335-2 sur la durabilit\u00e9 du bois et des mat\u00e9riaux d\u00e9riv\u00e9s du bois. Cette norme d\u00e9termine les 5 classes d\u2019emploi. La NF EN 338, Bois de structure-Classes de r\u00e9sistance. Elle correspond aux valeurs de flexion, traction (ou compression) axiale et transversale du bois.<\/p>\n<p style=\"text-align: justify;\">Vous voici inform\u00e9 sur les normes des terrasses bois qui vous permettront de mieux comprendre, afin de mener \u00e0 bien votre r\u00e9alisation de terrasse bois. Si une chose vous \u00e9chappe encore, n\u2019h\u00e9sitez pas \u00e0 nous contacter par t\u00e9l\u00e9phone au 05 81 91 56 30 ou bien via notre <a href=\"https:\/\/www.nature-bois-concept.com\/boutique\/nous-contacter\/\" target=\"_blank\" rel=\"noopener\">formulaire de contact<\/a>.<\/p>\n","protected":false},"excerpt":{"rendered":"<p>Vous souhaitez am\u00e9nager votre ext\u00e9rieur avec une terrasse bois? Des normes sont \u00e0 respecter pour la r\u00e9alisation de celle-ci, Nature Bois Concept vous guide sur les \u00e9tapes avant d&rsquo;acheter. Si on devait n\u2019en garder que deux : le DTU 51-4 et la NF B54-040 Il existe aujourd\u2019hui une multitude de normes pour la r\u00e9alisation d\u2019une terrasse, mais deux doivent nous int\u00e9resser particuli\u00e8rement : le DTU 51-4 et la NF B54-040&#8230;.<\/p>\n","protected":false},"author":2,"featured_media":1348,"parent":563,"menu_order":2,"comment_status":"closed","ping_status":"closed","template":"","meta":{"_acf_changed":false,"footnotes":""},"acf":[],"yoast_head":"<!-- This site is optimized with the Yoast SEO plugin v22.4 - https:\/\/yoast.com\/wordpress\/plugins\/seo\/ -->\n<title>Les normes et r\u00e8gles \u00e0 respecter pour la terrasse bois<\/title>\n<meta name=\"description\" content=\"Nature Bois Concept vous pr\u00e9sente les diff\u00e9rentes normes et r\u00e8gles qui r\u00e9gissent dans la construction d&#039;une terrasse bois.\" \/>\n<meta name=\"robots\" content=\"index, follow, max-snippet:-1, max-image-preview:large, max-video-preview:-1\" \/>\n<link rel=\"canonical\" href=\"https:\/\/www.nature-bois-concept.com\/magazine\/terrasse-bois\/guides\/avant-achat\/normes-a-respecter-terrasse-bois-nature-bois-concept-explique\/\" \/>\n<meta property=\"og:locale\" content=\"fr_FR\" \/>\n<meta property=\"og:type\" content=\"article\" \/>\n<meta property=\"og:title\" content=\"Les normes et r\u00e8gles \u00e0 respecter pour la terrasse bois\" \/>\n<meta property=\"og:description\" content=\"Nature Bois Concept vous pr\u00e9sente les diff\u00e9rentes normes et r\u00e8gles qui r\u00e9gissent dans la construction d&#039;une terrasse bois.\" \/>\n<meta property=\"og:url\" content=\"https:\/\/www.nature-bois-concept.com\/magazine\/terrasse-bois\/guides\/avant-achat\/normes-a-respecter-terrasse-bois-nature-bois-concept-explique\/\" \/>\n<meta property=\"og:site_name\" content=\"Magazine Nature Bois Concept\" \/>\n<meta property=\"article:publisher\" content=\"https:\/\/www.facebook.com\/Nature-Bois-Concept-1596307970584169\/\" \/>\n<meta property=\"article:modified_time\" content=\"2025-02-26T14:29:51+00:00\" \/>\n<meta property=\"og:image\" content=\"https:\/\/www.nature-bois-concept.com\/magazine\/wp-content\/uploads\/2016\/06\/image-a-la-une-9.jpg\" \/>\n\t<meta property=\"og:image:width\" content=\"1620\" \/>\n\t<meta property=\"og:image:height\" content=\"668\" \/>\n\t<meta property=\"og:image:type\" content=\"image\/jpeg\" \/>\n<meta name=\"twitter:card\" content=\"summary_large_image\" \/>\n<meta name=\"twitter:site\" content=\"@nbc_bois\" \/>\n<meta name=\"twitter:label1\" content=\"Dur\u00e9e de lecture estim\u00e9e\" \/>\n\t<meta name=\"twitter:data1\" content=\"3 minutes\" \/>\n<script type=\"application\/ld+json\" class=\"yoast-schema-graph\">{\"@context\":\"https:\/\/schema.org\",\"@graph\":[{\"@type\":\"WebPage\",\"@id\":\"https:\/\/www.nature-bois-concept.com\/magazine\/terrasse-bois\/guides\/avant-achat\/normes-a-respecter-terrasse-bois-nature-bois-concept-explique\/\",\"url\":\"https:\/\/www.nature-bois-concept.com\/magazine\/terrasse-bois\/guides\/avant-achat\/normes-a-respecter-terrasse-bois-nature-bois-concept-explique\/\",\"name\":\"Les normes et r\u00e8gles \u00e0 respecter pour la terrasse bois\",\"isPartOf\":{\"@id\":\"https:\/\/www.nature-bois-concept.com\/magazine\/#website\"},\"primaryImageOfPage\":{\"@id\":\"https:\/\/www.nature-bois-concept.com\/magazine\/terrasse-bois\/guides\/avant-achat\/normes-a-respecter-terrasse-bois-nature-bois-concept-explique\/#primaryimage\"},\"image\":{\"@id\":\"https:\/\/www.nature-bois-concept.com\/magazine\/terrasse-bois\/guides\/avant-achat\/normes-a-respecter-terrasse-bois-nature-bois-concept-explique\/#primaryimage\"},\"thumbnailUrl\":\"https:\/\/www.nature-bois-concept.com\/magazine\/wp-content\/uploads\/2016\/06\/image-a-la-une-9.jpg\",\"datePublished\":\"2016-06-28T15:17:19+00:00\",\"dateModified\":\"2025-02-26T14:29:51+00:00\",\"description\":\"Nature Bois Concept vous pr\u00e9sente les diff\u00e9rentes normes et r\u00e8gles qui r\u00e9gissent dans la construction d'une terrasse bois.\",\"breadcrumb\":{\"@id\":\"https:\/\/www.nature-bois-concept.com\/magazine\/terrasse-bois\/guides\/avant-achat\/normes-a-respecter-terrasse-bois-nature-bois-concept-explique\/#breadcrumb\"},\"inLanguage\":\"fr-FR\",\"potentialAction\":[{\"@type\":\"ReadAction\",\"target\":[\"https:\/\/www.nature-bois-concept.com\/magazine\/terrasse-bois\/guides\/avant-achat\/normes-a-respecter-terrasse-bois-nature-bois-concept-explique\/\"]}]},{\"@type\":\"ImageObject\",\"inLanguage\":\"fr-FR\",\"@id\":\"https:\/\/www.nature-bois-concept.com\/magazine\/terrasse-bois\/guides\/avant-achat\/normes-a-respecter-terrasse-bois-nature-bois-concept-explique\/#primaryimage\",\"url\":\"https:\/\/www.nature-bois-concept.com\/magazine\/wp-content\/uploads\/2016\/06\/image-a-la-une-9.jpg\",\"contentUrl\":\"https:\/\/www.nature-bois-concept.com\/magazine\/wp-content\/uploads\/2016\/06\/image-a-la-une-9.jpg\",\"width\":1620,\"height\":668,\"caption\":\"Normes terrasse bois\"},{\"@type\":\"BreadcrumbList\",\"@id\":\"https:\/\/www.nature-bois-concept.com\/magazine\/terrasse-bois\/guides\/avant-achat\/normes-a-respecter-terrasse-bois-nature-bois-concept-explique\/#breadcrumb\",\"itemListElement\":[{\"@type\":\"ListItem\",\"position\":1,\"name\":\"Magazine NBC\",\"item\":\"https:\/\/www.nature-bois-concept.com\/magazine\/\"},{\"@type\":\"ListItem\",\"position\":2,\"name\":\"Terrasse bois\",\"item\":\"https:\/\/www.nature-bois-concept.com\/magazine\/terrasse-bois\/\"},{\"@type\":\"ListItem\",\"position\":3,\"name\":\"Nos guides sur la Terrasse\",\"item\":\"https:\/\/www.nature-bois-concept.com\/magazine\/terrasse-bois\/guides\/\"},{\"@type\":\"ListItem\",\"position\":4,\"name\":\"Tout ce qu&rsquo;il faut savoir avant l&rsquo;achat de sa Terrasse\",\"item\":\"https:\/\/www.nature-bois-concept.com\/magazine\/terrasse-bois\/guides\/avant-achat\/\"},{\"@type\":\"ListItem\",\"position\":5,\"name\":\"Normes \u00e0 respecter pour la terrasse bois, Nature Bois Concept vous explique tout\"}]},{\"@type\":\"WebSite\",\"@id\":\"https:\/\/www.nature-bois-concept.com\/magazine\/#website\",\"url\":\"https:\/\/www.nature-bois-concept.com\/magazine\/\",\"name\":\"Magazine Nature Bois Concept\",\"description\":\"En association avec Nature Bois Concept\",\"potentialAction\":[{\"@type\":\"SearchAction\",\"target\":{\"@type\":\"EntryPoint\",\"urlTemplate\":\"https:\/\/www.nature-bois-concept.com\/magazine\/?s={search_term_string}\"},\"query-input\":\"required name=search_term_string\"}],\"inLanguage\":\"fr-FR\"}]}<\/script>\n<!-- \/ Yoast SEO plugin. -->","yoast_head_json":{"title":"Les normes et r\u00e8gles \u00e0 respecter pour la terrasse bois","description":"Nature Bois Concept vous pr\u00e9sente les diff\u00e9rentes normes et r\u00e8gles qui r\u00e9gissent dans la construction d'une terrasse bois.","robots":{"index":"index","follow":"follow","max-snippet":"max-snippet:-1","max-image-preview":"max-image-preview:large","max-video-preview":"max-video-preview:-1"},"canonical":"https:\/\/www.nature-bois-concept.com\/magazine\/terrasse-bois\/guides\/avant-achat\/normes-a-respecter-terrasse-bois-nature-bois-concept-explique\/","og_locale":"fr_FR","og_type":"article","og_title":"Les normes et r\u00e8gles \u00e0 respecter pour la terrasse bois","og_description":"Nature Bois Concept vous pr\u00e9sente les diff\u00e9rentes normes et r\u00e8gles qui r\u00e9gissent dans la construction d'une terrasse bois.","og_url":"https:\/\/www.nature-bois-concept.com\/magazine\/terrasse-bois\/guides\/avant-achat\/normes-a-respecter-terrasse-bois-nature-bois-concept-explique\/","og_site_name":"Magazine Nature Bois Concept","article_publisher":"https:\/\/www.facebook.com\/Nature-Bois-Concept-1596307970584169\/","article_modified_time":"2025-02-26T14:29:51+00:00","og_image":[{"width":1620,"height":668,"url":"https:\/\/www.nature-bois-concept.com\/magazine\/wp-content\/uploads\/2016\/06\/image-a-la-une-9.jpg","type":"image\/jpeg"}],"twitter_card":"summary_large_image","twitter_site":"@nbc_bois","twitter_misc":{"Dur\u00e9e de lecture estim\u00e9e":"3 minutes"},"schema":{"@context":"https:\/\/schema.org","@graph":[{"@type":"WebPage","@id":"https:\/\/www.nature-bois-concept.com\/magazine\/terrasse-bois\/guides\/avant-achat\/normes-a-respecter-terrasse-bois-nature-bois-concept-explique\/","url":"https:\/\/www.nature-bois-concept.com\/magazine\/terrasse-bois\/guides\/avant-achat\/normes-a-respecter-terrasse-bois-nature-bois-concept-explique\/","name":"Les normes et r\u00e8gles \u00e0 respecter pour la terrasse bois","isPartOf":{"@id":"https:\/\/www.nature-bois-concept.com\/magazine\/#website"},"primaryImageOfPage":{"@id":"https:\/\/www.nature-bois-concept.com\/magazine\/terrasse-bois\/guides\/avant-achat\/normes-a-respecter-terrasse-bois-nature-bois-concept-explique\/#primaryimage"},"image":{"@id":"https:\/\/www.nature-bois-concept.com\/magazine\/terrasse-bois\/guides\/avant-achat\/normes-a-respecter-terrasse-bois-nature-bois-concept-explique\/#primaryimage"},"thumbnailUrl":"https:\/\/www.nature-bois-concept.com\/magazine\/wp-content\/uploads\/2016\/06\/image-a-la-une-9.jpg","datePublished":"2016-06-28T15:17:19+00:00","dateModified":"2025-02-26T14:29:51+00:00","description":"Nature Bois Concept vous pr\u00e9sente les diff\u00e9rentes normes et r\u00e8gles qui r\u00e9gissent dans la construction d'une terrasse bois.","breadcrumb":{"@id":"https:\/\/www.nature-bois-concept.com\/magazine\/terrasse-bois\/guides\/avant-achat\/normes-a-respecter-terrasse-bois-nature-bois-concept-explique\/#breadcrumb"},"inLanguage":"fr-FR","potentialAction":[{"@type":"ReadAction","target":["https:\/\/www.nature-bois-concept.com\/magazine\/terrasse-bois\/guides\/avant-achat\/normes-a-respecter-terrasse-bois-nature-bois-concept-explique\/"]}]},{"@type":"ImageObject","inLanguage":"fr-FR","@id":"https:\/\/www.nature-bois-concept.com\/magazine\/terrasse-bois\/guides\/avant-achat\/normes-a-respecter-terrasse-bois-nature-bois-concept-explique\/#primaryimage","url":"https:\/\/www.nature-bois-concept.com\/magazine\/wp-content\/uploads\/2016\/06\/image-a-la-une-9.jpg","contentUrl":"https:\/\/www.nature-bois-concept.com\/magazine\/wp-content\/uploads\/2016\/06\/image-a-la-une-9.jpg","width":1620,"height":668,"caption":"Normes terrasse bois"},{"@type":"BreadcrumbList","@id":"https:\/\/www.nature-bois-concept.com\/magazine\/terrasse-bois\/guides\/avant-achat\/normes-a-respecter-terrasse-bois-nature-bois-concept-explique\/#breadcrumb","itemListElement":[{"@type":"ListItem","position":1,"name":"Magazine NBC","item":"https:\/\/www.nature-bois-concept.com\/magazine\/"},{"@type":"ListItem","position":2,"name":"Terrasse bois","item":"https:\/\/www.nature-bois-concept.com\/magazine\/terrasse-bois\/"},{"@type":"ListItem","position":3,"name":"Nos guides sur la Terrasse","item":"https:\/\/www.nature-bois-concept.com\/magazine\/terrasse-bois\/guides\/"},{"@type":"ListItem","position":4,"name":"Tout ce qu&rsquo;il faut savoir avant l&rsquo;achat de sa Terrasse","item":"https:\/\/www.nature-bois-concept.com\/magazine\/terrasse-bois\/guides\/avant-achat\/"},{"@type":"ListItem","position":5,"name":"Normes \u00e0 respecter pour la terrasse bois, Nature Bois Concept vous explique tout"}]},{"@type":"WebSite","@id":"https:\/\/www.nature-bois-concept.com\/magazine\/#website","url":"https:\/\/www.nature-bois-concept.com\/magazine\/","name":"Magazine Nature Bois Concept","description":"En association avec Nature Bois Concept","potentialAction":[{"@type":"SearchAction","target":{"@type":"EntryPoint","urlTemplate":"https:\/\/www.nature-bois-concept.com\/magazine\/?s={search_term_string}"},"query-input":"required name=search_term_string"}],"inLanguage":"fr-FR"}]}},"_links":{"self":[{"href":"https:\/\/www.nature-bois-concept.com\/magazine\/wp-json\/wp\/v2\/pages\/651"}],"collection":[{"href":"https:\/\/www.nature-bois-concept.com\/magazine\/wp-json\/wp\/v2\/pages"}],"about":[{"href":"https:\/\/www.nature-bois-concept.com\/magazine\/wp-json\/wp\/v2\/types\/page"}],"author":[{"embeddable":true,"href":"https:\/\/www.nature-bois-concept.com\/magazine\/wp-json\/wp\/v2\/users\/2"}],"replies":[{"embeddable":true,"href":"https:\/\/www.nature-bois-concept.com\/magazine\/wp-json\/wp\/v2\/comments?post=651"}],"version-history":[{"count":19,"href":"https:\/\/www.nature-bois-concept.com\/magazine\/wp-json\/wp\/v2\/pages\/651\/revisions"}],"predecessor-version":[{"id":7632,"href":"https:\/\/www.nature-bois-concept.com\/magazine\/wp-json\/wp\/v2\/pages\/651\/revisions\/7632"}],"up":[{"embeddable":true,"href":"https:\/\/www.nature-bois-concept.com\/magazine\/wp-json\/wp\/v2\/pages\/563"}],"wp:featuredmedia":[{"embeddable":true,"href":"https:\/\/www.nature-bois-concept.com\/magazine\/wp-json\/wp\/v2\/media\/1348"}],"wp:attachment":[{"href":"https:\/\/www.nature-bois-concept.com\/magazine\/wp-json\/wp\/v2\/media?parent=651"}],"curies":[{"name":"wp","href":"https:\/\/api.w.org\/{rel}","templated":true}]}}