{"id":633,"date":"2016-06-28T17:07:44","date_gmt":"2016-06-28T15:07:44","guid":{"rendered":"https:\/\/www.nature-bois-concept.com\/magazine\/?page_id=633"},"modified":"2025-03-07T09:53:21","modified_gmt":"2025-03-07T08:53:21","slug":"changez-revetement-de-ancienne-terrasse-bois","status":"publish","type":"page","link":"https:\/\/www.nature-bois-concept.com\/magazine\/terrasse-bois\/actualites\/changez-revetement-de-ancienne-terrasse-bois\/","title":{"rendered":"Changez le rev\u00eatement de votre ancienne terrasse pour du bois"},"content":{"rendered":"<p style=\"text-align: justify;\">L\u2019habillage de votre terrasse ne vous satisfait plus? Apr\u00e8s des ann\u00e9es de loyaux services, son \u00e9tat s\u2019est d\u00e9grad\u00e9 et n\u2019est plus \u00e0 votre go\u00fbt? Alors pourquoi ne pas donner une seconde vie \u00e0 votre terrasse avec un nouvel habillage en bois? Cet article de notre rubrique <a href=\"https:\/\/www.nature-bois-concept.com\/magazine\/terrasse-bois\/actualites\/\">blog des terrasses <\/a>vous fera franchir le pas.<\/p>\n<h2>Pourquoi changer pour du bois ?<\/h2>\n<p style=\"text-align: justify;\">Chaleureux, charmant, le bois s\u00e9duit gr\u00e2ce \u00e0 de nombreux avantages, on vous explique pourquoi.<\/p>\n<div id=\"attachment_1345\" style=\"width: 1210px\" class=\"wp-caption aligncenter\"><img loading=\"lazy\" decoding=\"async\" aria-describedby=\"caption-attachment-1345\" class=\"size-full wp-image-1345\" src=\"https:\/\/res.cloudinary.com\/nature-bois-concept\/image\/upload\/fl_any_format,q_auto,c_scale,c_limit,w_1200,f_auto\/www.nature-bois-concept.com\/magazine\/wp-content\/uploads\/2016\/06\/1-1.jpg\" alt=\"Tour de piscine avec rev\u00eatement bois\" width=\"1200\" height=\"496\" srcset=\"https:\/\/www.nature-bois-concept.com\/magazine\/wp-content\/uploads\/2016\/06\/1-1.jpg 1200w, https:\/\/www.nature-bois-concept.com\/magazine\/wp-content\/uploads\/2016\/06\/1-1-300x124.jpg 300w, https:\/\/www.nature-bois-concept.com\/magazine\/wp-content\/uploads\/2016\/06\/1-1-768x317.jpg 768w, https:\/\/www.nature-bois-concept.com\/magazine\/wp-content\/uploads\/2016\/06\/1-1-1024x423.jpg 1024w, https:\/\/www.nature-bois-concept.com\/magazine\/wp-content\/uploads\/2016\/06\/1-1-1060x438.jpg 1060w\" sizes=\"(max-width: 1200px) 100vw, 1200px\" \/><p id=\"caption-attachment-1345\" class=\"wp-caption-text\">Tour de piscine photographi\u00e9 de nuit avec ces \u00e9clairages<\/p><\/div>\n<h2>Solution rapide et facile \u00e0 mettre en \u0153uvre<\/h2>\n<p style=\"text-align: justify;\">Carrelage d\u00e9coll\u00e9, pierre de parement arrach\u00e9e\u2026, avec ce type de rev\u00eatements, il faut la plupart du temps tout d\u00e9truire pour refaire. Avec le bois, pas besoin de tout d\u00e9molir. La structure bois vient se poser directement sur l\u2019ancien rev\u00eatement, habillant votre terrasse de sa nouvelle parure.<\/p>\n<h2>Des essences de bois pour tous les go\u00fbts, \u00e0 tous les prix<\/h2>\n<p style=\"text-align: justify;\">Que vous souhaitiez apporter une couleur vive \u00e0 votre espace ou bien quelque chose de plus sombre, il existe une multitude d\u2019essences de bois, de couleurs et de nuances. \u00c0 vous de d\u00e9couvrir celle qui vous satisfera le plus.<\/p>\n<h2>Un rev\u00eatement durable<\/h2>\n<p style=\"text-align: justify;\">Suivant le type de bois que vous allez choisir, celui-ci va avoir une dur\u00e9e de vie plus ou moins importante. Sur certaines essences, nous avons des bois pouvant durer plusieurs d\u00e9cennies. Si votre budget vous le permet, optez donc pour un <a href=\"https:\/\/www.nature-bois-concept.com\/fr\/terrasse-bois\/exotique\/\" target=\"_blank\" rel=\"noopener noreferrer\">bois exotique<\/a>, stable et durable, qui r\u00e9sistera plus d\u2019une vingtaine d\u2019ann\u00e9es.<\/p>\n<h2>Un produit sur mesure<\/h2>\n<p style=\"text-align: justify;\">Le bois, un r\u00e9el plaisir \u00e0 travailler, avec celui-ci vous obtiendrez selon vos souhaits un r\u00e9sultat unique. Vous avez un arbre au milieu de l\u2019espace \u00e0 recouvrir ? Gr\u00e2ce au bois vous pouvez inclure cet \u00e9l\u00e9ment dans votre r\u00e9alisation. De m\u00eame, vous pouvez rajouter, un \u00e9clairage en <a href=\"https:\/\/www.nature-bois-concept.com\/boutique\/luminaire\/spot-encastrable\/\" target=\"_blank\" rel=\"noopener noreferrer\">spot encastrable LED<\/a>, une jardini\u00e8re ou bien d\u2019autres \u00e9l\u00e9ments \u00e0 votre terrasse. Tout est possible avec le bois, votre terrasse sera donc \u00e0 l\u2019image de vos envies.<\/p>\n<h2>Entretien facile, malgr\u00e9 les id\u00e9es re\u00e7ues<\/h2>\n<p style=\"text-align: justify;\">Contrairement \u00e0 ce que l\u2019on peut penser le bois ne s\u2019av\u00e8re pas difficile \u00e0 nettoyer. De la m\u00eame mani\u00e8re qu\u2019une terrasse en carrelage, il vous faudra nettoyer une fois par an votre terrasse. Rien de bien diff\u00e9rent donc, qu\u2019une terrasse avec un autre rev\u00eatement.<\/p>\n<p style=\"text-align: justify;\">Si vous souhaitez pr\u00e9server la teinte naturelle du bois, vous devrez appliquer un <a href=\"https:\/\/www.nature-bois-concept.com\/boutique\/terrasse-bois\/entretien\/saturateur\/\" target=\"_blank\" rel=\"noopener noreferrer\">saturateur tous bois<\/a> sur vos lames afin de les prot\u00e9ger des agressions ext\u00e9rieures (UV, pluie, pollution..), qui apr\u00e8s quelques temps viennent griser votre bois.<\/p>\n<h2><\/h2>\n<div id=\"attachment_1479\" style=\"width: 1210px\" class=\"wp-caption aligncenter\"><img loading=\"lazy\" decoding=\"async\" aria-describedby=\"caption-attachment-1479\" class=\"size-full wp-image-1479\" src=\"https:\/\/res.cloudinary.com\/nature-bois-concept\/image\/upload\/fl_any_format,q_auto,c_scale,c_limit,w_1200,f_auto\/www.nature-bois-concept.com\/magazine\/wp-content\/uploads\/2016\/06\/Terrasse-avec-rev\u00eatement-bois-pin-sylvestre.jpg\" alt=\"terrasse arbor\u00e9e en pin sylvestre\" width=\"1200\" height=\"496\" \/><p id=\"caption-attachment-1479\" class=\"wp-caption-text\">Terrasse en Pin Sylvestre autoclave vert am\u00e9nag\u00e9e avec escalier<\/p><\/div>\n<h2>Pourquoi ne pas faire appel \u00e0 un pro ?<\/h2>\n<p style=\"text-align: justify;\">La r\u00e9fection de votre terrasse est applicable \u00e0 un taux r\u00e9duit de 10% en faisant r\u00e9aliser vos travaux par un professionnel. Pour cela votre terrasse ne doit pas faire l\u2019objet d\u2019une augmentation de plus de 9m\u00b2 d\u2019une part, et l\u2019augmentation doit \u00eatre inf\u00e9rieure ou \u00e9gale \u00e0 10% de la surface. Si votre terrasse rentre dans ce cadre, profitez de l\u2019occasion pour laisser faire un professionnel, qui avec des ann\u00e9es de m\u00e9tier, sera r\u00e9aliser au mieux les finitions de votre deck.<\/p>\n<h2>Pourquoi pas vous ?<\/h2>\n<p style=\"text-align: justify;\">Pour avoir un devis de votre futur projet et\/ou les coordonn\u00e9es d\u2019un poseur, rendez-vous sur notre site pour r\u00e9aliser votre <a href=\"https:\/\/www.nature-bois-concept.com\/terrasse-bois-devis-en-ligne.php\" target=\"_blank\" rel=\"noopener noreferrer\">devis en ligne<\/a> complet et guid\u00e9 en quelques secondes.<\/p>\n","protected":false},"excerpt":{"rendered":"<p>L\u2019habillage de votre terrasse ne vous satisfait plus? Apr\u00e8s des ann\u00e9es de loyaux services, son \u00e9tat s\u2019est d\u00e9grad\u00e9 et n\u2019est plus \u00e0 votre go\u00fbt? Alors pourquoi ne pas donner une seconde vie \u00e0 votre terrasse avec un nouvel habillage en bois? Cet article de notre rubrique blog des terrasses vous fera franchir le pas. Pourquoi changer pour du bois ? Chaleureux, charmant, le bois s\u00e9duit gr\u00e2ce \u00e0 de nombreux avantages,&#8230;<\/p>\n","protected":false},"author":2,"featured_media":1344,"parent":556,"menu_order":18,"comment_status":"closed","ping_status":"closed","template":"","meta":{"_acf_changed":false,"footnotes":""},"acf":[],"yoast_head":"<!-- This site is optimized with the Yoast SEO plugin v22.4 - https:\/\/yoast.com\/wordpress\/plugins\/seo\/ -->\n<title>Changez le rev\u00eatement de votre ancienne terrasse pour du bois<\/title>\n<meta name=\"description\" content=\"Vous envisagez de refaire votre terrasse, avez-vous pens\u00e9 au bois ? Nature Bois Concept vous livre quelques conseils pour redonner vie \u00e0 votre terrasse.\" \/>\n<meta name=\"robots\" content=\"index, follow, max-snippet:-1, max-image-preview:large, max-video-preview:-1\" \/>\n<link rel=\"canonical\" href=\"https:\/\/www.nature-bois-concept.com\/magazine\/terrasse-bois\/actualites\/changez-revetement-de-ancienne-terrasse-bois\/\" \/>\n<meta property=\"og:locale\" content=\"fr_FR\" \/>\n<meta property=\"og:type\" content=\"article\" \/>\n<meta property=\"og:title\" content=\"Changez le rev\u00eatement de votre ancienne terrasse pour du bois\" \/>\n<meta property=\"og:description\" content=\"Vous envisagez de refaire votre terrasse, avez-vous pens\u00e9 au bois ? Nature Bois Concept vous livre quelques conseils pour redonner vie \u00e0 votre terrasse.\" \/>\n<meta property=\"og:url\" content=\"https:\/\/www.nature-bois-concept.com\/magazine\/terrasse-bois\/actualites\/changez-revetement-de-ancienne-terrasse-bois\/\" \/>\n<meta property=\"og:site_name\" content=\"Magazine Nature Bois Concept\" \/>\n<meta property=\"article:publisher\" content=\"https:\/\/www.facebook.com\/Nature-Bois-Concept-1596307970584169\/\" \/>\n<meta property=\"article:modified_time\" content=\"2025-03-07T08:53:21+00:00\" \/>\n<meta property=\"og:image\" content=\"https:\/\/www.nature-bois-concept.com\/magazine\/wp-content\/uploads\/2016\/06\/3-4.jpg\" \/>\n\t<meta property=\"og:image:width\" content=\"1620\" \/>\n\t<meta property=\"og:image:height\" content=\"668\" \/>\n\t<meta property=\"og:image:type\" content=\"image\/jpeg\" \/>\n<meta name=\"twitter:card\" content=\"summary_large_image\" \/>\n<meta name=\"twitter:site\" content=\"@nbc_bois\" \/>\n<meta name=\"twitter:label1\" content=\"Dur\u00e9e de lecture estim\u00e9e\" \/>\n\t<meta name=\"twitter:data1\" content=\"4 minutes\" \/>\n<script type=\"application\/ld+json\" class=\"yoast-schema-graph\">{\"@context\":\"https:\/\/schema.org\",\"@graph\":[{\"@type\":\"WebPage\",\"@id\":\"https:\/\/www.nature-bois-concept.com\/magazine\/terrasse-bois\/actualites\/changez-revetement-de-ancienne-terrasse-bois\/\",\"url\":\"https:\/\/www.nature-bois-concept.com\/magazine\/terrasse-bois\/actualites\/changez-revetement-de-ancienne-terrasse-bois\/\",\"name\":\"Changez le rev\u00eatement de votre ancienne terrasse pour du bois\",\"isPartOf\":{\"@id\":\"https:\/\/www.nature-bois-concept.com\/magazine\/#website\"},\"primaryImageOfPage\":{\"@id\":\"https:\/\/www.nature-bois-concept.com\/magazine\/terrasse-bois\/actualites\/changez-revetement-de-ancienne-terrasse-bois\/#primaryimage\"},\"image\":{\"@id\":\"https:\/\/www.nature-bois-concept.com\/magazine\/terrasse-bois\/actualites\/changez-revetement-de-ancienne-terrasse-bois\/#primaryimage\"},\"thumbnailUrl\":\"https:\/\/www.nature-bois-concept.com\/magazine\/wp-content\/uploads\/2016\/06\/3-4.jpg\",\"datePublished\":\"2016-06-28T15:07:44+00:00\",\"dateModified\":\"2025-03-07T08:53:21+00:00\",\"description\":\"Vous envisagez de refaire votre terrasse, avez-vous pens\u00e9 au bois ? Nature Bois Concept vous livre quelques conseils pour redonner vie \u00e0 votre terrasse.\",\"breadcrumb\":{\"@id\":\"https:\/\/www.nature-bois-concept.com\/magazine\/terrasse-bois\/actualites\/changez-revetement-de-ancienne-terrasse-bois\/#breadcrumb\"},\"inLanguage\":\"fr-FR\",\"potentialAction\":[{\"@type\":\"ReadAction\",\"target\":[\"https:\/\/www.nature-bois-concept.com\/magazine\/terrasse-bois\/actualites\/changez-revetement-de-ancienne-terrasse-bois\/\"]}]},{\"@type\":\"ImageObject\",\"inLanguage\":\"fr-FR\",\"@id\":\"https:\/\/www.nature-bois-concept.com\/magazine\/terrasse-bois\/actualites\/changez-revetement-de-ancienne-terrasse-bois\/#primaryimage\",\"url\":\"https:\/\/www.nature-bois-concept.com\/magazine\/wp-content\/uploads\/2016\/06\/3-4.jpg\",\"contentUrl\":\"https:\/\/www.nature-bois-concept.com\/magazine\/wp-content\/uploads\/2016\/06\/3-4.jpg\",\"width\":1620,\"height\":668,\"caption\":\"Magnifique tour de piscine avec rev\u00eatement bois\"},{\"@type\":\"BreadcrumbList\",\"@id\":\"https:\/\/www.nature-bois-concept.com\/magazine\/terrasse-bois\/actualites\/changez-revetement-de-ancienne-terrasse-bois\/#breadcrumb\",\"itemListElement\":[{\"@type\":\"ListItem\",\"position\":1,\"name\":\"Magazine NBC\",\"item\":\"https:\/\/www.nature-bois-concept.com\/magazine\/\"},{\"@type\":\"ListItem\",\"position\":2,\"name\":\"Terrasse bois\",\"item\":\"https:\/\/www.nature-bois-concept.com\/magazine\/terrasse-bois\/\"},{\"@type\":\"ListItem\",\"position\":3,\"name\":\"Les Articles sur la Terrasse en Bois\",\"item\":\"https:\/\/www.nature-bois-concept.com\/magazine\/terrasse-bois\/actualites\/\"},{\"@type\":\"ListItem\",\"position\":4,\"name\":\"Changez le rev\u00eatement de votre ancienne terrasse pour du bois\"}]},{\"@type\":\"WebSite\",\"@id\":\"https:\/\/www.nature-bois-concept.com\/magazine\/#website\",\"url\":\"https:\/\/www.nature-bois-concept.com\/magazine\/\",\"name\":\"Magazine Nature Bois Concept\",\"description\":\"En association avec Nature Bois Concept\",\"potentialAction\":[{\"@type\":\"SearchAction\",\"target\":{\"@type\":\"EntryPoint\",\"urlTemplate\":\"https:\/\/www.nature-bois-concept.com\/magazine\/?s={search_term_string}\"},\"query-input\":\"required name=search_term_string\"}],\"inLanguage\":\"fr-FR\"}]}<\/script>\n<!-- \/ Yoast SEO plugin. -->","yoast_head_json":{"title":"Changez le rev\u00eatement de votre ancienne terrasse pour du bois","description":"Vous envisagez de refaire votre terrasse, avez-vous pens\u00e9 au bois ? Nature Bois Concept vous livre quelques conseils pour redonner vie \u00e0 votre terrasse.","robots":{"index":"index","follow":"follow","max-snippet":"max-snippet:-1","max-image-preview":"max-image-preview:large","max-video-preview":"max-video-preview:-1"},"canonical":"https:\/\/www.nature-bois-concept.com\/magazine\/terrasse-bois\/actualites\/changez-revetement-de-ancienne-terrasse-bois\/","og_locale":"fr_FR","og_type":"article","og_title":"Changez le rev\u00eatement de votre ancienne terrasse pour du bois","og_description":"Vous envisagez de refaire votre terrasse, avez-vous pens\u00e9 au bois ? Nature Bois Concept vous livre quelques conseils pour redonner vie \u00e0 votre terrasse.","og_url":"https:\/\/www.nature-bois-concept.com\/magazine\/terrasse-bois\/actualites\/changez-revetement-de-ancienne-terrasse-bois\/","og_site_name":"Magazine Nature Bois Concept","article_publisher":"https:\/\/www.facebook.com\/Nature-Bois-Concept-1596307970584169\/","article_modified_time":"2025-03-07T08:53:21+00:00","og_image":[{"width":1620,"height":668,"url":"https:\/\/www.nature-bois-concept.com\/magazine\/wp-content\/uploads\/2016\/06\/3-4.jpg","type":"image\/jpeg"}],"twitter_card":"summary_large_image","twitter_site":"@nbc_bois","twitter_misc":{"Dur\u00e9e de lecture estim\u00e9e":"4 minutes"},"schema":{"@context":"https:\/\/schema.org","@graph":[{"@type":"WebPage","@id":"https:\/\/www.nature-bois-concept.com\/magazine\/terrasse-bois\/actualites\/changez-revetement-de-ancienne-terrasse-bois\/","url":"https:\/\/www.nature-bois-concept.com\/magazine\/terrasse-bois\/actualites\/changez-revetement-de-ancienne-terrasse-bois\/","name":"Changez le rev\u00eatement de votre ancienne terrasse pour du bois","isPartOf":{"@id":"https:\/\/www.nature-bois-concept.com\/magazine\/#website"},"primaryImageOfPage":{"@id":"https:\/\/www.nature-bois-concept.com\/magazine\/terrasse-bois\/actualites\/changez-revetement-de-ancienne-terrasse-bois\/#primaryimage"},"image":{"@id":"https:\/\/www.nature-bois-concept.com\/magazine\/terrasse-bois\/actualites\/changez-revetement-de-ancienne-terrasse-bois\/#primaryimage"},"thumbnailUrl":"https:\/\/www.nature-bois-concept.com\/magazine\/wp-content\/uploads\/2016\/06\/3-4.jpg","datePublished":"2016-06-28T15:07:44+00:00","dateModified":"2025-03-07T08:53:21+00:00","description":"Vous envisagez de refaire votre terrasse, avez-vous pens\u00e9 au bois ? Nature Bois Concept vous livre quelques conseils pour redonner vie \u00e0 votre terrasse.","breadcrumb":{"@id":"https:\/\/www.nature-bois-concept.com\/magazine\/terrasse-bois\/actualites\/changez-revetement-de-ancienne-terrasse-bois\/#breadcrumb"},"inLanguage":"fr-FR","potentialAction":[{"@type":"ReadAction","target":["https:\/\/www.nature-bois-concept.com\/magazine\/terrasse-bois\/actualites\/changez-revetement-de-ancienne-terrasse-bois\/"]}]},{"@type":"ImageObject","inLanguage":"fr-FR","@id":"https:\/\/www.nature-bois-concept.com\/magazine\/terrasse-bois\/actualites\/changez-revetement-de-ancienne-terrasse-bois\/#primaryimage","url":"https:\/\/www.nature-bois-concept.com\/magazine\/wp-content\/uploads\/2016\/06\/3-4.jpg","contentUrl":"https:\/\/www.nature-bois-concept.com\/magazine\/wp-content\/uploads\/2016\/06\/3-4.jpg","width":1620,"height":668,"caption":"Magnifique tour de piscine avec rev\u00eatement bois"},{"@type":"BreadcrumbList","@id":"https:\/\/www.nature-bois-concept.com\/magazine\/terrasse-bois\/actualites\/changez-revetement-de-ancienne-terrasse-bois\/#breadcrumb","itemListElement":[{"@type":"ListItem","position":1,"name":"Magazine NBC","item":"https:\/\/www.nature-bois-concept.com\/magazine\/"},{"@type":"ListItem","position":2,"name":"Terrasse bois","item":"https:\/\/www.nature-bois-concept.com\/magazine\/terrasse-bois\/"},{"@type":"ListItem","position":3,"name":"Les Articles sur la Terrasse en Bois","item":"https:\/\/www.nature-bois-concept.com\/magazine\/terrasse-bois\/actualites\/"},{"@type":"ListItem","position":4,"name":"Changez le rev\u00eatement de votre ancienne terrasse pour du bois"}]},{"@type":"WebSite","@id":"https:\/\/www.nature-bois-concept.com\/magazine\/#website","url":"https:\/\/www.nature-bois-concept.com\/magazine\/","name":"Magazine Nature Bois Concept","description":"En association avec Nature Bois Concept","potentialAction":[{"@type":"SearchAction","target":{"@type":"EntryPoint","urlTemplate":"https:\/\/www.nature-bois-concept.com\/magazine\/?s={search_term_string}"},"query-input":"required name=search_term_string"}],"inLanguage":"fr-FR"}]}},"_links":{"self":[{"href":"https:\/\/www.nature-bois-concept.com\/magazine\/wp-json\/wp\/v2\/pages\/633"}],"collection":[{"href":"https:\/\/www.nature-bois-concept.com\/magazine\/wp-json\/wp\/v2\/pages"}],"about":[{"href":"https:\/\/www.nature-bois-concept.com\/magazine\/wp-json\/wp\/v2\/types\/page"}],"author":[{"embeddable":true,"href":"https:\/\/www.nature-bois-concept.com\/magazine\/wp-json\/wp\/v2\/users\/2"}],"replies":[{"embeddable":true,"href":"https:\/\/www.nature-bois-concept.com\/magazine\/wp-json\/wp\/v2\/comments?post=633"}],"version-history":[{"count":22,"href":"https:\/\/www.nature-bois-concept.com\/magazine\/wp-json\/wp\/v2\/pages\/633\/revisions"}],"predecessor-version":[{"id":7714,"href":"https:\/\/www.nature-bois-concept.com\/magazine\/wp-json\/wp\/v2\/pages\/633\/revisions\/7714"}],"up":[{"embeddable":true,"href":"https:\/\/www.nature-bois-concept.com\/magazine\/wp-json\/wp\/v2\/pages\/556"}],"wp:featuredmedia":[{"embeddable":true,"href":"https:\/\/www.nature-bois-concept.com\/magazine\/wp-json\/wp\/v2\/media\/1344"}],"wp:attachment":[{"href":"https:\/\/www.nature-bois-concept.com\/magazine\/wp-json\/wp\/v2\/media?parent=633"}],"curies":[{"name":"wp","href":"https:\/\/api.w.org\/{rel}","templated":true}]}}