{"id":629,"date":"2016-06-28T17:08:41","date_gmt":"2016-06-28T15:08:41","guid":{"rendered":"https:\/\/www.nature-bois-concept.com\/magazine\/?page_id=629"},"modified":"2020-04-23T14:19:20","modified_gmt":"2020-04-23T12:19:20","slug":"expert-terrasse-bois-ingenieur-bois","status":"publish","type":"page","link":"https:\/\/www.nature-bois-concept.com\/magazine\/terrasse-bois\/actualites\/expert-terrasse-bois-ingenieur-bois\/","title":{"rendered":"Expert terrasse bois, notre ing\u00e9nieur bois vous r\u00e9pond"},"content":{"rendered":"<p>Fort de ses connaissances, nous avons fait appel \u00e0 notre <a href=\"https:\/\/www.nature-bois-concept.com\/magazine\/terrasse-bois\/actualites\/expert-terrasse-bois-ingenieur-bois\/\">expert terrasse bois<\/a> pour r\u00e9pondre aux questions que vous \u00eates susceptibles de vous poser lors de l\u2019\u00e9laboration de votre projet.<\/p>\n<p>Vous avez une id\u00e9e bien pr\u00e9cise de votre projet, mais ressentez le besoin d\u2019\u00eatre rassur\u00e9 sur vos choix.<\/p>\n<p>Des \u00e9ventuelles d\u00e9marches administratives \u00e0 l\u2019entretien de votre terrasse une fois pos\u00e9e, notre expert vous prodigue de pr\u00e9cieux conseils.<\/p>\n<p>&nbsp;<\/p>\n<p style=\"text-align: justify;\">\u00a0 \u00a0 \u00a0 \u00a0 \u00a0 \u00a0 \u00a0 \u00a0 \u00a0 \u00a0 \u00a0 \u00a0 \u00a0 \u00a0 Nature Bois Concept vous emm\u00e8ne \u00e0 la rencontre d&rsquo;un ing\u00e9nieur bois et expert terrasse bois chez Nature Bois Concept, il r\u00e9pond \u00e0 vos demandes de devis et vous aide \u00e0 d\u00e9finir au mieux vos besoins afin de r\u00e9aliser vos d\u00e9sirs d\u2019am\u00e9nagement ext\u00e9rieur.<\/p>\n<p style=\"text-align: justify;\">Aujourd\u2019hui, notre <a href=\"https:\/\/www.nature-bois-concept.com\/magazine\/terrasse-bois\/actualites\/\">blog terrasse<\/a> a d\u00e9cid\u00e9 de l\u2019interviewer sur la terrasse bois afin de r\u00e9pondre \u00e0 vos questions pos\u00e9es sur le site internet de Nature Bois Concept. Ces r\u00e9ponses vous permettront de mieux vous guider dans le choix de votre terrasse bois.<\/p>\n<h2>Pourquoi une terrasse en bois plut\u00f4t qu\u2019un autre mat\u00e9riau ?<\/h2>\n<p style=\"text-align: justify;\"><span style=\"text-decoration: underline;\"><strong>Loann<\/strong> <\/span>:<\/p>\n<p style=\"text-align: justify;\">Simple et rapide \u00e0 mettre en \u0153uvre, une terrasse en bois apporte un vrai cachet \u00e0 votre am\u00e9nagement ext\u00e9rieur. Mat\u00e9riau \u00e9cologique, le bois s\u2019adaptera \u00e0 tous les types de jardin ou balcon et il vous apportera sa chaleur et sa l\u00e9g\u00e8ret\u00e9, en s\u2019adaptant au mieux \u00e0 la v\u00e9g\u00e9talisation de votre maison. Le bois restera un mat\u00e9riau noble pour mettre en avant votre am\u00e9nagement ext\u00e9rieur.<\/p>\n<h2>Est-il n\u00e9cessaire de faire une demande de permis de construire pour r\u00e9aliser une terrasse en bois ?<\/h2>\n<p style=\"text-align: justify;\"><span style=\"text-decoration: underline;\"><strong>Loann<\/strong> <\/span>:<\/p>\n<p style=\"text-align: justify;\">La cr\u00e9ation d\u2019une terrasse en bois ne n\u00e9cessite pas obligatoirement de permis de construire.<\/p>\n<p style=\"text-align: justify;\">Si vous souhaitez r\u00e9aliser une terrasse qui ne d\u00e9passe pas les 20 m\u00b2 de surface et les 60 centim\u00e8tres de hauteur, vous n\u2019aurez pas besoin de faire une demande administrative. Au-del\u00e0 vous devrez demander une autorisation de travaux ou un permis de construire. Si vous avez un quelconque doute n\u2019h\u00e9sitez pas \u00e0 consulter le service de l\u2019urbanisme de votre commune avant de lancer d\u2019\u00e9ventuels travaux.<\/p>\n<h2>Quelle est la dur\u00e9e de vie des lames de terrasse bois ?<\/h2>\n<p style=\"text-align: justify;\"><span style=\"text-decoration: underline;\"><strong>Loann<\/strong> <\/span>:<\/p>\n<p style=\"text-align: justify;\">Si vous avez r\u00e9alis\u00e9 votre terrasse \u00e0 l\u2019aide du guide de pose terrasse bois Nature Bois Concept, sans oublier le DTU 51.4 (platelage bois). Suivant les diff\u00e9rentes essences votre terrasse, peut avoir une dur\u00e9e de vie d\u2019une quinzaine d\u2019ann\u00e9es minimum jusqu\u2019\u00e0 plus d\u2019une quarantaine d\u2019ann\u00e9es.<\/p>\n<p style=\"text-align: justify;\"><strong><span style=\"text-decoration: underline;\">Durabilit\u00e9<\/span><\/strong> :<\/p>\n<ul>\n<li style=\"text-align: justify;\">Pin Sylvestre : En moyenne entre 10 et 15 ans<\/li>\n<li style=\"text-align: justify;\">M\u00e9l\u00e8ze : En moyenne entre 20 et 30 ans<\/li>\n<li style=\"text-align: justify;\">Les bois exotiques : En moyenne plus de 40 ans<\/li>\n<\/ul>\n<p style=\"text-align: justify;\"><strong><span style=\"text-decoration: underline;\">Astuce<\/span> <\/strong>:<\/p>\n<p style=\"text-align: justify;\">Une structure bien a\u00e9r\u00e9e accro\u00eetra la durabilit\u00e9 de votre terrasse en bois. Les cales et les bandes bitumineuse sont de vrais atouts pour la p\u00e9rennit\u00e9 de votre structure.<\/p>\n<h2>Comment entretenir sa terrasse bois ?<\/h2>\n<p style=\"text-align: justify;\"><span style=\"text-decoration: underline;\"><strong>Loann<\/strong> <\/span>:<\/p>\n<p style=\"text-align: justify;\">Une terrasse en bois exotique n\u00e9cessite peu d\u2019entretien, seul un nettoyage au Karcher \u00e0 basse pression tous les ans vous assurera la propret\u00e9 de votre terrasse.<\/p>\n<p style=\"text-align: justify;\">Il n\u2019est pas n\u00e9cessaire de traiter la qualit\u00e9 du bois, \u00e0 l\u2019inverse vous pouvez entretenir la couleur des lames de terrasse si vous souhaitez garder la teinte d\u2019origine du bois.<\/p>\n<p style=\"text-align: justify;\">Pour cela, il existe un saturateur adapt\u00e9 \u00e0 appliquer une fois par an. Dans le cas o\u00f9 vous n\u2019avez jamais utilis\u00e9 de saturateur et que vous d\u00e9sirerez retrouver la couleur d\u2019origine, il existe un d\u00e9griseur adapt\u00e9 \u00e0 chaque type de bois.<\/p>\n<h2>Quelles sont les essences les plus r\u00e9sistantes ?<\/h2>\n<p style=\"text-align: justify;\"><span style=\"text-decoration: underline;\"><strong>Loann<\/strong> <\/span>:<\/p>\n<p style=\"text-align: justify;\">Bien \u00e9videmment, les essences de bois les plus r\u00e9sistantes sont les bois exotiques. Ce sont des bois d\u2019une grande densit\u00e9 (de 850 \u00e0 1050 kg par m\u00e8tre cube). Ils sont naturellement imputrescibles, c\u2019est-\u00e0-dire que le bois ne peut pas pourrir, il r\u00e9siste \u00e0 l\u2019agression ext\u00e9rieure (champignons, termites, eau\u2026). G\u00e9n\u00e9ralement les essences exotiques sont classes 4 comme le Cumaru ou l\u2019IPE, maintenant si vous souhaitez imerger vos lames de terrasse en bois dans l\u2019eau sal\u00e9e, il existe des classes 5 comme l\u2019Itauba ou le Massasranduba. Les essences de bois r\u00e9sineux sont un peu moins r\u00e9sistantes mais sont aussi adapt\u00e9es pour la r\u00e9alisation de terrasse bois.<\/p>\n<h2>Comment choisir entre les diff\u00e9rentes essences de bois exotiques?<\/h2>\n<p style=\"text-align: justify;\"><span style=\"text-decoration: underline;\"><strong>Loann<\/strong> <\/span>:<\/p>\n<p style=\"text-align: justify;\">C\u2019est vrai que le choix peut para\u00eetre corn\u00e9lien. Cependant, le choix des lames de terrasse bois va d\u00e9pendre de vos go\u00fbts et de votre budget. Tout d\u2019abord les bois exotiques n\u2019ont pas les m\u00eames couleurs, certaines personnes vont choisir un bois plus clair comme le Cumaru qui dispose d\u2019une belle couleur aux teintes rouges, d\u2019autres vont pr\u00e9f\u00e9rer un bois exotique plus fonc\u00e9 comme l\u2019Itauba, l\u2019IPE ou le Massaranduba qui sont davantage couleur brun fonc\u00e9. Hormis la couleur du bois, leurs aspects vont \u00eatre diff\u00e9rents. Le grain et le fil du bois diff\u00e8rent selon la vari\u00e9t\u00e9 de celui-ci, un comparatif des essences de bois est disponible ici.<\/p>\n<h2>Les lames stri\u00e9es sont-elles vraiment antid\u00e9rapantes ?<\/h2>\n<p style=\"text-align: justify;\"><span style=\"text-decoration: underline;\"><strong>Loann<\/strong> <\/span>:<\/p>\n<p style=\"text-align: justify;\">On pourrait penser que gr\u00e2ce aux lames de terrasse stri\u00e9es l\u2019effet antid\u00e9rapant serait plus important. Cependant, les stries des lames ne sont pas assez profondes pour jouer sur l\u2019effet antid\u00e9rapant de votre terrasse. Seul l\u2019espacement entre les lames de terrasse pourra augmenter l\u2019effet antid\u00e9rapant. Le choix entre les deux types de profil, est donc un choix esth\u00e9tique, les tendances d\u2019aujourd\u2019hui tendent \u00e0 choisir de plus en plus de lames qui poss\u00e8dent deux faces lisses.<\/p>\n<h2>Le sens des lames de terrasse a-t-il une r\u00e9elle importance ?<\/h2>\n<p style=\"text-align: justify;\"><span style=\"text-decoration: underline;\"><strong>Loann<\/strong> <\/span>:<\/p>\n<p style=\"text-align: justify;\">Pas vraiment, c\u2019est surtout une histoire de go\u00fbt. Il n\u2019y a pas de r\u00e8gle qui validerait un sens ou l\u2019autre, une pose des lames de terrasse parall\u00e8le \u00e0 la fa\u00e7ade de votre maison aura tendance \u00e0 agrandir votre terrasse tandis qu\u2019une pose perpendiculaire aura tendance \u00e0 agrandir votre maison. Ce qui est important c\u2019est de r\u00e9aliser la pose de mani\u00e8re \u00e0 utiliser le moins de chute possible, il est donc n\u00e9cessaire de r\u00e9aliser sa pose selon les dimensions de votre terrasse, la technique de pose que vous souhaitez et les longueurs disponibles en stock.<\/p>\n<h2>Combien dois-je pr\u00e9voir de chutes ?<\/h2>\n<p style=\"text-align: justify;\"><span style=\"text-decoration: underline;\"><strong>Loann<\/strong> <\/span>:<\/p>\n<p style=\"text-align: justify;\">Le pourcentage de chute d\u00e9pend de la technique de pose que vous allez adopter, ces pertes potentielles sont bien s\u00fbr \u00e0 pr\u00e9voir lors de votre devis. Ces pertes ainsi que ces techniques ont \u00e9t\u00e9 r\u00e9pertori\u00e9es dans l\u2019article sur les techniques de pose de terrasse, n\u2019h\u00e9sitez pas \u00e0 vous y rendre pour pr\u00e9voir au mieux vos chutes de lames.<\/p>\n<h2>Est-ce que la longueur des lames de terrasse est un facteur important ?<\/h2>\n<p style=\"text-align: justify;\"><span style=\"text-decoration: underline;\"><strong>Loann<\/strong> <\/span>:<\/p>\n<p style=\"text-align: justify;\">Non la longueur des lames de terrasse n\u2019est pas un facteur important. C\u2019est l\u2019une des premi\u00e8res questions de nos clients, en effet ils ont souvent des longueurs en t\u00eate avant m\u00eame de nous contacter. Il est vrai qu\u2019on a souvent tendance \u00e0 vouloir la m\u00eame longueur pour l\u2019ensemble de notre terrasse, mais ce n\u2019est pas forc\u00e9ment toujours la meilleure option. Un panachage reste une bonne solution car la pose parquet permet de faciliter la mise en \u0153uvre. Il vaut mieux pr\u00e9f\u00e9rer des longueurs dites normales entre 2 m\u00e8tres et 4 m\u00e8tres, plut\u00f4t que de grandes longueurs de plus de 4 m\u00e8tres qui sont souvent plus dures \u00e0 mettre en place car elles sont plus lourdes, encombrantes et difficiles \u00e0 manipuler.<\/p>\n<p style=\"text-align: justify;\">J\u2019esp\u00e8re avoir r\u00e9pondu au mieux \u00e0 vos questions, n\u2019h\u00e9sitez pas \u00e0 contacter notre \u00e9quipe d\u2019expert terrasse bois \u00e0 votre service.<\/p>\n","protected":false},"excerpt":{"rendered":"<p>Fort de ses connaissances, nous avons fait appel \u00e0 notre expert terrasse bois pour r\u00e9pondre aux questions que vous \u00eates susceptibles de vous poser lors de l\u2019\u00e9laboration de votre projet. Vous avez une id\u00e9e bien pr\u00e9cise de votre projet, mais ressentez le besoin d\u2019\u00eatre rassur\u00e9 sur vos choix. Des \u00e9ventuelles d\u00e9marches administratives \u00e0 l\u2019entretien de votre terrasse une fois pos\u00e9e, notre expert vous prodigue de pr\u00e9cieux conseils. &nbsp; \u00a0 \u00a0&#8230;<\/p>\n","protected":false},"author":2,"featured_media":3527,"parent":556,"menu_order":5,"comment_status":"closed","ping_status":"closed","template":"","meta":{"_acf_changed":false,"footnotes":""},"acf":[],"yoast_head":"<!-- This site is optimized with the Yoast SEO plugin v22.4 - https:\/\/yoast.com\/wordpress\/plugins\/seo\/ -->\n<title>Notre expert terrasse bois vous r\u00e9pond - Le magazine Nature Bois Concept<\/title>\n<meta name=\"description\" content=\"Le magazine Nature Bois Concept vous invite \u00e0 la rencontre de notre ing\u00e9nieur bois. Expert terrasse bois, il r\u00e9pond \u00e0 toutes vos questions.\" \/>\n<meta name=\"robots\" content=\"index, follow, max-snippet:-1, max-image-preview:large, max-video-preview:-1\" \/>\n<link rel=\"canonical\" href=\"https:\/\/www.nature-bois-concept.com\/magazine\/terrasse-bois\/actualites\/expert-terrasse-bois-ingenieur-bois\/\" \/>\n<meta property=\"og:locale\" content=\"fr_FR\" \/>\n<meta property=\"og:type\" content=\"article\" \/>\n<meta property=\"og:title\" content=\"Notre expert terrasse bois vous r\u00e9pond - Le magazine Nature Bois Concept\" \/>\n<meta property=\"og:description\" content=\"Le magazine Nature Bois Concept vous invite \u00e0 la rencontre de notre ing\u00e9nieur bois. Expert terrasse bois, il r\u00e9pond \u00e0 toutes vos questions.\" \/>\n<meta property=\"og:url\" content=\"https:\/\/www.nature-bois-concept.com\/magazine\/terrasse-bois\/actualites\/expert-terrasse-bois-ingenieur-bois\/\" \/>\n<meta property=\"og:site_name\" content=\"Magazine Nature Bois Concept\" \/>\n<meta property=\"article:publisher\" content=\"https:\/\/www.facebook.com\/Nature-Bois-Concept-1596307970584169\/\" \/>\n<meta property=\"article:modified_time\" content=\"2020-04-23T12:19:20+00:00\" \/>\n<meta property=\"og:image\" content=\"https:\/\/www.nature-bois-concept.com\/magazine\/wp-content\/uploads\/2016\/06\/Expert-terrasse-bois-Notre-ing\u00e9nieur-bois-vous-r\u00e9pond-1-1620x440.jpg\" \/>\n\t<meta property=\"og:image:width\" content=\"1620\" \/>\n\t<meta property=\"og:image:height\" content=\"440\" \/>\n\t<meta property=\"og:image:type\" content=\"image\/jpeg\" \/>\n<meta name=\"twitter:card\" content=\"summary_large_image\" \/>\n<meta name=\"twitter:site\" content=\"@nbc_bois\" \/>\n<meta name=\"twitter:label1\" content=\"Dur\u00e9e de lecture estim\u00e9e\" \/>\n\t<meta name=\"twitter:data1\" content=\"7 minutes\" \/>\n<script type=\"application\/ld+json\" class=\"yoast-schema-graph\">{\"@context\":\"https:\/\/schema.org\",\"@graph\":[{\"@type\":\"WebPage\",\"@id\":\"https:\/\/www.nature-bois-concept.com\/magazine\/terrasse-bois\/actualites\/expert-terrasse-bois-ingenieur-bois\/\",\"url\":\"https:\/\/www.nature-bois-concept.com\/magazine\/terrasse-bois\/actualites\/expert-terrasse-bois-ingenieur-bois\/\",\"name\":\"Notre expert terrasse bois vous r\u00e9pond - Le magazine Nature Bois Concept\",\"isPartOf\":{\"@id\":\"https:\/\/www.nature-bois-concept.com\/magazine\/#website\"},\"primaryImageOfPage\":{\"@id\":\"https:\/\/www.nature-bois-concept.com\/magazine\/terrasse-bois\/actualites\/expert-terrasse-bois-ingenieur-bois\/#primaryimage\"},\"image\":{\"@id\":\"https:\/\/www.nature-bois-concept.com\/magazine\/terrasse-bois\/actualites\/expert-terrasse-bois-ingenieur-bois\/#primaryimage\"},\"thumbnailUrl\":\"https:\/\/www.nature-bois-concept.com\/magazine\/wp-content\/uploads\/2016\/06\/Expert-terrasse-bois-Notre-ing\u00e9nieur-bois-vous-r\u00e9pond-1-1620x440.jpg\",\"datePublished\":\"2016-06-28T15:08:41+00:00\",\"dateModified\":\"2020-04-23T12:19:20+00:00\",\"description\":\"Le magazine Nature Bois Concept vous invite \u00e0 la rencontre de notre ing\u00e9nieur bois. Expert terrasse bois, il r\u00e9pond \u00e0 toutes vos questions.\",\"breadcrumb\":{\"@id\":\"https:\/\/www.nature-bois-concept.com\/magazine\/terrasse-bois\/actualites\/expert-terrasse-bois-ingenieur-bois\/#breadcrumb\"},\"inLanguage\":\"fr-FR\",\"potentialAction\":[{\"@type\":\"ReadAction\",\"target\":[\"https:\/\/www.nature-bois-concept.com\/magazine\/terrasse-bois\/actualites\/expert-terrasse-bois-ingenieur-bois\/\"]}]},{\"@type\":\"ImageObject\",\"inLanguage\":\"fr-FR\",\"@id\":\"https:\/\/www.nature-bois-concept.com\/magazine\/terrasse-bois\/actualites\/expert-terrasse-bois-ingenieur-bois\/#primaryimage\",\"url\":\"https:\/\/www.nature-bois-concept.com\/magazine\/wp-content\/uploads\/2016\/06\/Expert-terrasse-bois-Notre-ing\u00e9nieur-bois-vous-r\u00e9pond-1-1620x440.jpg\",\"contentUrl\":\"https:\/\/www.nature-bois-concept.com\/magazine\/wp-content\/uploads\/2016\/06\/Expert-terrasse-bois-Notre-ing\u00e9nieur-bois-vous-r\u00e9pond-1-1620x440.jpg\",\"width\":1620,\"height\":440,\"caption\":\"expert en terrasse bois\"},{\"@type\":\"BreadcrumbList\",\"@id\":\"https:\/\/www.nature-bois-concept.com\/magazine\/terrasse-bois\/actualites\/expert-terrasse-bois-ingenieur-bois\/#breadcrumb\",\"itemListElement\":[{\"@type\":\"ListItem\",\"position\":1,\"name\":\"Magazine NBC\",\"item\":\"https:\/\/www.nature-bois-concept.com\/magazine\/\"},{\"@type\":\"ListItem\",\"position\":2,\"name\":\"Terrasse bois\",\"item\":\"https:\/\/www.nature-bois-concept.com\/magazine\/terrasse-bois\/\"},{\"@type\":\"ListItem\",\"position\":3,\"name\":\"Les Articles sur la Terrasse en Bois\",\"item\":\"https:\/\/www.nature-bois-concept.com\/magazine\/terrasse-bois\/actualites\/\"},{\"@type\":\"ListItem\",\"position\":4,\"name\":\"Expert terrasse bois, notre ing\u00e9nieur bois vous r\u00e9pond\"}]},{\"@type\":\"WebSite\",\"@id\":\"https:\/\/www.nature-bois-concept.com\/magazine\/#website\",\"url\":\"https:\/\/www.nature-bois-concept.com\/magazine\/\",\"name\":\"Magazine Nature Bois Concept\",\"description\":\"En association avec Nature Bois Concept\",\"potentialAction\":[{\"@type\":\"SearchAction\",\"target\":{\"@type\":\"EntryPoint\",\"urlTemplate\":\"https:\/\/www.nature-bois-concept.com\/magazine\/?s={search_term_string}\"},\"query-input\":\"required name=search_term_string\"}],\"inLanguage\":\"fr-FR\"}]}<\/script>\n<!-- \/ Yoast SEO plugin. -->","yoast_head_json":{"title":"Notre expert terrasse bois vous r\u00e9pond - Le magazine Nature Bois Concept","description":"Le magazine Nature Bois Concept vous invite \u00e0 la rencontre de notre ing\u00e9nieur bois. Expert terrasse bois, il r\u00e9pond \u00e0 toutes vos questions.","robots":{"index":"index","follow":"follow","max-snippet":"max-snippet:-1","max-image-preview":"max-image-preview:large","max-video-preview":"max-video-preview:-1"},"canonical":"https:\/\/www.nature-bois-concept.com\/magazine\/terrasse-bois\/actualites\/expert-terrasse-bois-ingenieur-bois\/","og_locale":"fr_FR","og_type":"article","og_title":"Notre expert terrasse bois vous r\u00e9pond - Le magazine Nature Bois Concept","og_description":"Le magazine Nature Bois Concept vous invite \u00e0 la rencontre de notre ing\u00e9nieur bois. Expert terrasse bois, il r\u00e9pond \u00e0 toutes vos questions.","og_url":"https:\/\/www.nature-bois-concept.com\/magazine\/terrasse-bois\/actualites\/expert-terrasse-bois-ingenieur-bois\/","og_site_name":"Magazine Nature Bois Concept","article_publisher":"https:\/\/www.facebook.com\/Nature-Bois-Concept-1596307970584169\/","article_modified_time":"2020-04-23T12:19:20+00:00","og_image":[{"width":1620,"height":440,"url":"https:\/\/www.nature-bois-concept.com\/magazine\/wp-content\/uploads\/2016\/06\/Expert-terrasse-bois-Notre-ing\u00e9nieur-bois-vous-r\u00e9pond-1-1620x440.jpg","type":"image\/jpeg"}],"twitter_card":"summary_large_image","twitter_site":"@nbc_bois","twitter_misc":{"Dur\u00e9e de lecture estim\u00e9e":"7 minutes"},"schema":{"@context":"https:\/\/schema.org","@graph":[{"@type":"WebPage","@id":"https:\/\/www.nature-bois-concept.com\/magazine\/terrasse-bois\/actualites\/expert-terrasse-bois-ingenieur-bois\/","url":"https:\/\/www.nature-bois-concept.com\/magazine\/terrasse-bois\/actualites\/expert-terrasse-bois-ingenieur-bois\/","name":"Notre expert terrasse bois vous r\u00e9pond - Le magazine Nature Bois Concept","isPartOf":{"@id":"https:\/\/www.nature-bois-concept.com\/magazine\/#website"},"primaryImageOfPage":{"@id":"https:\/\/www.nature-bois-concept.com\/magazine\/terrasse-bois\/actualites\/expert-terrasse-bois-ingenieur-bois\/#primaryimage"},"image":{"@id":"https:\/\/www.nature-bois-concept.com\/magazine\/terrasse-bois\/actualites\/expert-terrasse-bois-ingenieur-bois\/#primaryimage"},"thumbnailUrl":"https:\/\/www.nature-bois-concept.com\/magazine\/wp-content\/uploads\/2016\/06\/Expert-terrasse-bois-Notre-ing\u00e9nieur-bois-vous-r\u00e9pond-1-1620x440.jpg","datePublished":"2016-06-28T15:08:41+00:00","dateModified":"2020-04-23T12:19:20+00:00","description":"Le magazine Nature Bois Concept vous invite \u00e0 la rencontre de notre ing\u00e9nieur bois. Expert terrasse bois, il r\u00e9pond \u00e0 toutes vos questions.","breadcrumb":{"@id":"https:\/\/www.nature-bois-concept.com\/magazine\/terrasse-bois\/actualites\/expert-terrasse-bois-ingenieur-bois\/#breadcrumb"},"inLanguage":"fr-FR","potentialAction":[{"@type":"ReadAction","target":["https:\/\/www.nature-bois-concept.com\/magazine\/terrasse-bois\/actualites\/expert-terrasse-bois-ingenieur-bois\/"]}]},{"@type":"ImageObject","inLanguage":"fr-FR","@id":"https:\/\/www.nature-bois-concept.com\/magazine\/terrasse-bois\/actualites\/expert-terrasse-bois-ingenieur-bois\/#primaryimage","url":"https:\/\/www.nature-bois-concept.com\/magazine\/wp-content\/uploads\/2016\/06\/Expert-terrasse-bois-Notre-ing\u00e9nieur-bois-vous-r\u00e9pond-1-1620x440.jpg","contentUrl":"https:\/\/www.nature-bois-concept.com\/magazine\/wp-content\/uploads\/2016\/06\/Expert-terrasse-bois-Notre-ing\u00e9nieur-bois-vous-r\u00e9pond-1-1620x440.jpg","width":1620,"height":440,"caption":"expert en terrasse bois"},{"@type":"BreadcrumbList","@id":"https:\/\/www.nature-bois-concept.com\/magazine\/terrasse-bois\/actualites\/expert-terrasse-bois-ingenieur-bois\/#breadcrumb","itemListElement":[{"@type":"ListItem","position":1,"name":"Magazine NBC","item":"https:\/\/www.nature-bois-concept.com\/magazine\/"},{"@type":"ListItem","position":2,"name":"Terrasse bois","item":"https:\/\/www.nature-bois-concept.com\/magazine\/terrasse-bois\/"},{"@type":"ListItem","position":3,"name":"Les Articles sur la Terrasse en Bois","item":"https:\/\/www.nature-bois-concept.com\/magazine\/terrasse-bois\/actualites\/"},{"@type":"ListItem","position":4,"name":"Expert terrasse bois, notre ing\u00e9nieur bois vous r\u00e9pond"}]},{"@type":"WebSite","@id":"https:\/\/www.nature-bois-concept.com\/magazine\/#website","url":"https:\/\/www.nature-bois-concept.com\/magazine\/","name":"Magazine Nature Bois Concept","description":"En association avec Nature Bois Concept","potentialAction":[{"@type":"SearchAction","target":{"@type":"EntryPoint","urlTemplate":"https:\/\/www.nature-bois-concept.com\/magazine\/?s={search_term_string}"},"query-input":"required name=search_term_string"}],"inLanguage":"fr-FR"}]}},"_links":{"self":[{"href":"https:\/\/www.nature-bois-concept.com\/magazine\/wp-json\/wp\/v2\/pages\/629"}],"collection":[{"href":"https:\/\/www.nature-bois-concept.com\/magazine\/wp-json\/wp\/v2\/pages"}],"about":[{"href":"https:\/\/www.nature-bois-concept.com\/magazine\/wp-json\/wp\/v2\/types\/page"}],"author":[{"embeddable":true,"href":"https:\/\/www.nature-bois-concept.com\/magazine\/wp-json\/wp\/v2\/users\/2"}],"replies":[{"embeddable":true,"href":"https:\/\/www.nature-bois-concept.com\/magazine\/wp-json\/wp\/v2\/comments?post=629"}],"version-history":[{"count":28,"href":"https:\/\/www.nature-bois-concept.com\/magazine\/wp-json\/wp\/v2\/pages\/629\/revisions"}],"predecessor-version":[{"id":5804,"href":"https:\/\/www.nature-bois-concept.com\/magazine\/wp-json\/wp\/v2\/pages\/629\/revisions\/5804"}],"up":[{"embeddable":true,"href":"https:\/\/www.nature-bois-concept.com\/magazine\/wp-json\/wp\/v2\/pages\/556"}],"wp:featuredmedia":[{"embeddable":true,"href":"https:\/\/www.nature-bois-concept.com\/magazine\/wp-json\/wp\/v2\/media\/3527"}],"wp:attachment":[{"href":"https:\/\/www.nature-bois-concept.com\/magazine\/wp-json\/wp\/v2\/media?parent=629"}],"curies":[{"name":"wp","href":"https:\/\/api.w.org\/{rel}","templated":true}]}}