{"id":6121,"date":"2020-08-31T16:13:52","date_gmt":"2020-08-31T14:13:52","guid":{"rendered":"https:\/\/www.nature-bois-concept.com\/magazine\/?page_id=6121"},"modified":"2025-12-01T08:55:00","modified_gmt":"2025-12-01T07:55:00","slug":"mieux-comprendre-bardage-claire-voie-ou-ajoure","status":"publish","type":"page","link":"https:\/\/www.nature-bois-concept.com\/magazine\/bardage-bois\/actualites\/mieux-comprendre-bardage-claire-voie-ou-ajoure\/","title":{"rendered":"Qu&rsquo;est-ce que le bardage claire-voie ou ajour\u00e9 ?"},"content":{"rendered":"","protected":false},"excerpt":{"rendered":"","protected":false},"author":12,"featured_media":6144,"parent":579,"menu_order":0,"comment_status":"closed","ping_status":"closed","template":"","meta":{"_acf_changed":false,"footnotes":""},"acf":[],"yoast_head":"<!-- This site is optimized with the Yoast SEO plugin v22.4 - https:\/\/yoast.com\/wordpress\/plugins\/seo\/ -->\n<title>Qu&#039;est-ce que le bardage claire-voie ou ajour\u00e9 ? Nos explications<\/title>\n<meta name=\"description\" content=\"Contrairement au bardage classique, le bardage en bois claire-voie ou bardage ajour\u00e9 ne fait pas se superposer les lames, ce qui lui donne un esth\u00e9tisme unique.\" \/>\n<meta name=\"robots\" content=\"index, follow, max-snippet:-1, max-image-preview:large, max-video-preview:-1\" \/>\n<link rel=\"canonical\" href=\"https:\/\/www.nature-bois-concept.com\/magazine\/bardage-bois\/actualites\/mieux-comprendre-bardage-claire-voie-ou-ajoure\/\" \/>\n<meta property=\"og:locale\" content=\"fr_FR\" \/>\n<meta property=\"og:type\" content=\"article\" \/>\n<meta property=\"og:title\" content=\"Qu&#039;est-ce que le bardage claire-voie ou ajour\u00e9 ? Nos explications\" \/>\n<meta property=\"og:description\" content=\"Contrairement au bardage classique, le bardage en bois claire-voie ou bardage ajour\u00e9 ne fait pas se superposer les lames, ce qui lui donne un esth\u00e9tisme unique.\" \/>\n<meta property=\"og:url\" content=\"https:\/\/www.nature-bois-concept.com\/magazine\/bardage-bois\/actualites\/mieux-comprendre-bardage-claire-voie-ou-ajoure\/\" \/>\n<meta property=\"og:site_name\" content=\"Magazine Nature Bois Concept\" \/>\n<meta property=\"article:publisher\" content=\"https:\/\/www.facebook.com\/Nature-Bois-Concept-1596307970584169\/\" \/>\n<meta property=\"article:modified_time\" content=\"2025-12-01T07:55:00+00:00\" \/>\n<meta property=\"og:image\" content=\"https:\/\/www.nature-bois-concept.com\/magazine\/wp-content\/uploads\/2020\/08\/bardage-meleze-claire-voieMAG.jpeg\" \/>\n\t<meta property=\"og:image:width\" content=\"1900\" \/>\n\t<meta property=\"og:image:height\" content=\"400\" \/>\n\t<meta property=\"og:image:type\" content=\"image\/jpeg\" \/>\n<meta name=\"twitter:card\" content=\"summary_large_image\" \/>\n<meta name=\"twitter:site\" content=\"@nbc_bois\" \/>\n<meta name=\"twitter:label1\" content=\"Dur\u00e9e de lecture estim\u00e9e\" \/>\n\t<meta name=\"twitter:data1\" content=\"1 minute\" \/>\n<script type=\"application\/ld+json\" class=\"yoast-schema-graph\">{\"@context\":\"https:\/\/schema.org\",\"@graph\":[{\"@type\":\"WebPage\",\"@id\":\"https:\/\/www.nature-bois-concept.com\/magazine\/bardage-bois\/actualites\/mieux-comprendre-bardage-claire-voie-ou-ajoure\/\",\"url\":\"https:\/\/www.nature-bois-concept.com\/magazine\/bardage-bois\/actualites\/mieux-comprendre-bardage-claire-voie-ou-ajoure\/\",\"name\":\"Qu'est-ce que le bardage claire-voie ou ajour\u00e9 ? Nos explications\",\"isPartOf\":{\"@id\":\"https:\/\/www.nature-bois-concept.com\/magazine\/#website\"},\"primaryImageOfPage\":{\"@id\":\"https:\/\/www.nature-bois-concept.com\/magazine\/bardage-bois\/actualites\/mieux-comprendre-bardage-claire-voie-ou-ajoure\/#primaryimage\"},\"image\":{\"@id\":\"https:\/\/www.nature-bois-concept.com\/magazine\/bardage-bois\/actualites\/mieux-comprendre-bardage-claire-voie-ou-ajoure\/#primaryimage\"},\"thumbnailUrl\":\"https:\/\/www.nature-bois-concept.com\/magazine\/wp-content\/uploads\/2020\/08\/bardage-meleze-claire-voieMAG.jpeg\",\"datePublished\":\"2020-08-31T14:13:52+00:00\",\"dateModified\":\"2025-12-01T07:55:00+00:00\",\"description\":\"Contrairement au bardage classique, le bardage en bois claire-voie ou bardage ajour\u00e9 ne fait pas se superposer les lames, ce qui lui donne un esth\u00e9tisme unique.\",\"breadcrumb\":{\"@id\":\"https:\/\/www.nature-bois-concept.com\/magazine\/bardage-bois\/actualites\/mieux-comprendre-bardage-claire-voie-ou-ajoure\/#breadcrumb\"},\"inLanguage\":\"fr-FR\",\"potentialAction\":[{\"@type\":\"ReadAction\",\"target\":[\"https:\/\/www.nature-bois-concept.com\/magazine\/bardage-bois\/actualites\/mieux-comprendre-bardage-claire-voie-ou-ajoure\/\"]}]},{\"@type\":\"ImageObject\",\"inLanguage\":\"fr-FR\",\"@id\":\"https:\/\/www.nature-bois-concept.com\/magazine\/bardage-bois\/actualites\/mieux-comprendre-bardage-claire-voie-ou-ajoure\/#primaryimage\",\"url\":\"https:\/\/www.nature-bois-concept.com\/magazine\/wp-content\/uploads\/2020\/08\/bardage-meleze-claire-voieMAG.jpeg\",\"contentUrl\":\"https:\/\/www.nature-bois-concept.com\/magazine\/wp-content\/uploads\/2020\/08\/bardage-meleze-claire-voieMAG.jpeg\",\"width\":1900,\"height\":400,\"caption\":\"Bardage claire-voie M\u00e9l\u00e8ze\"},{\"@type\":\"BreadcrumbList\",\"@id\":\"https:\/\/www.nature-bois-concept.com\/magazine\/bardage-bois\/actualites\/mieux-comprendre-bardage-claire-voie-ou-ajoure\/#breadcrumb\",\"itemListElement\":[{\"@type\":\"ListItem\",\"position\":1,\"name\":\"Magazine NBC\",\"item\":\"https:\/\/www.nature-bois-concept.com\/magazine\/\"},{\"@type\":\"ListItem\",\"position\":2,\"name\":\"Bardage bois\",\"item\":\"https:\/\/www.nature-bois-concept.com\/magazine\/bardage-bois\/\"},{\"@type\":\"ListItem\",\"position\":3,\"name\":\"Article Bardage Bois\",\"item\":\"https:\/\/www.nature-bois-concept.com\/magazine\/bardage-bois\/actualites\/\"},{\"@type\":\"ListItem\",\"position\":4,\"name\":\"Qu&rsquo;est-ce que le bardage claire-voie ou ajour\u00e9 ?\"}]},{\"@type\":\"WebSite\",\"@id\":\"https:\/\/www.nature-bois-concept.com\/magazine\/#website\",\"url\":\"https:\/\/www.nature-bois-concept.com\/magazine\/\",\"name\":\"Magazine Nature Bois Concept\",\"description\":\"En association avec Nature Bois Concept\",\"potentialAction\":[{\"@type\":\"SearchAction\",\"target\":{\"@type\":\"EntryPoint\",\"urlTemplate\":\"https:\/\/www.nature-bois-concept.com\/magazine\/?s={search_term_string}\"},\"query-input\":\"required name=search_term_string\"}],\"inLanguage\":\"fr-FR\"}]}<\/script>\n<!-- \/ Yoast SEO plugin. -->","yoast_head_json":{"title":"Qu'est-ce que le bardage claire-voie ou ajour\u00e9 ? Nos explications","description":"Contrairement au bardage classique, le bardage en bois claire-voie ou bardage ajour\u00e9 ne fait pas se superposer les lames, ce qui lui donne un esth\u00e9tisme unique.","robots":{"index":"index","follow":"follow","max-snippet":"max-snippet:-1","max-image-preview":"max-image-preview:large","max-video-preview":"max-video-preview:-1"},"canonical":"https:\/\/www.nature-bois-concept.com\/magazine\/bardage-bois\/actualites\/mieux-comprendre-bardage-claire-voie-ou-ajoure\/","og_locale":"fr_FR","og_type":"article","og_title":"Qu'est-ce que le bardage claire-voie ou ajour\u00e9 ? Nos explications","og_description":"Contrairement au bardage classique, le bardage en bois claire-voie ou bardage ajour\u00e9 ne fait pas se superposer les lames, ce qui lui donne un esth\u00e9tisme unique.","og_url":"https:\/\/www.nature-bois-concept.com\/magazine\/bardage-bois\/actualites\/mieux-comprendre-bardage-claire-voie-ou-ajoure\/","og_site_name":"Magazine Nature Bois Concept","article_publisher":"https:\/\/www.facebook.com\/Nature-Bois-Concept-1596307970584169\/","article_modified_time":"2025-12-01T07:55:00+00:00","og_image":[{"width":1900,"height":400,"url":"https:\/\/www.nature-bois-concept.com\/magazine\/wp-content\/uploads\/2020\/08\/bardage-meleze-claire-voieMAG.jpeg","type":"image\/jpeg"}],"twitter_card":"summary_large_image","twitter_site":"@nbc_bois","twitter_misc":{"Dur\u00e9e de lecture estim\u00e9e":"1 minute"},"schema":{"@context":"https:\/\/schema.org","@graph":[{"@type":"WebPage","@id":"https:\/\/www.nature-bois-concept.com\/magazine\/bardage-bois\/actualites\/mieux-comprendre-bardage-claire-voie-ou-ajoure\/","url":"https:\/\/www.nature-bois-concept.com\/magazine\/bardage-bois\/actualites\/mieux-comprendre-bardage-claire-voie-ou-ajoure\/","name":"Qu'est-ce que le bardage claire-voie ou ajour\u00e9 ? Nos explications","isPartOf":{"@id":"https:\/\/www.nature-bois-concept.com\/magazine\/#website"},"primaryImageOfPage":{"@id":"https:\/\/www.nature-bois-concept.com\/magazine\/bardage-bois\/actualites\/mieux-comprendre-bardage-claire-voie-ou-ajoure\/#primaryimage"},"image":{"@id":"https:\/\/www.nature-bois-concept.com\/magazine\/bardage-bois\/actualites\/mieux-comprendre-bardage-claire-voie-ou-ajoure\/#primaryimage"},"thumbnailUrl":"https:\/\/www.nature-bois-concept.com\/magazine\/wp-content\/uploads\/2020\/08\/bardage-meleze-claire-voieMAG.jpeg","datePublished":"2020-08-31T14:13:52+00:00","dateModified":"2025-12-01T07:55:00+00:00","description":"Contrairement au bardage classique, le bardage en bois claire-voie ou bardage ajour\u00e9 ne fait pas se superposer les lames, ce qui lui donne un esth\u00e9tisme unique.","breadcrumb":{"@id":"https:\/\/www.nature-bois-concept.com\/magazine\/bardage-bois\/actualites\/mieux-comprendre-bardage-claire-voie-ou-ajoure\/#breadcrumb"},"inLanguage":"fr-FR","potentialAction":[{"@type":"ReadAction","target":["https:\/\/www.nature-bois-concept.com\/magazine\/bardage-bois\/actualites\/mieux-comprendre-bardage-claire-voie-ou-ajoure\/"]}]},{"@type":"ImageObject","inLanguage":"fr-FR","@id":"https:\/\/www.nature-bois-concept.com\/magazine\/bardage-bois\/actualites\/mieux-comprendre-bardage-claire-voie-ou-ajoure\/#primaryimage","url":"https:\/\/www.nature-bois-concept.com\/magazine\/wp-content\/uploads\/2020\/08\/bardage-meleze-claire-voieMAG.jpeg","contentUrl":"https:\/\/www.nature-bois-concept.com\/magazine\/wp-content\/uploads\/2020\/08\/bardage-meleze-claire-voieMAG.jpeg","width":1900,"height":400,"caption":"Bardage claire-voie M\u00e9l\u00e8ze"},{"@type":"BreadcrumbList","@id":"https:\/\/www.nature-bois-concept.com\/magazine\/bardage-bois\/actualites\/mieux-comprendre-bardage-claire-voie-ou-ajoure\/#breadcrumb","itemListElement":[{"@type":"ListItem","position":1,"name":"Magazine NBC","item":"https:\/\/www.nature-bois-concept.com\/magazine\/"},{"@type":"ListItem","position":2,"name":"Bardage bois","item":"https:\/\/www.nature-bois-concept.com\/magazine\/bardage-bois\/"},{"@type":"ListItem","position":3,"name":"Article Bardage Bois","item":"https:\/\/www.nature-bois-concept.com\/magazine\/bardage-bois\/actualites\/"},{"@type":"ListItem","position":4,"name":"Qu&rsquo;est-ce que le bardage claire-voie ou ajour\u00e9 ?"}]},{"@type":"WebSite","@id":"https:\/\/www.nature-bois-concept.com\/magazine\/#website","url":"https:\/\/www.nature-bois-concept.com\/magazine\/","name":"Magazine Nature Bois Concept","description":"En association avec Nature Bois Concept","potentialAction":[{"@type":"SearchAction","target":{"@type":"EntryPoint","urlTemplate":"https:\/\/www.nature-bois-concept.com\/magazine\/?s={search_term_string}"},"query-input":"required name=search_term_string"}],"inLanguage":"fr-FR"}]}},"_links":{"self":[{"href":"https:\/\/www.nature-bois-concept.com\/magazine\/wp-json\/wp\/v2\/pages\/6121"}],"collection":[{"href":"https:\/\/www.nature-bois-concept.com\/magazine\/wp-json\/wp\/v2\/pages"}],"about":[{"href":"https:\/\/www.nature-bois-concept.com\/magazine\/wp-json\/wp\/v2\/types\/page"}],"author":[{"embeddable":true,"href":"https:\/\/www.nature-bois-concept.com\/magazine\/wp-json\/wp\/v2\/users\/12"}],"replies":[{"embeddable":true,"href":"https:\/\/www.nature-bois-concept.com\/magazine\/wp-json\/wp\/v2\/comments?post=6121"}],"version-history":[{"count":10,"href":"https:\/\/www.nature-bois-concept.com\/magazine\/wp-json\/wp\/v2\/pages\/6121\/revisions"}],"predecessor-version":[{"id":8104,"href":"https:\/\/www.nature-bois-concept.com\/magazine\/wp-json\/wp\/v2\/pages\/6121\/revisions\/8104"}],"up":[{"embeddable":true,"href":"https:\/\/www.nature-bois-concept.com\/magazine\/wp-json\/wp\/v2\/pages\/579"}],"wp:featuredmedia":[{"embeddable":true,"href":"https:\/\/www.nature-bois-concept.com\/magazine\/wp-json\/wp\/v2\/media\/6144"}],"wp:attachment":[{"href":"https:\/\/www.nature-bois-concept.com\/magazine\/wp-json\/wp\/v2\/media?parent=6121"}],"curies":[{"name":"wp","href":"https:\/\/api.w.org\/{rel}","templated":true}]}}