{"id":612,"date":"2016-06-28T16:41:14","date_gmt":"2016-06-28T14:41:14","guid":{"rendered":"https:\/\/www.nature-bois-concept.com\/magazine\/?page_id=612"},"modified":"2025-06-13T15:36:31","modified_gmt":"2025-06-13T13:36:31","slug":"guide-bois","status":"publish","type":"page","link":"https:\/\/www.nature-bois-concept.com\/magazine\/guide-bois\/","title":{"rendered":"Guide Bois"},"content":{"rendered":"<p style=\"text-align: justify;\">Vous avez pour projet de r\u00e9aliser un am\u00e9nagement ext\u00e9rieur, bardage ou terrasse, mais ne savez pas quel bois vous correspond le mieux. Gr\u00e2ce \u00e0 ce guide essence bois, vous apprendrez \u00e0 connaitre nos essences bois, leur traitement, et leur classe d\u2019emploi. Ainsi, vous pourrez r\u00e9aliser votre projet de mani\u00e8re sereine, et au gr\u00e9 de vos envies. C\u2019est vous qui choisissez, nous ne faisons que vous guider, et vous conseiller dans vos choix.<\/p>\n<p style=\"text-align: justify;\">Chez Nature Bois Concept, nous vous proposons trois gammes d\u2019essences\u00a0: le R\u00e9sineux, l\u2019Exotique, et le Composite. Trois types d\u2019essences qui sont utilisables bien \u00e9videmment en ext\u00e9rieur, mais qui ont leurs caract\u00e9ristiques bien \u00e0 elles. Le R\u00e9sineux est un bois tendre. Qu\u2019il soit utilis\u00e9 en bardage ou en terrasse, il ressortira tout le c\u00f4t\u00e9 rustique naturel du bois. L\u2019exotique est un bois dur. Il sera parfait pour r\u00e9chauffer votre ext\u00e9rieur, pos\u00e9 en lames de terrasse autour de votre piscine. Quant au Composite, compos\u00e9 de bois et de Poly\u00e9thyl\u00e8ne haute densit\u00e9, il sera parfait si vous ne souhaitez pas entretenir votre bois. Apr\u00e8s avoir d\u00e9couvert plus en d\u00e9tails nos diff\u00e9rents bois, vous apprendrez comment chacun r\u00e9siste aux agressions ext\u00e9rieures.<\/p>\n<p style=\"text-align: justify;\">Certains sont naturellement imputrescibles, mais d\u2019autres en revanche n\u00e9cessitent d\u2019un traitement pour devenir durables. Mais attention, tous les traitements ne se valent, vous vous devez d\u2019\u00eatre vigilants sur les traitements apport\u00e9s. Nous vous guidons sur ce point. Enfin, vous avez une certaine pr\u00e9f\u00e9rence pour un bois plus qu\u2019un autre, mais \u00eates-vous certain qu\u2019il peut s\u2019adapter \u00e0 votre environnement\u00a0? En effet, tous les bois ne se valent pas, et c\u2019est ce que nous voulons vous faire comprendre \u00e0 travers notre dernier article sur les classes d\u2019emploi.<\/p>\n<p style=\"text-align: justify;\">Une fois tous ces \u00e9l\u00e9ments bien acquis, vous serez pr\u00eat \u00e0 envisager votre projet de terrasse bois ou bardage bois. Entre donc dans l\u2019univers du bois.<\/p>\n","protected":false},"excerpt":{"rendered":"<p>Vous avez pour projet de r\u00e9aliser un am\u00e9nagement ext\u00e9rieur, bardage ou terrasse, mais ne savez pas quel bois vous correspond le mieux. Gr\u00e2ce \u00e0 ce guide essence bois, vous apprendrez \u00e0 connaitre nos essences bois, leur traitement, et leur classe d\u2019emploi. Ainsi, vous pourrez r\u00e9aliser votre projet de mani\u00e8re sereine, et au gr\u00e9 de vos envies. C\u2019est vous qui choisissez, nous ne faisons que vous guider, et vous conseiller dans&#8230;<\/p>\n","protected":false},"author":2,"featured_media":2481,"parent":0,"menu_order":18,"comment_status":"closed","ping_status":"closed","template":"","meta":{"_acf_changed":false,"footnotes":""},"acf":[],"yoast_head":"<!-- This site is optimized with the Yoast SEO plugin v22.4 - https:\/\/yoast.com\/wordpress\/plugins\/seo\/ -->\n<title>Le Guide du Bois 2017 par Nature Bois Concept !<\/title>\n<meta name=\"description\" content=\"Savoir quelle essence correspond \u00e0 votre projet d\u2019am\u00e9nagement ext\u00e9rieur est primordial. D\u00e9couvrez toutes nos essences bois pour terrasse ou bardage\" \/>\n<meta name=\"robots\" content=\"index, follow, max-snippet:-1, max-image-preview:large, max-video-preview:-1\" \/>\n<link rel=\"canonical\" href=\"https:\/\/www.nature-bois-concept.com\/magazine\/guide-bois\/\" \/>\n<meta property=\"og:locale\" content=\"fr_FR\" \/>\n<meta property=\"og:type\" content=\"article\" \/>\n<meta property=\"og:title\" content=\"Le Guide du Bois 2017 par Nature Bois Concept !\" \/>\n<meta property=\"og:description\" content=\"Savoir quelle essence correspond \u00e0 votre projet d\u2019am\u00e9nagement ext\u00e9rieur est primordial. D\u00e9couvrez toutes nos essences bois pour terrasse ou bardage\" \/>\n<meta property=\"og:url\" content=\"https:\/\/www.nature-bois-concept.com\/magazine\/guide-bois\/\" \/>\n<meta property=\"og:site_name\" content=\"Magazine Nature Bois Concept\" \/>\n<meta property=\"article:publisher\" content=\"https:\/\/www.facebook.com\/Nature-Bois-Concept-1596307970584169\/\" \/>\n<meta property=\"article:modified_time\" content=\"2025-06-13T13:36:31+00:00\" \/>\n<meta property=\"og:image\" content=\"https:\/\/www.nature-bois-concept.com\/magazine\/wp-content\/uploads\/2016\/06\/guide-bois.jpg\" \/>\n\t<meta property=\"og:image:width\" content=\"1620\" \/>\n\t<meta property=\"og:image:height\" content=\"668\" \/>\n\t<meta property=\"og:image:type\" content=\"image\/jpeg\" \/>\n<meta name=\"twitter:card\" content=\"summary_large_image\" \/>\n<meta name=\"twitter:site\" content=\"@nbc_bois\" \/>\n<meta name=\"twitter:label1\" content=\"Dur\u00e9e de lecture estim\u00e9e\" \/>\n\t<meta name=\"twitter:data1\" content=\"2 minutes\" \/>\n<script type=\"application\/ld+json\" class=\"yoast-schema-graph\">{\"@context\":\"https:\/\/schema.org\",\"@graph\":[{\"@type\":\"WebPage\",\"@id\":\"https:\/\/www.nature-bois-concept.com\/magazine\/guide-bois\/\",\"url\":\"https:\/\/www.nature-bois-concept.com\/magazine\/guide-bois\/\",\"name\":\"Le Guide du Bois 2017 par Nature Bois Concept !\",\"isPartOf\":{\"@id\":\"https:\/\/www.nature-bois-concept.com\/magazine\/#website\"},\"primaryImageOfPage\":{\"@id\":\"https:\/\/www.nature-bois-concept.com\/magazine\/guide-bois\/#primaryimage\"},\"image\":{\"@id\":\"https:\/\/www.nature-bois-concept.com\/magazine\/guide-bois\/#primaryimage\"},\"thumbnailUrl\":\"https:\/\/www.nature-bois-concept.com\/magazine\/wp-content\/uploads\/2016\/06\/guide-bois.jpg\",\"datePublished\":\"2016-06-28T14:41:14+00:00\",\"dateModified\":\"2025-06-13T13:36:31+00:00\",\"description\":\"Savoir quelle essence correspond \u00e0 votre projet d\u2019am\u00e9nagement ext\u00e9rieur est primordial. D\u00e9couvrez toutes nos essences bois pour terrasse ou bardage\",\"breadcrumb\":{\"@id\":\"https:\/\/www.nature-bois-concept.com\/magazine\/guide-bois\/#breadcrumb\"},\"inLanguage\":\"fr-FR\",\"potentialAction\":[{\"@type\":\"ReadAction\",\"target\":[\"https:\/\/www.nature-bois-concept.com\/magazine\/guide-bois\/\"]}]},{\"@type\":\"ImageObject\",\"inLanguage\":\"fr-FR\",\"@id\":\"https:\/\/www.nature-bois-concept.com\/magazine\/guide-bois\/#primaryimage\",\"url\":\"https:\/\/www.nature-bois-concept.com\/magazine\/wp-content\/uploads\/2016\/06\/guide-bois.jpg\",\"contentUrl\":\"https:\/\/www.nature-bois-concept.com\/magazine\/wp-content\/uploads\/2016\/06\/guide-bois.jpg\",\"width\":1620,\"height\":668,\"caption\":\"belle maison avec terrasse et fa\u00e7ade bardage\"},{\"@type\":\"BreadcrumbList\",\"@id\":\"https:\/\/www.nature-bois-concept.com\/magazine\/guide-bois\/#breadcrumb\",\"itemListElement\":[{\"@type\":\"ListItem\",\"position\":1,\"name\":\"Magazine NBC\",\"item\":\"https:\/\/www.nature-bois-concept.com\/magazine\/\"},{\"@type\":\"ListItem\",\"position\":2,\"name\":\"Guide Bois\"}]},{\"@type\":\"WebSite\",\"@id\":\"https:\/\/www.nature-bois-concept.com\/magazine\/#website\",\"url\":\"https:\/\/www.nature-bois-concept.com\/magazine\/\",\"name\":\"Magazine Nature Bois Concept\",\"description\":\"En association avec Nature Bois Concept\",\"potentialAction\":[{\"@type\":\"SearchAction\",\"target\":{\"@type\":\"EntryPoint\",\"urlTemplate\":\"https:\/\/www.nature-bois-concept.com\/magazine\/?s={search_term_string}\"},\"query-input\":\"required name=search_term_string\"}],\"inLanguage\":\"fr-FR\"}]}<\/script>\n<!-- \/ Yoast SEO plugin. -->","yoast_head_json":{"title":"Le Guide du Bois 2017 par Nature Bois Concept !","description":"Savoir quelle essence correspond \u00e0 votre projet d\u2019am\u00e9nagement ext\u00e9rieur est primordial. D\u00e9couvrez toutes nos essences bois pour terrasse ou bardage","robots":{"index":"index","follow":"follow","max-snippet":"max-snippet:-1","max-image-preview":"max-image-preview:large","max-video-preview":"max-video-preview:-1"},"canonical":"https:\/\/www.nature-bois-concept.com\/magazine\/guide-bois\/","og_locale":"fr_FR","og_type":"article","og_title":"Le Guide du Bois 2017 par Nature Bois Concept !","og_description":"Savoir quelle essence correspond \u00e0 votre projet d\u2019am\u00e9nagement ext\u00e9rieur est primordial. D\u00e9couvrez toutes nos essences bois pour terrasse ou bardage","og_url":"https:\/\/www.nature-bois-concept.com\/magazine\/guide-bois\/","og_site_name":"Magazine Nature Bois Concept","article_publisher":"https:\/\/www.facebook.com\/Nature-Bois-Concept-1596307970584169\/","article_modified_time":"2025-06-13T13:36:31+00:00","og_image":[{"width":1620,"height":668,"url":"https:\/\/www.nature-bois-concept.com\/magazine\/wp-content\/uploads\/2016\/06\/guide-bois.jpg","type":"image\/jpeg"}],"twitter_card":"summary_large_image","twitter_site":"@nbc_bois","twitter_misc":{"Dur\u00e9e de lecture estim\u00e9e":"2 minutes"},"schema":{"@context":"https:\/\/schema.org","@graph":[{"@type":"WebPage","@id":"https:\/\/www.nature-bois-concept.com\/magazine\/guide-bois\/","url":"https:\/\/www.nature-bois-concept.com\/magazine\/guide-bois\/","name":"Le Guide du Bois 2017 par Nature Bois Concept !","isPartOf":{"@id":"https:\/\/www.nature-bois-concept.com\/magazine\/#website"},"primaryImageOfPage":{"@id":"https:\/\/www.nature-bois-concept.com\/magazine\/guide-bois\/#primaryimage"},"image":{"@id":"https:\/\/www.nature-bois-concept.com\/magazine\/guide-bois\/#primaryimage"},"thumbnailUrl":"https:\/\/www.nature-bois-concept.com\/magazine\/wp-content\/uploads\/2016\/06\/guide-bois.jpg","datePublished":"2016-06-28T14:41:14+00:00","dateModified":"2025-06-13T13:36:31+00:00","description":"Savoir quelle essence correspond \u00e0 votre projet d\u2019am\u00e9nagement ext\u00e9rieur est primordial. D\u00e9couvrez toutes nos essences bois pour terrasse ou bardage","breadcrumb":{"@id":"https:\/\/www.nature-bois-concept.com\/magazine\/guide-bois\/#breadcrumb"},"inLanguage":"fr-FR","potentialAction":[{"@type":"ReadAction","target":["https:\/\/www.nature-bois-concept.com\/magazine\/guide-bois\/"]}]},{"@type":"ImageObject","inLanguage":"fr-FR","@id":"https:\/\/www.nature-bois-concept.com\/magazine\/guide-bois\/#primaryimage","url":"https:\/\/www.nature-bois-concept.com\/magazine\/wp-content\/uploads\/2016\/06\/guide-bois.jpg","contentUrl":"https:\/\/www.nature-bois-concept.com\/magazine\/wp-content\/uploads\/2016\/06\/guide-bois.jpg","width":1620,"height":668,"caption":"belle maison avec terrasse et fa\u00e7ade bardage"},{"@type":"BreadcrumbList","@id":"https:\/\/www.nature-bois-concept.com\/magazine\/guide-bois\/#breadcrumb","itemListElement":[{"@type":"ListItem","position":1,"name":"Magazine NBC","item":"https:\/\/www.nature-bois-concept.com\/magazine\/"},{"@type":"ListItem","position":2,"name":"Guide Bois"}]},{"@type":"WebSite","@id":"https:\/\/www.nature-bois-concept.com\/magazine\/#website","url":"https:\/\/www.nature-bois-concept.com\/magazine\/","name":"Magazine Nature Bois Concept","description":"En association avec Nature Bois Concept","potentialAction":[{"@type":"SearchAction","target":{"@type":"EntryPoint","urlTemplate":"https:\/\/www.nature-bois-concept.com\/magazine\/?s={search_term_string}"},"query-input":"required name=search_term_string"}],"inLanguage":"fr-FR"}]}},"_links":{"self":[{"href":"https:\/\/www.nature-bois-concept.com\/magazine\/wp-json\/wp\/v2\/pages\/612"}],"collection":[{"href":"https:\/\/www.nature-bois-concept.com\/magazine\/wp-json\/wp\/v2\/pages"}],"about":[{"href":"https:\/\/www.nature-bois-concept.com\/magazine\/wp-json\/wp\/v2\/types\/page"}],"author":[{"embeddable":true,"href":"https:\/\/www.nature-bois-concept.com\/magazine\/wp-json\/wp\/v2\/users\/2"}],"replies":[{"embeddable":true,"href":"https:\/\/www.nature-bois-concept.com\/magazine\/wp-json\/wp\/v2\/comments?post=612"}],"version-history":[{"count":21,"href":"https:\/\/www.nature-bois-concept.com\/magazine\/wp-json\/wp\/v2\/pages\/612\/revisions"}],"predecessor-version":[{"id":7857,"href":"https:\/\/www.nature-bois-concept.com\/magazine\/wp-json\/wp\/v2\/pages\/612\/revisions\/7857"}],"wp:featuredmedia":[{"embeddable":true,"href":"https:\/\/www.nature-bois-concept.com\/magazine\/wp-json\/wp\/v2\/media\/2481"}],"wp:attachment":[{"href":"https:\/\/www.nature-bois-concept.com\/magazine\/wp-json\/wp\/v2\/media?parent=612"}],"curies":[{"name":"wp","href":"https:\/\/api.w.org\/{rel}","templated":true}]}}