{"id":6066,"date":"2020-07-31T12:04:52","date_gmt":"2020-07-31T10:04:52","guid":{"rendered":"https:\/\/www.nature-bois-concept.com\/magazine\/?page_id=6066"},"modified":"2020-07-31T14:38:53","modified_gmt":"2020-07-31T12:38:53","slug":"amenager-salon-jardin-bas","status":"publish","type":"page","link":"https:\/\/www.nature-bois-concept.com\/magazine\/terrasse-bois\/actualites\/amenager-salon-jardin-bas\/","title":{"rendered":"Comment am\u00e9nager un salon bas de jardin ?"},"content":{"rendered":"","protected":false},"excerpt":{"rendered":"","protected":false},"author":12,"featured_media":6071,"parent":556,"menu_order":0,"comment_status":"closed","ping_status":"closed","template":"","meta":{"_acf_changed":false,"footnotes":""},"acf":[],"yoast_head":"<!-- This site is optimized with the Yoast SEO plugin v22.4 - https:\/\/yoast.com\/wordpress\/plugins\/seo\/ -->\n<title>Comment bien am\u00e9nager son salon bas de jardin ?<\/title>\n<meta name=\"description\" content=\"Rien de mieux que de se d\u00e9tendre au jardin sur du mobilier confortable tout en profitant du beau temps. D\u00e9couvrez comment bien am\u00e9nager votre salon bas de jardin.\" \/>\n<meta name=\"robots\" content=\"index, follow, max-snippet:-1, max-image-preview:large, max-video-preview:-1\" \/>\n<link rel=\"canonical\" href=\"https:\/\/www.nature-bois-concept.com\/magazine\/terrasse-bois\/actualites\/amenager-salon-jardin-bas\/\" \/>\n<meta property=\"og:locale\" content=\"fr_FR\" \/>\n<meta property=\"og:type\" content=\"article\" \/>\n<meta property=\"og:title\" content=\"Comment bien am\u00e9nager son salon bas de jardin ?\" \/>\n<meta property=\"og:description\" content=\"Rien de mieux que de se d\u00e9tendre au jardin sur du mobilier confortable tout en profitant du beau temps. D\u00e9couvrez comment bien am\u00e9nager votre salon bas de jardin.\" \/>\n<meta property=\"og:url\" content=\"https:\/\/www.nature-bois-concept.com\/magazine\/terrasse-bois\/actualites\/amenager-salon-jardin-bas\/\" \/>\n<meta property=\"og:site_name\" content=\"Magazine Nature Bois Concept\" \/>\n<meta property=\"article:publisher\" content=\"https:\/\/www.facebook.com\/Nature-Bois-Concept-1596307970584169\/\" \/>\n<meta property=\"article:modified_time\" content=\"2020-07-31T12:38:53+00:00\" \/>\n<meta property=\"og:image\" content=\"https:\/\/www.nature-bois-concept.com\/magazine\/wp-content\/uploads\/2020\/07\/Cordouan-fauteuil-coussins-d\u00e9coMAG.jpg\" \/>\n\t<meta property=\"og:image:width\" content=\"1900\" \/>\n\t<meta property=\"og:image:height\" content=\"400\" \/>\n\t<meta property=\"og:image:type\" content=\"image\/jpeg\" \/>\n<meta name=\"twitter:card\" content=\"summary_large_image\" \/>\n<meta name=\"twitter:site\" content=\"@nbc_bois\" \/>\n<script type=\"application\/ld+json\" class=\"yoast-schema-graph\">{\"@context\":\"https:\/\/schema.org\",\"@graph\":[{\"@type\":\"WebPage\",\"@id\":\"https:\/\/www.nature-bois-concept.com\/magazine\/terrasse-bois\/actualites\/amenager-salon-jardin-bas\/\",\"url\":\"https:\/\/www.nature-bois-concept.com\/magazine\/terrasse-bois\/actualites\/amenager-salon-jardin-bas\/\",\"name\":\"Comment bien am\u00e9nager son salon bas de jardin ?\",\"isPartOf\":{\"@id\":\"https:\/\/www.nature-bois-concept.com\/magazine\/#website\"},\"primaryImageOfPage\":{\"@id\":\"https:\/\/www.nature-bois-concept.com\/magazine\/terrasse-bois\/actualites\/amenager-salon-jardin-bas\/#primaryimage\"},\"image\":{\"@id\":\"https:\/\/www.nature-bois-concept.com\/magazine\/terrasse-bois\/actualites\/amenager-salon-jardin-bas\/#primaryimage\"},\"thumbnailUrl\":\"https:\/\/www.nature-bois-concept.com\/magazine\/wp-content\/uploads\/2020\/07\/Cordouan-fauteuil-coussins-d\u00e9coMAG.jpg\",\"datePublished\":\"2020-07-31T10:04:52+00:00\",\"dateModified\":\"2020-07-31T12:38:53+00:00\",\"description\":\"Rien de mieux que de se d\u00e9tendre au jardin sur du mobilier confortable tout en profitant du beau temps. D\u00e9couvrez comment bien am\u00e9nager votre salon bas de jardin.\",\"breadcrumb\":{\"@id\":\"https:\/\/www.nature-bois-concept.com\/magazine\/terrasse-bois\/actualites\/amenager-salon-jardin-bas\/#breadcrumb\"},\"inLanguage\":\"fr-FR\",\"potentialAction\":[{\"@type\":\"ReadAction\",\"target\":[\"https:\/\/www.nature-bois-concept.com\/magazine\/terrasse-bois\/actualites\/amenager-salon-jardin-bas\/\"]}]},{\"@type\":\"ImageObject\",\"inLanguage\":\"fr-FR\",\"@id\":\"https:\/\/www.nature-bois-concept.com\/magazine\/terrasse-bois\/actualites\/amenager-salon-jardin-bas\/#primaryimage\",\"url\":\"https:\/\/www.nature-bois-concept.com\/magazine\/wp-content\/uploads\/2020\/07\/Cordouan-fauteuil-coussins-d\u00e9coMAG.jpg\",\"contentUrl\":\"https:\/\/www.nature-bois-concept.com\/magazine\/wp-content\/uploads\/2020\/07\/Cordouan-fauteuil-coussins-d\u00e9coMAG.jpg\",\"width\":1900,\"height\":400,\"caption\":\"Ensemble d\u00e9tente Cordouan (canap\u00e9 + fauteuils + table basse) - Oc\u00e9o\"},{\"@type\":\"BreadcrumbList\",\"@id\":\"https:\/\/www.nature-bois-concept.com\/magazine\/terrasse-bois\/actualites\/amenager-salon-jardin-bas\/#breadcrumb\",\"itemListElement\":[{\"@type\":\"ListItem\",\"position\":1,\"name\":\"Magazine NBC\",\"item\":\"https:\/\/www.nature-bois-concept.com\/magazine\/\"},{\"@type\":\"ListItem\",\"position\":2,\"name\":\"Terrasse bois\",\"item\":\"https:\/\/www.nature-bois-concept.com\/magazine\/terrasse-bois\/\"},{\"@type\":\"ListItem\",\"position\":3,\"name\":\"Les Articles sur la Terrasse en Bois\",\"item\":\"https:\/\/www.nature-bois-concept.com\/magazine\/terrasse-bois\/actualites\/\"},{\"@type\":\"ListItem\",\"position\":4,\"name\":\"Comment am\u00e9nager un salon bas de jardin ?\"}]},{\"@type\":\"WebSite\",\"@id\":\"https:\/\/www.nature-bois-concept.com\/magazine\/#website\",\"url\":\"https:\/\/www.nature-bois-concept.com\/magazine\/\",\"name\":\"Magazine Nature Bois Concept\",\"description\":\"En association avec Nature Bois Concept\",\"potentialAction\":[{\"@type\":\"SearchAction\",\"target\":{\"@type\":\"EntryPoint\",\"urlTemplate\":\"https:\/\/www.nature-bois-concept.com\/magazine\/?s={search_term_string}\"},\"query-input\":\"required name=search_term_string\"}],\"inLanguage\":\"fr-FR\"}]}<\/script>\n<!-- \/ Yoast SEO plugin. -->","yoast_head_json":{"title":"Comment bien am\u00e9nager son salon bas de jardin ?","description":"Rien de mieux que de se d\u00e9tendre au jardin sur du mobilier confortable tout en profitant du beau temps. D\u00e9couvrez comment bien am\u00e9nager votre salon bas de jardin.","robots":{"index":"index","follow":"follow","max-snippet":"max-snippet:-1","max-image-preview":"max-image-preview:large","max-video-preview":"max-video-preview:-1"},"canonical":"https:\/\/www.nature-bois-concept.com\/magazine\/terrasse-bois\/actualites\/amenager-salon-jardin-bas\/","og_locale":"fr_FR","og_type":"article","og_title":"Comment bien am\u00e9nager son salon bas de jardin ?","og_description":"Rien de mieux que de se d\u00e9tendre au jardin sur du mobilier confortable tout en profitant du beau temps. D\u00e9couvrez comment bien am\u00e9nager votre salon bas de jardin.","og_url":"https:\/\/www.nature-bois-concept.com\/magazine\/terrasse-bois\/actualites\/amenager-salon-jardin-bas\/","og_site_name":"Magazine Nature Bois Concept","article_publisher":"https:\/\/www.facebook.com\/Nature-Bois-Concept-1596307970584169\/","article_modified_time":"2020-07-31T12:38:53+00:00","og_image":[{"width":1900,"height":400,"url":"https:\/\/www.nature-bois-concept.com\/magazine\/wp-content\/uploads\/2020\/07\/Cordouan-fauteuil-coussins-d\u00e9coMAG.jpg","type":"image\/jpeg"}],"twitter_card":"summary_large_image","twitter_site":"@nbc_bois","schema":{"@context":"https:\/\/schema.org","@graph":[{"@type":"WebPage","@id":"https:\/\/www.nature-bois-concept.com\/magazine\/terrasse-bois\/actualites\/amenager-salon-jardin-bas\/","url":"https:\/\/www.nature-bois-concept.com\/magazine\/terrasse-bois\/actualites\/amenager-salon-jardin-bas\/","name":"Comment bien am\u00e9nager son salon bas de jardin ?","isPartOf":{"@id":"https:\/\/www.nature-bois-concept.com\/magazine\/#website"},"primaryImageOfPage":{"@id":"https:\/\/www.nature-bois-concept.com\/magazine\/terrasse-bois\/actualites\/amenager-salon-jardin-bas\/#primaryimage"},"image":{"@id":"https:\/\/www.nature-bois-concept.com\/magazine\/terrasse-bois\/actualites\/amenager-salon-jardin-bas\/#primaryimage"},"thumbnailUrl":"https:\/\/www.nature-bois-concept.com\/magazine\/wp-content\/uploads\/2020\/07\/Cordouan-fauteuil-coussins-d\u00e9coMAG.jpg","datePublished":"2020-07-31T10:04:52+00:00","dateModified":"2020-07-31T12:38:53+00:00","description":"Rien de mieux que de se d\u00e9tendre au jardin sur du mobilier confortable tout en profitant du beau temps. D\u00e9couvrez comment bien am\u00e9nager votre salon bas de jardin.","breadcrumb":{"@id":"https:\/\/www.nature-bois-concept.com\/magazine\/terrasse-bois\/actualites\/amenager-salon-jardin-bas\/#breadcrumb"},"inLanguage":"fr-FR","potentialAction":[{"@type":"ReadAction","target":["https:\/\/www.nature-bois-concept.com\/magazine\/terrasse-bois\/actualites\/amenager-salon-jardin-bas\/"]}]},{"@type":"ImageObject","inLanguage":"fr-FR","@id":"https:\/\/www.nature-bois-concept.com\/magazine\/terrasse-bois\/actualites\/amenager-salon-jardin-bas\/#primaryimage","url":"https:\/\/www.nature-bois-concept.com\/magazine\/wp-content\/uploads\/2020\/07\/Cordouan-fauteuil-coussins-d\u00e9coMAG.jpg","contentUrl":"https:\/\/www.nature-bois-concept.com\/magazine\/wp-content\/uploads\/2020\/07\/Cordouan-fauteuil-coussins-d\u00e9coMAG.jpg","width":1900,"height":400,"caption":"Ensemble d\u00e9tente Cordouan (canap\u00e9 + fauteuils + table basse) - Oc\u00e9o"},{"@type":"BreadcrumbList","@id":"https:\/\/www.nature-bois-concept.com\/magazine\/terrasse-bois\/actualites\/amenager-salon-jardin-bas\/#breadcrumb","itemListElement":[{"@type":"ListItem","position":1,"name":"Magazine NBC","item":"https:\/\/www.nature-bois-concept.com\/magazine\/"},{"@type":"ListItem","position":2,"name":"Terrasse bois","item":"https:\/\/www.nature-bois-concept.com\/magazine\/terrasse-bois\/"},{"@type":"ListItem","position":3,"name":"Les Articles sur la Terrasse en Bois","item":"https:\/\/www.nature-bois-concept.com\/magazine\/terrasse-bois\/actualites\/"},{"@type":"ListItem","position":4,"name":"Comment am\u00e9nager un salon bas de jardin ?"}]},{"@type":"WebSite","@id":"https:\/\/www.nature-bois-concept.com\/magazine\/#website","url":"https:\/\/www.nature-bois-concept.com\/magazine\/","name":"Magazine Nature Bois Concept","description":"En association avec Nature Bois Concept","potentialAction":[{"@type":"SearchAction","target":{"@type":"EntryPoint","urlTemplate":"https:\/\/www.nature-bois-concept.com\/magazine\/?s={search_term_string}"},"query-input":"required name=search_term_string"}],"inLanguage":"fr-FR"}]}},"_links":{"self":[{"href":"https:\/\/www.nature-bois-concept.com\/magazine\/wp-json\/wp\/v2\/pages\/6066"}],"collection":[{"href":"https:\/\/www.nature-bois-concept.com\/magazine\/wp-json\/wp\/v2\/pages"}],"about":[{"href":"https:\/\/www.nature-bois-concept.com\/magazine\/wp-json\/wp\/v2\/types\/page"}],"author":[{"embeddable":true,"href":"https:\/\/www.nature-bois-concept.com\/magazine\/wp-json\/wp\/v2\/users\/12"}],"replies":[{"embeddable":true,"href":"https:\/\/www.nature-bois-concept.com\/magazine\/wp-json\/wp\/v2\/comments?post=6066"}],"version-history":[{"count":7,"href":"https:\/\/www.nature-bois-concept.com\/magazine\/wp-json\/wp\/v2\/pages\/6066\/revisions"}],"predecessor-version":[{"id":6080,"href":"https:\/\/www.nature-bois-concept.com\/magazine\/wp-json\/wp\/v2\/pages\/6066\/revisions\/6080"}],"up":[{"embeddable":true,"href":"https:\/\/www.nature-bois-concept.com\/magazine\/wp-json\/wp\/v2\/pages\/556"}],"wp:featuredmedia":[{"embeddable":true,"href":"https:\/\/www.nature-bois-concept.com\/magazine\/wp-json\/wp\/v2\/media\/6071"}],"wp:attachment":[{"href":"https:\/\/www.nature-bois-concept.com\/magazine\/wp-json\/wp\/v2\/media?parent=6066"}],"curies":[{"name":"wp","href":"https:\/\/api.w.org\/{rel}","templated":true}]}}

Comment aménager un salon bas de jardin ?

<!-- This site is optimized with the Yoast SEO plugin v22.4 - https://yoast.com/wordpress/plugins/seo/ -->
<title>Comment bien aménager son salon bas de jardin ?</title>
<meta name="description" content="Rien de mieux que de se détendre au jardin sur du mobilier confortable tout en profitant du beau temps. Découvrez comment bien aménager votre salon bas de jardin." />
<meta name="robots" content="index, follow, max-snippet:-1, max-image-preview:large, max-video-preview:-1" />
<link rel="canonical" href="https://www.nature-bois-concept.com/magazine/terrasse-bois/actualites/amenager-salon-jardin-bas/" />
<meta property="og:locale" content="fr_FR" />
<meta property="og:type" content="article" />
<meta property="og:title" content="Comment bien aménager son salon bas de jardin ?" />
<meta property="og:description" content="Rien de mieux que de se détendre au jardin sur du mobilier confortable tout en profitant du beau temps. Découvrez comment bien aménager votre salon bas de jardin." />
<meta property="og:url" content="https://www.nature-bois-concept.com/magazine/terrasse-bois/actualites/amenager-salon-jardin-bas/" />
<meta property="og:site_name" content="Magazine Nature Bois Concept" />
<meta property="article:publisher" content="https://www.facebook.com/Nature-Bois-Concept-1596307970584169/" />
<meta property="article:modified_time" content="2020-07-31T12:38:53+00:00" />
<meta property="og:image" content="https://www.nature-bois-concept.com/magazine/wp-content/uploads/2020/07/Cordouan-fauteuil-coussins-décoMAG.jpg" />
	<meta property="og:image:width" content="1900" />
	<meta property="og:image:height" content="400" />
	<meta property="og:image:type" content="image/jpeg" />
<meta name="twitter:card" content="summary_large_image" />
<meta name="twitter:site" content="@nbc_bois" />
<script type="application/ld+json" class="yoast-schema-graph">{"@context":"https://schema.org","@graph":[{"@type":"WebPage","@id":"https://www.nature-bois-concept.com/magazine/terrasse-bois/actualites/amenager-salon-jardin-bas/","url":"https://www.nature-bois-concept.com/magazine/terrasse-bois/actualites/amenager-salon-jardin-bas/","name":"Comment bien aménager son salon bas de jardin ?","isPartOf":{"@id":"https://www.nature-bois-concept.com/magazine/#website"},"primaryImageOfPage":{"@id":"https://www.nature-bois-concept.com/magazine/terrasse-bois/actualites/amenager-salon-jardin-bas/#primaryimage"},"image":{"@id":"https://www.nature-bois-concept.com/magazine/terrasse-bois/actualites/amenager-salon-jardin-bas/#primaryimage"},"thumbnailUrl":"https://www.nature-bois-concept.com/magazine/wp-content/uploads/2020/07/Cordouan-fauteuil-coussins-décoMAG.jpg","datePublished":"2020-07-31T10:04:52+00:00","dateModified":"2020-07-31T12:38:53+00:00","description":"Rien de mieux que de se détendre au jardin sur du mobilier confortable tout en profitant du beau temps. Découvrez comment bien aménager votre salon bas de jardin.","breadcrumb":{"@id":"https://www.nature-bois-concept.com/magazine/terrasse-bois/actualites/amenager-salon-jardin-bas/#breadcrumb"},"inLanguage":"fr-FR","potentialAction":[{"@type":"ReadAction","target":["https://www.nature-bois-concept.com/magazine/terrasse-bois/actualites/amenager-salon-jardin-bas/"]}]},{"@type":"ImageObject","inLanguage":"fr-FR","@id":"https://www.nature-bois-concept.com/magazine/terrasse-bois/actualites/amenager-salon-jardin-bas/#primaryimage","url":"https://www.nature-bois-concept.com/magazine/wp-content/uploads/2020/07/Cordouan-fauteuil-coussins-décoMAG.jpg","contentUrl":"https://www.nature-bois-concept.com/magazine/wp-content/uploads/2020/07/Cordouan-fauteuil-coussins-décoMAG.jpg","width":1900,"height":400,"caption":"Ensemble détente Cordouan (canapé + fauteuils + table basse) - Océo"},{"@type":"BreadcrumbList","@id":"https://www.nature-bois-concept.com/magazine/terrasse-bois/actualites/amenager-salon-jardin-bas/#breadcrumb","itemListElement":[{"@type":"ListItem","position":1,"name":"Magazine NBC","item":"https://www.nature-bois-concept.com/magazine/"},{"@type":"ListItem","position":2,"name":"Terrasse bois","item":"https://www.nature-bois-concept.com/magazine/terrasse-bois/"},{"@type":"ListItem","position":3,"name":"Les Articles sur la Terrasse en Bois","item":"https://www.nature-bois-concept.com/magazine/terrasse-bois/actualites/"},{"@type":"ListItem","position":4,"name":"Comment aménager un salon bas de jardin ?"}]},{"@type":"WebSite","@id":"https://www.nature-bois-concept.com/magazine/#website","url":"https://www.nature-bois-concept.com/magazine/","name":"Magazine Nature Bois Concept","description":"En association avec Nature Bois Concept","potentialAction":[{"@type":"SearchAction","target":{"@type":"EntryPoint","urlTemplate":"https://www.nature-bois-concept.com/magazine/?s={search_term_string}"},"query-input":"required name=search_term_string"}],"inLanguage":"fr-FR"}]}</script>
<!-- / Yoast SEO plugin. -->

Comment bien aménager son salon bas de jardin ?

Rien de mieux que de se détendre au jardin sur du mobilier confortable tout en profitant du beau temps. Découvrez comment bien aménager votre salon bas de jardin.

https://www.nature-bois-concept.com/magazine/wp-content/uploads/2020/07/Cordouan-fauteuil-coussins-décoMAG.jpg

Ensemble détente Cordouan (canapé + fauteuils + table basse) - Océo
