{"id":5511,"date":"2019-09-18T16:07:29","date_gmt":"2019-09-18T14:07:29","guid":{"rendered":"https:\/\/www.nature-bois-concept.com\/magazine\/?page_id=5511"},"modified":"2025-05-22T15:33:52","modified_gmt":"2025-05-22T13:33:52","slug":"amenagement-verriere-interieur","status":"publish","type":"page","link":"https:\/\/www.nature-bois-concept.com\/magazine\/terrasse-bois\/actualites\/amenagement-verriere-interieur\/","title":{"rendered":"Verri\u00e8re int\u00e9rieure : l&rsquo;am\u00e9nagement tr\u00e8s en vogue !"},"content":{"rendered":"","protected":false},"excerpt":{"rendered":"","protected":false},"author":14,"featured_media":5516,"parent":556,"menu_order":0,"comment_status":"closed","ping_status":"closed","template":"","meta":{"_acf_changed":false,"footnotes":""},"acf":[],"yoast_head":"<!-- This site is optimized with the Yoast SEO plugin v22.4 - https:\/\/yoast.com\/wordpress\/plugins\/seo\/ -->\n<title>Verri\u00e8re d\u2019atelier : l\u2019am\u00e9nagement int\u00e9rieur tr\u00e8s en vogue !<\/title>\n<meta name=\"description\" content=\"La grande tendance actuelle de la d\u00e9coration int\u00e9rieure est sans conteste la verri\u00e8re. D\u00e9couvrez pourquoi la verri\u00e8re est en vogue et comment l&#039;installer !\" \/>\n<meta name=\"robots\" content=\"index, follow, max-snippet:-1, max-image-preview:large, max-video-preview:-1\" \/>\n<link rel=\"canonical\" href=\"https:\/\/www.nature-bois-concept.com\/magazine\/terrasse-bois\/actualites\/amenagement-verriere-interieur\/\" \/>\n<meta property=\"og:locale\" content=\"fr_FR\" \/>\n<meta property=\"og:type\" content=\"article\" \/>\n<meta property=\"og:title\" content=\"Verri\u00e8re d\u2019atelier : l\u2019am\u00e9nagement int\u00e9rieur tr\u00e8s en vogue !\" \/>\n<meta property=\"og:description\" content=\"La grande tendance actuelle de la d\u00e9coration int\u00e9rieure est sans conteste la verri\u00e8re. D\u00e9couvrez pourquoi la verri\u00e8re est en vogue et comment l&#039;installer !\" \/>\n<meta property=\"og:url\" content=\"https:\/\/www.nature-bois-concept.com\/magazine\/terrasse-bois\/actualites\/amenagement-verriere-interieur\/\" \/>\n<meta property=\"og:site_name\" content=\"Magazine Nature Bois Concept\" \/>\n<meta property=\"article:publisher\" content=\"https:\/\/www.facebook.com\/Nature-Bois-Concept-1596307970584169\/\" \/>\n<meta property=\"article:modified_time\" content=\"2025-05-22T13:33:52+00:00\" \/>\n<meta property=\"og:image\" content=\"https:\/\/www.nature-bois-concept.com\/magazine\/wp-content\/uploads\/2019\/09\/verrieree.jpg\" \/>\n\t<meta property=\"og:image:width\" content=\"1900\" \/>\n\t<meta property=\"og:image:height\" content=\"400\" \/>\n\t<meta property=\"og:image:type\" content=\"image\/jpeg\" \/>\n<meta name=\"twitter:card\" content=\"summary_large_image\" \/>\n<meta name=\"twitter:site\" content=\"@nbc_bois\" \/>\n<meta name=\"twitter:label1\" content=\"Dur\u00e9e de lecture estim\u00e9e\" \/>\n\t<meta name=\"twitter:data1\" content=\"1 minute\" \/>\n<script type=\"application\/ld+json\" class=\"yoast-schema-graph\">{\"@context\":\"https:\/\/schema.org\",\"@graph\":[{\"@type\":\"WebPage\",\"@id\":\"https:\/\/www.nature-bois-concept.com\/magazine\/terrasse-bois\/actualites\/amenagement-verriere-interieur\/\",\"url\":\"https:\/\/www.nature-bois-concept.com\/magazine\/terrasse-bois\/actualites\/amenagement-verriere-interieur\/\",\"name\":\"Verri\u00e8re d\u2019atelier : l\u2019am\u00e9nagement int\u00e9rieur tr\u00e8s en vogue !\",\"isPartOf\":{\"@id\":\"https:\/\/www.nature-bois-concept.com\/magazine\/#website\"},\"primaryImageOfPage\":{\"@id\":\"https:\/\/www.nature-bois-concept.com\/magazine\/terrasse-bois\/actualites\/amenagement-verriere-interieur\/#primaryimage\"},\"image\":{\"@id\":\"https:\/\/www.nature-bois-concept.com\/magazine\/terrasse-bois\/actualites\/amenagement-verriere-interieur\/#primaryimage\"},\"thumbnailUrl\":\"https:\/\/www.nature-bois-concept.com\/magazine\/wp-content\/uploads\/2019\/09\/verrieree.jpg\",\"datePublished\":\"2019-09-18T14:07:29+00:00\",\"dateModified\":\"2025-05-22T13:33:52+00:00\",\"description\":\"La grande tendance actuelle de la d\u00e9coration int\u00e9rieure est sans conteste la verri\u00e8re. D\u00e9couvrez pourquoi la verri\u00e8re est en vogue et comment l'installer !\",\"breadcrumb\":{\"@id\":\"https:\/\/www.nature-bois-concept.com\/magazine\/terrasse-bois\/actualites\/amenagement-verriere-interieur\/#breadcrumb\"},\"inLanguage\":\"fr-FR\",\"potentialAction\":[{\"@type\":\"ReadAction\",\"target\":[\"https:\/\/www.nature-bois-concept.com\/magazine\/terrasse-bois\/actualites\/amenagement-verriere-interieur\/\"]}]},{\"@type\":\"ImageObject\",\"inLanguage\":\"fr-FR\",\"@id\":\"https:\/\/www.nature-bois-concept.com\/magazine\/terrasse-bois\/actualites\/amenagement-verriere-interieur\/#primaryimage\",\"url\":\"https:\/\/www.nature-bois-concept.com\/magazine\/wp-content\/uploads\/2019\/09\/verrieree.jpg\",\"contentUrl\":\"https:\/\/www.nature-bois-concept.com\/magazine\/wp-content\/uploads\/2019\/09\/verrieree.jpg\",\"width\":1900,\"height\":400,\"caption\":\"verri\u00e8re dans cuisine\"},{\"@type\":\"BreadcrumbList\",\"@id\":\"https:\/\/www.nature-bois-concept.com\/magazine\/terrasse-bois\/actualites\/amenagement-verriere-interieur\/#breadcrumb\",\"itemListElement\":[{\"@type\":\"ListItem\",\"position\":1,\"name\":\"Magazine NBC\",\"item\":\"https:\/\/www.nature-bois-concept.com\/magazine\/\"},{\"@type\":\"ListItem\",\"position\":2,\"name\":\"Terrasse bois\",\"item\":\"https:\/\/www.nature-bois-concept.com\/magazine\/terrasse-bois\/\"},{\"@type\":\"ListItem\",\"position\":3,\"name\":\"Les Articles sur la Terrasse en Bois\",\"item\":\"https:\/\/www.nature-bois-concept.com\/magazine\/terrasse-bois\/actualites\/\"},{\"@type\":\"ListItem\",\"position\":4,\"name\":\"Verri\u00e8re int\u00e9rieure : l&rsquo;am\u00e9nagement tr\u00e8s en vogue !\"}]},{\"@type\":\"WebSite\",\"@id\":\"https:\/\/www.nature-bois-concept.com\/magazine\/#website\",\"url\":\"https:\/\/www.nature-bois-concept.com\/magazine\/\",\"name\":\"Magazine Nature Bois Concept\",\"description\":\"En association avec Nature Bois Concept\",\"potentialAction\":[{\"@type\":\"SearchAction\",\"target\":{\"@type\":\"EntryPoint\",\"urlTemplate\":\"https:\/\/www.nature-bois-concept.com\/magazine\/?s={search_term_string}\"},\"query-input\":\"required name=search_term_string\"}],\"inLanguage\":\"fr-FR\"}]}<\/script>\n<!-- \/ Yoast SEO plugin. -->","yoast_head_json":{"title":"Verri\u00e8re d\u2019atelier : l\u2019am\u00e9nagement int\u00e9rieur tr\u00e8s en vogue !","description":"La grande tendance actuelle de la d\u00e9coration int\u00e9rieure est sans conteste la verri\u00e8re. D\u00e9couvrez pourquoi la verri\u00e8re est en vogue et comment l'installer !","robots":{"index":"index","follow":"follow","max-snippet":"max-snippet:-1","max-image-preview":"max-image-preview:large","max-video-preview":"max-video-preview:-1"},"canonical":"https:\/\/www.nature-bois-concept.com\/magazine\/terrasse-bois\/actualites\/amenagement-verriere-interieur\/","og_locale":"fr_FR","og_type":"article","og_title":"Verri\u00e8re d\u2019atelier : l\u2019am\u00e9nagement int\u00e9rieur tr\u00e8s en vogue !","og_description":"La grande tendance actuelle de la d\u00e9coration int\u00e9rieure est sans conteste la verri\u00e8re. D\u00e9couvrez pourquoi la verri\u00e8re est en vogue et comment l'installer !","og_url":"https:\/\/www.nature-bois-concept.com\/magazine\/terrasse-bois\/actualites\/amenagement-verriere-interieur\/","og_site_name":"Magazine Nature Bois Concept","article_publisher":"https:\/\/www.facebook.com\/Nature-Bois-Concept-1596307970584169\/","article_modified_time":"2025-05-22T13:33:52+00:00","og_image":[{"width":1900,"height":400,"url":"https:\/\/www.nature-bois-concept.com\/magazine\/wp-content\/uploads\/2019\/09\/verrieree.jpg","type":"image\/jpeg"}],"twitter_card":"summary_large_image","twitter_site":"@nbc_bois","twitter_misc":{"Dur\u00e9e de lecture estim\u00e9e":"1 minute"},"schema":{"@context":"https:\/\/schema.org","@graph":[{"@type":"WebPage","@id":"https:\/\/www.nature-bois-concept.com\/magazine\/terrasse-bois\/actualites\/amenagement-verriere-interieur\/","url":"https:\/\/www.nature-bois-concept.com\/magazine\/terrasse-bois\/actualites\/amenagement-verriere-interieur\/","name":"Verri\u00e8re d\u2019atelier : l\u2019am\u00e9nagement int\u00e9rieur tr\u00e8s en vogue !","isPartOf":{"@id":"https:\/\/www.nature-bois-concept.com\/magazine\/#website"},"primaryImageOfPage":{"@id":"https:\/\/www.nature-bois-concept.com\/magazine\/terrasse-bois\/actualites\/amenagement-verriere-interieur\/#primaryimage"},"image":{"@id":"https:\/\/www.nature-bois-concept.com\/magazine\/terrasse-bois\/actualites\/amenagement-verriere-interieur\/#primaryimage"},"thumbnailUrl":"https:\/\/www.nature-bois-concept.com\/magazine\/wp-content\/uploads\/2019\/09\/verrieree.jpg","datePublished":"2019-09-18T14:07:29+00:00","dateModified":"2025-05-22T13:33:52+00:00","description":"La grande tendance actuelle de la d\u00e9coration int\u00e9rieure est sans conteste la verri\u00e8re. D\u00e9couvrez pourquoi la verri\u00e8re est en vogue et comment l'installer !","breadcrumb":{"@id":"https:\/\/www.nature-bois-concept.com\/magazine\/terrasse-bois\/actualites\/amenagement-verriere-interieur\/#breadcrumb"},"inLanguage":"fr-FR","potentialAction":[{"@type":"ReadAction","target":["https:\/\/www.nature-bois-concept.com\/magazine\/terrasse-bois\/actualites\/amenagement-verriere-interieur\/"]}]},{"@type":"ImageObject","inLanguage":"fr-FR","@id":"https:\/\/www.nature-bois-concept.com\/magazine\/terrasse-bois\/actualites\/amenagement-verriere-interieur\/#primaryimage","url":"https:\/\/www.nature-bois-concept.com\/magazine\/wp-content\/uploads\/2019\/09\/verrieree.jpg","contentUrl":"https:\/\/www.nature-bois-concept.com\/magazine\/wp-content\/uploads\/2019\/09\/verrieree.jpg","width":1900,"height":400,"caption":"verri\u00e8re dans cuisine"},{"@type":"BreadcrumbList","@id":"https:\/\/www.nature-bois-concept.com\/magazine\/terrasse-bois\/actualites\/amenagement-verriere-interieur\/#breadcrumb","itemListElement":[{"@type":"ListItem","position":1,"name":"Magazine NBC","item":"https:\/\/www.nature-bois-concept.com\/magazine\/"},{"@type":"ListItem","position":2,"name":"Terrasse bois","item":"https:\/\/www.nature-bois-concept.com\/magazine\/terrasse-bois\/"},{"@type":"ListItem","position":3,"name":"Les Articles sur la Terrasse en Bois","item":"https:\/\/www.nature-bois-concept.com\/magazine\/terrasse-bois\/actualites\/"},{"@type":"ListItem","position":4,"name":"Verri\u00e8re int\u00e9rieure : l&rsquo;am\u00e9nagement tr\u00e8s en vogue !"}]},{"@type":"WebSite","@id":"https:\/\/www.nature-bois-concept.com\/magazine\/#website","url":"https:\/\/www.nature-bois-concept.com\/magazine\/","name":"Magazine Nature Bois Concept","description":"En association avec Nature Bois Concept","potentialAction":[{"@type":"SearchAction","target":{"@type":"EntryPoint","urlTemplate":"https:\/\/www.nature-bois-concept.com\/magazine\/?s={search_term_string}"},"query-input":"required name=search_term_string"}],"inLanguage":"fr-FR"}]}},"_links":{"self":[{"href":"https:\/\/www.nature-bois-concept.com\/magazine\/wp-json\/wp\/v2\/pages\/5511"}],"collection":[{"href":"https:\/\/www.nature-bois-concept.com\/magazine\/wp-json\/wp\/v2\/pages"}],"about":[{"href":"https:\/\/www.nature-bois-concept.com\/magazine\/wp-json\/wp\/v2\/types\/page"}],"author":[{"embeddable":true,"href":"https:\/\/www.nature-bois-concept.com\/magazine\/wp-json\/wp\/v2\/users\/14"}],"replies":[{"embeddable":true,"href":"https:\/\/www.nature-bois-concept.com\/magazine\/wp-json\/wp\/v2\/comments?post=5511"}],"version-history":[{"count":13,"href":"https:\/\/www.nature-bois-concept.com\/magazine\/wp-json\/wp\/v2\/pages\/5511\/revisions"}],"predecessor-version":[{"id":7833,"href":"https:\/\/www.nature-bois-concept.com\/magazine\/wp-json\/wp\/v2\/pages\/5511\/revisions\/7833"}],"up":[{"embeddable":true,"href":"https:\/\/www.nature-bois-concept.com\/magazine\/wp-json\/wp\/v2\/pages\/556"}],"wp:featuredmedia":[{"embeddable":true,"href":"https:\/\/www.nature-bois-concept.com\/magazine\/wp-json\/wp\/v2\/media\/5516"}],"wp:attachment":[{"href":"https:\/\/www.nature-bois-concept.com\/magazine\/wp-json\/wp\/v2\/media?parent=5511"}],"curies":[{"name":"wp","href":"https:\/\/api.w.org\/{rel}","templated":true}]}}

Verrière intérieure : l&rsquo;aménagement très en vogue !

<!-- This site is optimized with the Yoast SEO plugin v22.4 - https://yoast.com/wordpress/plugins/seo/ -->
<title>Verrière d’atelier : l’aménagement intérieur très en vogue !</title>
<meta name="description" content="La grande tendance actuelle de la décoration intérieure est sans conteste la verrière. Découvrez pourquoi la verrière est en vogue et comment l&#039;installer !" />
<meta name="robots" content="index, follow, max-snippet:-1, max-image-preview:large, max-video-preview:-1" />
<link rel="canonical" href="https://www.nature-bois-concept.com/magazine/terrasse-bois/actualites/amenagement-verriere-interieur/" />
<meta property="og:locale" content="fr_FR" />
<meta property="og:type" content="article" />
<meta property="og:title" content="Verrière d’atelier : l’aménagement intérieur très en vogue !" />
<meta property="og:description" content="La grande tendance actuelle de la décoration intérieure est sans conteste la verrière. Découvrez pourquoi la verrière est en vogue et comment l&#039;installer !" />
<meta property="og:url" content="https://www.nature-bois-concept.com/magazine/terrasse-bois/actualites/amenagement-verriere-interieur/" />
<meta property="og:site_name" content="Magazine Nature Bois Concept" />
<meta property="article:publisher" content="https://www.facebook.com/Nature-Bois-Concept-1596307970584169/" />
<meta property="article:modified_time" content="2025-05-22T13:33:52+00:00" />
<meta property="og:image" content="https://www.nature-bois-concept.com/magazine/wp-content/uploads/2019/09/verrieree.jpg" />
	<meta property="og:image:width" content="1900" />
	<meta property="og:image:height" content="400" />
	<meta property="og:image:type" content="image/jpeg" />
<meta name="twitter:card" content="summary_large_image" />
<meta name="twitter:site" content="@nbc_bois" />
<meta name="twitter:label1" content="Durée de lecture estimée" />
	<meta name="twitter:data1" content="1 minute" />
<script type="application/ld+json" class="yoast-schema-graph">{"@context":"https://schema.org","@graph":[{"@type":"WebPage","@id":"https://www.nature-bois-concept.com/magazine/terrasse-bois/actualites/amenagement-verriere-interieur/","url":"https://www.nature-bois-concept.com/magazine/terrasse-bois/actualites/amenagement-verriere-interieur/","name":"Verrière d’atelier : l’aménagement intérieur très en vogue !","isPartOf":{"@id":"https://www.nature-bois-concept.com/magazine/#website"},"primaryImageOfPage":{"@id":"https://www.nature-bois-concept.com/magazine/terrasse-bois/actualites/amenagement-verriere-interieur/#primaryimage"},"image":{"@id":"https://www.nature-bois-concept.com/magazine/terrasse-bois/actualites/amenagement-verriere-interieur/#primaryimage"},"thumbnailUrl":"https://www.nature-bois-concept.com/magazine/wp-content/uploads/2019/09/verrieree.jpg","datePublished":"2019-09-18T14:07:29+00:00","dateModified":"2025-05-22T13:33:52+00:00","description":"La grande tendance actuelle de la décoration intérieure est sans conteste la verrière. Découvrez pourquoi la verrière est en vogue et comment l'installer !","breadcrumb":{"@id":"https://www.nature-bois-concept.com/magazine/terrasse-bois/actualites/amenagement-verriere-interieur/#breadcrumb"},"inLanguage":"fr-FR","potentialAction":[{"@type":"ReadAction","target":["https://www.nature-bois-concept.com/magazine/terrasse-bois/actualites/amenagement-verriere-interieur/"]}]},{"@type":"ImageObject","inLanguage":"fr-FR","@id":"https://www.nature-bois-concept.com/magazine/terrasse-bois/actualites/amenagement-verriere-interieur/#primaryimage","url":"https://www.nature-bois-concept.com/magazine/wp-content/uploads/2019/09/verrieree.jpg","contentUrl":"https://www.nature-bois-concept.com/magazine/wp-content/uploads/2019/09/verrieree.jpg","width":1900,"height":400,"caption":"verrière dans cuisine"},{"@type":"BreadcrumbList","@id":"https://www.nature-bois-concept.com/magazine/terrasse-bois/actualites/amenagement-verriere-interieur/#breadcrumb","itemListElement":[{"@type":"ListItem","position":1,"name":"Magazine NBC","item":"https://www.nature-bois-concept.com/magazine/"},{"@type":"ListItem","position":2,"name":"Terrasse bois","item":"https://www.nature-bois-concept.com/magazine/terrasse-bois/"},{"@type":"ListItem","position":3,"name":"Les Articles sur la Terrasse en Bois","item":"https://www.nature-bois-concept.com/magazine/terrasse-bois/actualites/"},{"@type":"ListItem","position":4,"name":"Verrière intérieure : l&rsquo;aménagement très en vogue !"}]},{"@type":"WebSite","@id":"https://www.nature-bois-concept.com/magazine/#website","url":"https://www.nature-bois-concept.com/magazine/","name":"Magazine Nature Bois Concept","description":"En association avec Nature Bois Concept","potentialAction":[{"@type":"SearchAction","target":{"@type":"EntryPoint","urlTemplate":"https://www.nature-bois-concept.com/magazine/?s={search_term_string}"},"query-input":"required name=search_term_string"}],"inLanguage":"fr-FR"}]}</script>
<!-- / Yoast SEO plugin. -->

Verrière d’atelier : l’aménagement intérieur très en vogue !

La grande tendance actuelle de la décoration intérieure est sans conteste la verrière. Découvrez pourquoi la verrière est en vogue et comment l'installer !

verrière dans cuisine
