{"id":4788,"date":"2019-04-15T09:53:56","date_gmt":"2019-04-15T07:53:56","guid":{"rendered":"https:\/\/www.nature-bois-concept.com\/magazine\/?page_id=4788"},"modified":"2024-06-04T11:56:23","modified_gmt":"2024-06-04T09:56:23","slug":"amenagement-barbecue-terrasse-jardin","status":"publish","type":"page","link":"https:\/\/www.nature-bois-concept.com\/magazine\/terrasse-bois\/actualites\/amenagement-barbecue-terrasse-jardin\/","title":{"rendered":"Comment am\u00e9nager un coin barbecue sur sa terrasse ou dans son jardin ?"},"content":{"rendered":"<p><strong>Le soleil fait son grand retour, le thermom\u00e8tre est au beau fixe : la saison du barbecue est lanc\u00e9e ! Nous vous donnons nos meilleures astuces pour que votre jardin ou votre terrasse rime avec d\u00e9licieuses grillades et convivialit\u00e9.<\/strong><\/p>\n<p>&nbsp;<\/p>\n<p>Un ext\u00e9rieur propice \u00e0 la d\u00e9tente et au partage<\/p>\n<p>Avant de pouvoir savourer la premi\u00e8re merguez grill\u00e9e de l&rsquo;ann\u00e9e accompagn\u00e9e d&rsquo;un verre de ros\u00e9 bien frais, il va falloir choisir le barbecue ou la plancha adapt\u00e9e. Dans un jardin, un mod\u00e8le fixe en pierre, en brique ou en b\u00e9ton apporte \u00e9norm\u00e9ment de cachet. Robuste, pratique et facile d&rsquo;entretien, il accueille tous vos ustensiles de cuisine, la vaisselle, les condiments et permet d&rsquo;agencer un point d&rsquo;eau. Pensez \u00e0 vous renseigner aupr\u00e8s du service urbanisme de votre mairie ! En effet, toute construction de plus de 2 m\u00e8tres carr\u00e9s de large et d&rsquo;1,5 m\u00e8tres de hauteur n\u00e9cessite l&rsquo;obtention d&rsquo;un permis de construire. Si vous disposez d&rsquo;une terrasse, la version transportable conviendra mieux. Plus compacte, elle prend peu de place et se d\u00e9place au gr\u00e9 des envies.<\/p>\n<p>&gt;&gt; D\u00e9couvrez notre gamme de <a href=\"https:\/\/www.nature-bois-concept.com\/boutique\/cuisine-exterieur\/barbecue-brasero-plancha\/\">barbecue, brasero et plancha<\/a><\/p>\n<p>&nbsp;<\/p>\n<p>Saviez-vous qu&rsquo;installer un barbecue impose le respect de certaines r\u00e8gles ? Pour \u00e9viter les risques d&rsquo;incendie, placez-le \u00e0 contre-courant des vents dominants, loin des arbres, et laissez suffisamment d&rsquo;espace autour pour pouvoir circuler sans danger. Id\u00e9alement, abritez votre barbecue sous une pergola orn\u00e9e de plantes grimpantes pour un rendu encore plus esth\u00e9tique. Munie d&rsquo;une toile r\u00e9glable ou de lames en aluminium, elle est la garantie de passer un d\u00e9licieux moment avec vos proches m\u00eame si la pluie d\u00e9cide de s&rsquo;inviter. Et puis, cette zone d&rsquo;ombre est toujours la bienvenue lorsque le soleil est au z\u00e9nith !<\/p>\n<p>&nbsp;<\/p>\n<p>Durant la belle saison, on a tendance \u00e0 passer plus de temps dehors qu&rsquo;\u00e0 l&rsquo;int\u00e9rieur. V\u00e9ritable extension de la maison, le coin barbecue dans le jardin se doit d&rsquo;\u00eatre accueillant. Pour ce faire, une grande table et des chaises confortables sont indispensables. N&rsquo;oubliez pas non plus la table basse, qui vous sera bien utile pour poser les plateaux et autres bouteilles. Si vous r\u00eavez d&rsquo;un espace barbecue design, pourquoi ne pas cr\u00e9er de vos propres mains un bar \u00e0 l&rsquo;aide de palettes, par exemple ? Vos invit\u00e9s seront instantan\u00e9ment plong\u00e9s dans l&rsquo;ambiance festive. Placez \u00e9galement un canap\u00e9 d&rsquo;ext\u00e9rieur pour l&rsquo;ap\u00e9ritif et quelques poufs pour le farniente. Dans ce contexte, le repas est bien parti pour se prolonger jusqu&rsquo;au d\u00eener&#8230; L&rsquo;occasion de remettre le couvert pour un barbecue en terrasse \u00e0 la belle \u00e9toile ! N&rsquo;oubliez donc pas de suspendre des guirlandes lumineuses, en plus de votre <a href=\"https:\/\/www.nature-bois-concept.com\/boutique\/luminaire\/\">\u00e9clairage ext\u00e9rieur<\/a>, afin de pouvoir profiter de cet agr\u00e9able moment jusqu&rsquo;au bout de la nuit.<\/p>\n","protected":false},"excerpt":{"rendered":"<p>Le soleil fait son grand retour, le thermom\u00e8tre est au beau fixe : la saison du barbecue est lanc\u00e9e ! Nous vous donnons nos meilleures astuces pour que votre jardin ou votre terrasse rime avec d\u00e9licieuses grillades et convivialit\u00e9. &nbsp; Un ext\u00e9rieur propice \u00e0 la d\u00e9tente et au partage Avant de pouvoir savourer la premi\u00e8re merguez grill\u00e9e de l&rsquo;ann\u00e9e accompagn\u00e9e d&rsquo;un verre de ros\u00e9 bien frais, il va falloir choisir&#8230;<\/p>\n","protected":false},"author":12,"featured_media":4821,"parent":556,"menu_order":0,"comment_status":"closed","ping_status":"closed","template":"","meta":{"_acf_changed":false,"footnotes":""},"acf":[],"yoast_head":"<!-- This site is optimized with the Yoast SEO plugin v22.4 - https:\/\/yoast.com\/wordpress\/plugins\/seo\/ -->\n<title>Am\u00e9nager un coin barbecue sur sa terrasse ou son jardin<\/title>\n<meta name=\"description\" content=\"La saison du barbecue est lanc\u00e9e ! D\u00e9couvrez nos meilleures astuces pour que votre jardin ou votre terrasse rime avec d\u00e9licieuses grillades.\" \/>\n<meta name=\"robots\" content=\"index, follow, max-snippet:-1, max-image-preview:large, max-video-preview:-1\" \/>\n<link rel=\"canonical\" href=\"https:\/\/www.nature-bois-concept.com\/magazine\/terrasse-bois\/actualites\/amenagement-barbecue-terrasse-jardin\/\" \/>\n<meta property=\"og:locale\" content=\"fr_FR\" \/>\n<meta property=\"og:type\" content=\"article\" \/>\n<meta property=\"og:title\" content=\"Am\u00e9nager un coin barbecue sur sa terrasse ou son jardin\" \/>\n<meta property=\"og:description\" content=\"La saison du barbecue est lanc\u00e9e ! D\u00e9couvrez nos meilleures astuces pour que votre jardin ou votre terrasse rime avec d\u00e9licieuses grillades.\" \/>\n<meta property=\"og:url\" content=\"https:\/\/www.nature-bois-concept.com\/magazine\/terrasse-bois\/actualites\/amenagement-barbecue-terrasse-jardin\/\" \/>\n<meta property=\"og:site_name\" content=\"Magazine Nature Bois Concept\" \/>\n<meta property=\"article:publisher\" content=\"https:\/\/www.facebook.com\/Nature-Bois-Concept-1596307970584169\/\" \/>\n<meta property=\"article:modified_time\" content=\"2024-06-04T09:56:23+00:00\" \/>\n<meta property=\"og:image\" content=\"https:\/\/www.nature-bois-concept.com\/magazine\/wp-content\/uploads\/2019\/04\/Illustration-article-braseros.jpg\" \/>\n\t<meta property=\"og:image:width\" content=\"2000\" \/>\n\t<meta property=\"og:image:height\" content=\"950\" \/>\n\t<meta property=\"og:image:type\" content=\"image\/jpeg\" \/>\n<meta name=\"twitter:card\" content=\"summary_large_image\" \/>\n<meta name=\"twitter:site\" content=\"@nbc_bois\" \/>\n<meta name=\"twitter:label1\" content=\"Dur\u00e9e de lecture estim\u00e9e\" \/>\n\t<meta name=\"twitter:data1\" content=\"3 minutes\" \/>\n<script type=\"application\/ld+json\" class=\"yoast-schema-graph\">{\"@context\":\"https:\/\/schema.org\",\"@graph\":[{\"@type\":\"WebPage\",\"@id\":\"https:\/\/www.nature-bois-concept.com\/magazine\/terrasse-bois\/actualites\/amenagement-barbecue-terrasse-jardin\/\",\"url\":\"https:\/\/www.nature-bois-concept.com\/magazine\/terrasse-bois\/actualites\/amenagement-barbecue-terrasse-jardin\/\",\"name\":\"Am\u00e9nager un coin barbecue sur sa terrasse ou son jardin\",\"isPartOf\":{\"@id\":\"https:\/\/www.nature-bois-concept.com\/magazine\/#website\"},\"primaryImageOfPage\":{\"@id\":\"https:\/\/www.nature-bois-concept.com\/magazine\/terrasse-bois\/actualites\/amenagement-barbecue-terrasse-jardin\/#primaryimage\"},\"image\":{\"@id\":\"https:\/\/www.nature-bois-concept.com\/magazine\/terrasse-bois\/actualites\/amenagement-barbecue-terrasse-jardin\/#primaryimage\"},\"thumbnailUrl\":\"https:\/\/www.nature-bois-concept.com\/magazine\/wp-content\/uploads\/2019\/04\/Illustration-article-braseros.jpg\",\"datePublished\":\"2019-04-15T07:53:56+00:00\",\"dateModified\":\"2024-06-04T09:56:23+00:00\",\"description\":\"La saison du barbecue est lanc\u00e9e ! D\u00e9couvrez nos meilleures astuces pour que votre jardin ou votre terrasse rime avec d\u00e9licieuses grillades.\",\"breadcrumb\":{\"@id\":\"https:\/\/www.nature-bois-concept.com\/magazine\/terrasse-bois\/actualites\/amenagement-barbecue-terrasse-jardin\/#breadcrumb\"},\"inLanguage\":\"fr-FR\",\"potentialAction\":[{\"@type\":\"ReadAction\",\"target\":[\"https:\/\/www.nature-bois-concept.com\/magazine\/terrasse-bois\/actualites\/amenagement-barbecue-terrasse-jardin\/\"]}]},{\"@type\":\"ImageObject\",\"inLanguage\":\"fr-FR\",\"@id\":\"https:\/\/www.nature-bois-concept.com\/magazine\/terrasse-bois\/actualites\/amenagement-barbecue-terrasse-jardin\/#primaryimage\",\"url\":\"https:\/\/www.nature-bois-concept.com\/magazine\/wp-content\/uploads\/2019\/04\/Illustration-article-braseros.jpg\",\"contentUrl\":\"https:\/\/www.nature-bois-concept.com\/magazine\/wp-content\/uploads\/2019\/04\/Illustration-article-braseros.jpg\",\"width\":2000,\"height\":950,\"caption\":\"Brasero H\u00f6fats - Mod\u00e8le Triple\"},{\"@type\":\"BreadcrumbList\",\"@id\":\"https:\/\/www.nature-bois-concept.com\/magazine\/terrasse-bois\/actualites\/amenagement-barbecue-terrasse-jardin\/#breadcrumb\",\"itemListElement\":[{\"@type\":\"ListItem\",\"position\":1,\"name\":\"Magazine NBC\",\"item\":\"https:\/\/www.nature-bois-concept.com\/magazine\/\"},{\"@type\":\"ListItem\",\"position\":2,\"name\":\"Terrasse bois\",\"item\":\"https:\/\/www.nature-bois-concept.com\/magazine\/terrasse-bois\/\"},{\"@type\":\"ListItem\",\"position\":3,\"name\":\"Les Articles sur la Terrasse en Bois\",\"item\":\"https:\/\/www.nature-bois-concept.com\/magazine\/terrasse-bois\/actualites\/\"},{\"@type\":\"ListItem\",\"position\":4,\"name\":\"Comment am\u00e9nager un coin barbecue sur sa terrasse ou dans son jardin ?\"}]},{\"@type\":\"WebSite\",\"@id\":\"https:\/\/www.nature-bois-concept.com\/magazine\/#website\",\"url\":\"https:\/\/www.nature-bois-concept.com\/magazine\/\",\"name\":\"Magazine Nature Bois Concept\",\"description\":\"En association avec Nature Bois Concept\",\"potentialAction\":[{\"@type\":\"SearchAction\",\"target\":{\"@type\":\"EntryPoint\",\"urlTemplate\":\"https:\/\/www.nature-bois-concept.com\/magazine\/?s={search_term_string}\"},\"query-input\":\"required name=search_term_string\"}],\"inLanguage\":\"fr-FR\"}]}<\/script>\n<!-- \/ Yoast SEO plugin. -->","yoast_head_json":{"title":"Am\u00e9nager un coin barbecue sur sa terrasse ou son jardin","description":"La saison du barbecue est lanc\u00e9e ! D\u00e9couvrez nos meilleures astuces pour que votre jardin ou votre terrasse rime avec d\u00e9licieuses grillades.","robots":{"index":"index","follow":"follow","max-snippet":"max-snippet:-1","max-image-preview":"max-image-preview:large","max-video-preview":"max-video-preview:-1"},"canonical":"https:\/\/www.nature-bois-concept.com\/magazine\/terrasse-bois\/actualites\/amenagement-barbecue-terrasse-jardin\/","og_locale":"fr_FR","og_type":"article","og_title":"Am\u00e9nager un coin barbecue sur sa terrasse ou son jardin","og_description":"La saison du barbecue est lanc\u00e9e ! D\u00e9couvrez nos meilleures astuces pour que votre jardin ou votre terrasse rime avec d\u00e9licieuses grillades.","og_url":"https:\/\/www.nature-bois-concept.com\/magazine\/terrasse-bois\/actualites\/amenagement-barbecue-terrasse-jardin\/","og_site_name":"Magazine Nature Bois Concept","article_publisher":"https:\/\/www.facebook.com\/Nature-Bois-Concept-1596307970584169\/","article_modified_time":"2024-06-04T09:56:23+00:00","og_image":[{"width":2000,"height":950,"url":"https:\/\/www.nature-bois-concept.com\/magazine\/wp-content\/uploads\/2019\/04\/Illustration-article-braseros.jpg","type":"image\/jpeg"}],"twitter_card":"summary_large_image","twitter_site":"@nbc_bois","twitter_misc":{"Dur\u00e9e de lecture estim\u00e9e":"3 minutes"},"schema":{"@context":"https:\/\/schema.org","@graph":[{"@type":"WebPage","@id":"https:\/\/www.nature-bois-concept.com\/magazine\/terrasse-bois\/actualites\/amenagement-barbecue-terrasse-jardin\/","url":"https:\/\/www.nature-bois-concept.com\/magazine\/terrasse-bois\/actualites\/amenagement-barbecue-terrasse-jardin\/","name":"Am\u00e9nager un coin barbecue sur sa terrasse ou son jardin","isPartOf":{"@id":"https:\/\/www.nature-bois-concept.com\/magazine\/#website"},"primaryImageOfPage":{"@id":"https:\/\/www.nature-bois-concept.com\/magazine\/terrasse-bois\/actualites\/amenagement-barbecue-terrasse-jardin\/#primaryimage"},"image":{"@id":"https:\/\/www.nature-bois-concept.com\/magazine\/terrasse-bois\/actualites\/amenagement-barbecue-terrasse-jardin\/#primaryimage"},"thumbnailUrl":"https:\/\/www.nature-bois-concept.com\/magazine\/wp-content\/uploads\/2019\/04\/Illustration-article-braseros.jpg","datePublished":"2019-04-15T07:53:56+00:00","dateModified":"2024-06-04T09:56:23+00:00","description":"La saison du barbecue est lanc\u00e9e ! D\u00e9couvrez nos meilleures astuces pour que votre jardin ou votre terrasse rime avec d\u00e9licieuses grillades.","breadcrumb":{"@id":"https:\/\/www.nature-bois-concept.com\/magazine\/terrasse-bois\/actualites\/amenagement-barbecue-terrasse-jardin\/#breadcrumb"},"inLanguage":"fr-FR","potentialAction":[{"@type":"ReadAction","target":["https:\/\/www.nature-bois-concept.com\/magazine\/terrasse-bois\/actualites\/amenagement-barbecue-terrasse-jardin\/"]}]},{"@type":"ImageObject","inLanguage":"fr-FR","@id":"https:\/\/www.nature-bois-concept.com\/magazine\/terrasse-bois\/actualites\/amenagement-barbecue-terrasse-jardin\/#primaryimage","url":"https:\/\/www.nature-bois-concept.com\/magazine\/wp-content\/uploads\/2019\/04\/Illustration-article-braseros.jpg","contentUrl":"https:\/\/www.nature-bois-concept.com\/magazine\/wp-content\/uploads\/2019\/04\/Illustration-article-braseros.jpg","width":2000,"height":950,"caption":"Brasero H\u00f6fats - Mod\u00e8le Triple"},{"@type":"BreadcrumbList","@id":"https:\/\/www.nature-bois-concept.com\/magazine\/terrasse-bois\/actualites\/amenagement-barbecue-terrasse-jardin\/#breadcrumb","itemListElement":[{"@type":"ListItem","position":1,"name":"Magazine NBC","item":"https:\/\/www.nature-bois-concept.com\/magazine\/"},{"@type":"ListItem","position":2,"name":"Terrasse bois","item":"https:\/\/www.nature-bois-concept.com\/magazine\/terrasse-bois\/"},{"@type":"ListItem","position":3,"name":"Les Articles sur la Terrasse en Bois","item":"https:\/\/www.nature-bois-concept.com\/magazine\/terrasse-bois\/actualites\/"},{"@type":"ListItem","position":4,"name":"Comment am\u00e9nager un coin barbecue sur sa terrasse ou dans son jardin ?"}]},{"@type":"WebSite","@id":"https:\/\/www.nature-bois-concept.com\/magazine\/#website","url":"https:\/\/www.nature-bois-concept.com\/magazine\/","name":"Magazine Nature Bois Concept","description":"En association avec Nature Bois Concept","potentialAction":[{"@type":"SearchAction","target":{"@type":"EntryPoint","urlTemplate":"https:\/\/www.nature-bois-concept.com\/magazine\/?s={search_term_string}"},"query-input":"required name=search_term_string"}],"inLanguage":"fr-FR"}]}},"_links":{"self":[{"href":"https:\/\/www.nature-bois-concept.com\/magazine\/wp-json\/wp\/v2\/pages\/4788"}],"collection":[{"href":"https:\/\/www.nature-bois-concept.com\/magazine\/wp-json\/wp\/v2\/pages"}],"about":[{"href":"https:\/\/www.nature-bois-concept.com\/magazine\/wp-json\/wp\/v2\/types\/page"}],"author":[{"embeddable":true,"href":"https:\/\/www.nature-bois-concept.com\/magazine\/wp-json\/wp\/v2\/users\/12"}],"replies":[{"embeddable":true,"href":"https:\/\/www.nature-bois-concept.com\/magazine\/wp-json\/wp\/v2\/comments?post=4788"}],"version-history":[{"count":14,"href":"https:\/\/www.nature-bois-concept.com\/magazine\/wp-json\/wp\/v2\/pages\/4788\/revisions"}],"predecessor-version":[{"id":7268,"href":"https:\/\/www.nature-bois-concept.com\/magazine\/wp-json\/wp\/v2\/pages\/4788\/revisions\/7268"}],"up":[{"embeddable":true,"href":"https:\/\/www.nature-bois-concept.com\/magazine\/wp-json\/wp\/v2\/pages\/556"}],"wp:featuredmedia":[{"embeddable":true,"href":"https:\/\/www.nature-bois-concept.com\/magazine\/wp-json\/wp\/v2\/media\/4821"}],"wp:attachment":[{"href":"https:\/\/www.nature-bois-concept.com\/magazine\/wp-json\/wp\/v2\/media?parent=4788"}],"curies":[{"name":"wp","href":"https:\/\/api.w.org\/{rel}","templated":true}]}}