{"id":4281,"date":"2018-04-11T17:44:46","date_gmt":"2018-04-11T15:44:46","guid":{"rendered":"https:\/\/www.nature-bois-concept.com\/magazine\/?page_id=4281"},"modified":"2021-08-18T15:02:57","modified_gmt":"2021-08-18T13:02:57","slug":"piscines-aluminium-la-fiabilite","status":"publish","type":"page","link":"https:\/\/www.nature-bois-concept.com\/magazine\/nbc\/actualites\/piscines-aluminium-la-fiabilite\/","title":{"rendered":"Les piscines en Aluminium : tentez la fiabilit\u00e9"},"content":{"rendered":"","protected":false},"excerpt":{"rendered":"","protected":false},"author":7,"featured_media":3258,"parent":600,"menu_order":0,"comment_status":"closed","ping_status":"closed","template":"","meta":{"_acf_changed":false,"footnotes":""},"acf":[],"yoast_head":"<!-- This site is optimized with the Yoast SEO plugin v22.4 - https:\/\/yoast.com\/wordpress\/plugins\/seo\/ -->\n<title>Les piscines en Aluminium : tentez la fiabilit\u00e9<\/title>\n<meta name=\"description\" content=\"Nature Bois Concept propose une nouvelle mani\u00e8re de concevoir les piscines, et met en avant un mat\u00e9riau encore peu connu pour ces am\u00e9nagements\u00a0: L\u2019Aluminium. D\u00e9couvrez nos piscines sur mesures qui vous apporteront fiabilit\u00e9 et durabilit\u00e9 gr\u00e2ce \u00e0 une fabrication diff\u00e9rente.\" \/>\n<meta name=\"robots\" content=\"index, follow, max-snippet:-1, max-image-preview:large, max-video-preview:-1\" \/>\n<link rel=\"canonical\" href=\"https:\/\/www.nature-bois-concept.com\/magazine\/nbc\/actualites\/piscines-aluminium-la-fiabilite\/\" \/>\n<meta property=\"og:locale\" content=\"fr_FR\" \/>\n<meta property=\"og:type\" content=\"article\" \/>\n<meta property=\"og:title\" content=\"Les piscines en Aluminium : tentez la fiabilit\u00e9\" \/>\n<meta property=\"og:description\" content=\"Nature Bois Concept propose une nouvelle mani\u00e8re de concevoir les piscines, et met en avant un mat\u00e9riau encore peu connu pour ces am\u00e9nagements\u00a0: L\u2019Aluminium. D\u00e9couvrez nos piscines sur mesures qui vous apporteront fiabilit\u00e9 et durabilit\u00e9 gr\u00e2ce \u00e0 une fabrication diff\u00e9rente.\" \/>\n<meta property=\"og:url\" content=\"https:\/\/www.nature-bois-concept.com\/magazine\/nbc\/actualites\/piscines-aluminium-la-fiabilite\/\" \/>\n<meta property=\"og:site_name\" content=\"Magazine Nature Bois Concept\" \/>\n<meta property=\"article:publisher\" content=\"https:\/\/www.facebook.com\/Nature-Bois-Concept-1596307970584169\/\" \/>\n<meta property=\"article:modified_time\" content=\"2021-08-18T13:02:57+00:00\" \/>\n<meta property=\"og:image\" content=\"https:\/\/www.nature-bois-concept.com\/magazine\/wp-content\/uploads\/2016\/06\/une-terrasse-en-bois-cumaru.jpg\" \/>\n\t<meta property=\"og:image:width\" content=\"1893\" \/>\n\t<meta property=\"og:image:height\" content=\"440\" \/>\n\t<meta property=\"og:image:type\" content=\"image\/jpeg\" \/>\n<meta name=\"twitter:card\" content=\"summary_large_image\" \/>\n<meta name=\"twitter:site\" content=\"@nbc_bois\" \/>\n<script type=\"application\/ld+json\" class=\"yoast-schema-graph\">{\"@context\":\"https:\/\/schema.org\",\"@graph\":[{\"@type\":\"WebPage\",\"@id\":\"https:\/\/www.nature-bois-concept.com\/magazine\/nbc\/actualites\/piscines-aluminium-la-fiabilite\/\",\"url\":\"https:\/\/www.nature-bois-concept.com\/magazine\/nbc\/actualites\/piscines-aluminium-la-fiabilite\/\",\"name\":\"Les piscines en Aluminium : tentez la fiabilit\u00e9\",\"isPartOf\":{\"@id\":\"https:\/\/www.nature-bois-concept.com\/magazine\/#website\"},\"primaryImageOfPage\":{\"@id\":\"https:\/\/www.nature-bois-concept.com\/magazine\/nbc\/actualites\/piscines-aluminium-la-fiabilite\/#primaryimage\"},\"image\":{\"@id\":\"https:\/\/www.nature-bois-concept.com\/magazine\/nbc\/actualites\/piscines-aluminium-la-fiabilite\/#primaryimage\"},\"thumbnailUrl\":\"https:\/\/www.nature-bois-concept.com\/magazine\/wp-content\/uploads\/2016\/06\/une-terrasse-en-bois-cumaru.jpg\",\"datePublished\":\"2018-04-11T15:44:46+00:00\",\"dateModified\":\"2021-08-18T13:02:57+00:00\",\"description\":\"Nature Bois Concept propose une nouvelle mani\u00e8re de concevoir les piscines, et met en avant un mat\u00e9riau encore peu connu pour ces am\u00e9nagements\u00a0: L\u2019Aluminium. D\u00e9couvrez nos piscines sur mesures qui vous apporteront fiabilit\u00e9 et durabilit\u00e9 gr\u00e2ce \u00e0 une fabrication diff\u00e9rente.\",\"breadcrumb\":{\"@id\":\"https:\/\/www.nature-bois-concept.com\/magazine\/nbc\/actualites\/piscines-aluminium-la-fiabilite\/#breadcrumb\"},\"inLanguage\":\"fr-FR\",\"potentialAction\":[{\"@type\":\"ReadAction\",\"target\":[\"https:\/\/www.nature-bois-concept.com\/magazine\/nbc\/actualites\/piscines-aluminium-la-fiabilite\/\"]}]},{\"@type\":\"ImageObject\",\"inLanguage\":\"fr-FR\",\"@id\":\"https:\/\/www.nature-bois-concept.com\/magazine\/nbc\/actualites\/piscines-aluminium-la-fiabilite\/#primaryimage\",\"url\":\"https:\/\/www.nature-bois-concept.com\/magazine\/wp-content\/uploads\/2016\/06\/une-terrasse-en-bois-cumaru.jpg\",\"contentUrl\":\"https:\/\/www.nature-bois-concept.com\/magazine\/wp-content\/uploads\/2016\/06\/une-terrasse-en-bois-cumaru.jpg\",\"width\":1893,\"height\":440,\"caption\":\"terrasse bois et piscine en cumaru\"},{\"@type\":\"BreadcrumbList\",\"@id\":\"https:\/\/www.nature-bois-concept.com\/magazine\/nbc\/actualites\/piscines-aluminium-la-fiabilite\/#breadcrumb\",\"itemListElement\":[{\"@type\":\"ListItem\",\"position\":1,\"name\":\"Magazine NBC\",\"item\":\"https:\/\/www.nature-bois-concept.com\/magazine\/\"},{\"@type\":\"ListItem\",\"position\":2,\"name\":\"NBC\",\"item\":\"https:\/\/www.nature-bois-concept.com\/magazine\/nbc\/\"},{\"@type\":\"ListItem\",\"position\":3,\"name\":\"Article Nature Bois Concept\",\"item\":\"https:\/\/www.nature-bois-concept.com\/magazine\/nbc\/actualites\/\"},{\"@type\":\"ListItem\",\"position\":4,\"name\":\"Les piscines en Aluminium : tentez la fiabilit\u00e9\"}]},{\"@type\":\"WebSite\",\"@id\":\"https:\/\/www.nature-bois-concept.com\/magazine\/#website\",\"url\":\"https:\/\/www.nature-bois-concept.com\/magazine\/\",\"name\":\"Magazine Nature Bois Concept\",\"description\":\"En association avec Nature Bois Concept\",\"potentialAction\":[{\"@type\":\"SearchAction\",\"target\":{\"@type\":\"EntryPoint\",\"urlTemplate\":\"https:\/\/www.nature-bois-concept.com\/magazine\/?s={search_term_string}\"},\"query-input\":\"required name=search_term_string\"}],\"inLanguage\":\"fr-FR\"}]}<\/script>\n<!-- \/ Yoast SEO plugin. -->","yoast_head_json":{"title":"Les piscines en Aluminium : tentez la fiabilit\u00e9","description":"Nature Bois Concept propose une nouvelle mani\u00e8re de concevoir les piscines, et met en avant un mat\u00e9riau encore peu connu pour ces am\u00e9nagements\u00a0: L\u2019Aluminium. D\u00e9couvrez nos piscines sur mesures qui vous apporteront fiabilit\u00e9 et durabilit\u00e9 gr\u00e2ce \u00e0 une fabrication diff\u00e9rente.","robots":{"index":"index","follow":"follow","max-snippet":"max-snippet:-1","max-image-preview":"max-image-preview:large","max-video-preview":"max-video-preview:-1"},"canonical":"https:\/\/www.nature-bois-concept.com\/magazine\/nbc\/actualites\/piscines-aluminium-la-fiabilite\/","og_locale":"fr_FR","og_type":"article","og_title":"Les piscines en Aluminium : tentez la fiabilit\u00e9","og_description":"Nature Bois Concept propose une nouvelle mani\u00e8re de concevoir les piscines, et met en avant un mat\u00e9riau encore peu connu pour ces am\u00e9nagements\u00a0: L\u2019Aluminium. D\u00e9couvrez nos piscines sur mesures qui vous apporteront fiabilit\u00e9 et durabilit\u00e9 gr\u00e2ce \u00e0 une fabrication diff\u00e9rente.","og_url":"https:\/\/www.nature-bois-concept.com\/magazine\/nbc\/actualites\/piscines-aluminium-la-fiabilite\/","og_site_name":"Magazine Nature Bois Concept","article_publisher":"https:\/\/www.facebook.com\/Nature-Bois-Concept-1596307970584169\/","article_modified_time":"2021-08-18T13:02:57+00:00","og_image":[{"width":1893,"height":440,"url":"https:\/\/www.nature-bois-concept.com\/magazine\/wp-content\/uploads\/2016\/06\/une-terrasse-en-bois-cumaru.jpg","type":"image\/jpeg"}],"twitter_card":"summary_large_image","twitter_site":"@nbc_bois","schema":{"@context":"https:\/\/schema.org","@graph":[{"@type":"WebPage","@id":"https:\/\/www.nature-bois-concept.com\/magazine\/nbc\/actualites\/piscines-aluminium-la-fiabilite\/","url":"https:\/\/www.nature-bois-concept.com\/magazine\/nbc\/actualites\/piscines-aluminium-la-fiabilite\/","name":"Les piscines en Aluminium : tentez la fiabilit\u00e9","isPartOf":{"@id":"https:\/\/www.nature-bois-concept.com\/magazine\/#website"},"primaryImageOfPage":{"@id":"https:\/\/www.nature-bois-concept.com\/magazine\/nbc\/actualites\/piscines-aluminium-la-fiabilite\/#primaryimage"},"image":{"@id":"https:\/\/www.nature-bois-concept.com\/magazine\/nbc\/actualites\/piscines-aluminium-la-fiabilite\/#primaryimage"},"thumbnailUrl":"https:\/\/www.nature-bois-concept.com\/magazine\/wp-content\/uploads\/2016\/06\/une-terrasse-en-bois-cumaru.jpg","datePublished":"2018-04-11T15:44:46+00:00","dateModified":"2021-08-18T13:02:57+00:00","description":"Nature Bois Concept propose une nouvelle mani\u00e8re de concevoir les piscines, et met en avant un mat\u00e9riau encore peu connu pour ces am\u00e9nagements\u00a0: L\u2019Aluminium. D\u00e9couvrez nos piscines sur mesures qui vous apporteront fiabilit\u00e9 et durabilit\u00e9 gr\u00e2ce \u00e0 une fabrication diff\u00e9rente.","breadcrumb":{"@id":"https:\/\/www.nature-bois-concept.com\/magazine\/nbc\/actualites\/piscines-aluminium-la-fiabilite\/#breadcrumb"},"inLanguage":"fr-FR","potentialAction":[{"@type":"ReadAction","target":["https:\/\/www.nature-bois-concept.com\/magazine\/nbc\/actualites\/piscines-aluminium-la-fiabilite\/"]}]},{"@type":"ImageObject","inLanguage":"fr-FR","@id":"https:\/\/www.nature-bois-concept.com\/magazine\/nbc\/actualites\/piscines-aluminium-la-fiabilite\/#primaryimage","url":"https:\/\/www.nature-bois-concept.com\/magazine\/wp-content\/uploads\/2016\/06\/une-terrasse-en-bois-cumaru.jpg","contentUrl":"https:\/\/www.nature-bois-concept.com\/magazine\/wp-content\/uploads\/2016\/06\/une-terrasse-en-bois-cumaru.jpg","width":1893,"height":440,"caption":"terrasse bois et piscine en cumaru"},{"@type":"BreadcrumbList","@id":"https:\/\/www.nature-bois-concept.com\/magazine\/nbc\/actualites\/piscines-aluminium-la-fiabilite\/#breadcrumb","itemListElement":[{"@type":"ListItem","position":1,"name":"Magazine NBC","item":"https:\/\/www.nature-bois-concept.com\/magazine\/"},{"@type":"ListItem","position":2,"name":"NBC","item":"https:\/\/www.nature-bois-concept.com\/magazine\/nbc\/"},{"@type":"ListItem","position":3,"name":"Article Nature Bois Concept","item":"https:\/\/www.nature-bois-concept.com\/magazine\/nbc\/actualites\/"},{"@type":"ListItem","position":4,"name":"Les piscines en Aluminium : tentez la fiabilit\u00e9"}]},{"@type":"WebSite","@id":"https:\/\/www.nature-bois-concept.com\/magazine\/#website","url":"https:\/\/www.nature-bois-concept.com\/magazine\/","name":"Magazine Nature Bois Concept","description":"En association avec Nature Bois Concept","potentialAction":[{"@type":"SearchAction","target":{"@type":"EntryPoint","urlTemplate":"https:\/\/www.nature-bois-concept.com\/magazine\/?s={search_term_string}"},"query-input":"required name=search_term_string"}],"inLanguage":"fr-FR"}]}},"_links":{"self":[{"href":"https:\/\/www.nature-bois-concept.com\/magazine\/wp-json\/wp\/v2\/pages\/4281"}],"collection":[{"href":"https:\/\/www.nature-bois-concept.com\/magazine\/wp-json\/wp\/v2\/pages"}],"about":[{"href":"https:\/\/www.nature-bois-concept.com\/magazine\/wp-json\/wp\/v2\/types\/page"}],"author":[{"embeddable":true,"href":"https:\/\/www.nature-bois-concept.com\/magazine\/wp-json\/wp\/v2\/users\/7"}],"replies":[{"embeddable":true,"href":"https:\/\/www.nature-bois-concept.com\/magazine\/wp-json\/wp\/v2\/comments?post=4281"}],"version-history":[{"count":11,"href":"https:\/\/www.nature-bois-concept.com\/magazine\/wp-json\/wp\/v2\/pages\/4281\/revisions"}],"predecessor-version":[{"id":6462,"href":"https:\/\/www.nature-bois-concept.com\/magazine\/wp-json\/wp\/v2\/pages\/4281\/revisions\/6462"}],"up":[{"embeddable":true,"href":"https:\/\/www.nature-bois-concept.com\/magazine\/wp-json\/wp\/v2\/pages\/600"}],"wp:featuredmedia":[{"embeddable":true,"href":"https:\/\/www.nature-bois-concept.com\/magazine\/wp-json\/wp\/v2\/media\/3258"}],"wp:attachment":[{"href":"https:\/\/www.nature-bois-concept.com\/magazine\/wp-json\/wp\/v2\/media?parent=4281"}],"curies":[{"name":"wp","href":"https:\/\/api.w.org\/{rel}","templated":true}]}}