{"id":4232,"date":"2018-03-28T18:57:18","date_gmt":"2018-03-28T16:57:18","guid":{"rendered":"https:\/\/www.nature-bois-concept.com\/magazine\/?page_id=4232"},"modified":"2025-03-12T14:40:10","modified_gmt":"2025-03-12T13:40:10","slug":"terrasse-bois-terrasse-carrelage-laquelle-choisir","status":"publish","type":"page","link":"https:\/\/www.nature-bois-concept.com\/magazine\/terrasse-bois\/guides\/avant-achat\/terrasse-bois-terrasse-carrelage-laquelle-choisir\/","title":{"rendered":"Terrasse Bois ou Carrelage : Laquelle Choisir ?"},"content":{"rendered":"<p><strong data-start=\"55\" data-end=\"124\">Bois ou carrelage : quel rev\u00eatement choisir pour votre terrasse ?<\/strong> Deux styles, deux ambiances\u2026 et des atouts de chaque c\u00f4t\u00e9 ! Le bois s\u00e9duit par son aspect chaleureux et naturel, tandis que le carrelage mise sur la modernit\u00e9 et la facilit\u00e9 d\u2019entretien. Difficile de trancher ? Voici quelques \u00e9l\u00e9ments pour vous aider \u00e0 faire le bon choix.<\/p>\n","protected":false},"excerpt":{"rendered":"<p>Bois ou carrelage : quel rev\u00eatement choisir pour votre terrasse ? Deux styles, deux ambiances\u2026 et des atouts de chaque c\u00f4t\u00e9 ! Le bois s\u00e9duit par son aspect chaleureux et naturel, tandis que le carrelage mise sur la modernit\u00e9 et la facilit\u00e9 d\u2019entretien. Difficile de trancher ? Voici quelques \u00e9l\u00e9ments pour vous aider \u00e0 faire le bon choix.<\/p>\n","protected":false},"author":7,"featured_media":4246,"parent":563,"menu_order":0,"comment_status":"closed","ping_status":"closed","template":"","meta":{"_acf_changed":false,"footnotes":""},"acf":[],"yoast_head":"<!-- This site is optimized with the Yoast SEO plugin v22.4 - https:\/\/yoast.com\/wordpress\/plugins\/seo\/ -->\n<title>Terrasse Bois ou Carrelage : Laquelle Choisir ?<\/title>\n<meta name=\"description\" content=\"Comparez terrasse bois ou carrelage pour votre ext\u00e9rieur et terrasse piscine. Trouvez la solution id\u00e9ale pour votre am\u00e9nagement.\" \/>\n<meta name=\"robots\" content=\"index, follow, max-snippet:-1, max-image-preview:large, max-video-preview:-1\" \/>\n<link rel=\"canonical\" href=\"https:\/\/www.nature-bois-concept.com\/magazine\/terrasse-bois\/guides\/avant-achat\/terrasse-bois-terrasse-carrelage-laquelle-choisir\/\" \/>\n<meta property=\"og:locale\" content=\"fr_FR\" \/>\n<meta property=\"og:type\" content=\"article\" \/>\n<meta property=\"og:title\" content=\"Terrasse Bois ou Carrelage : Laquelle Choisir ?\" \/>\n<meta property=\"og:description\" content=\"Comparez terrasse bois ou carrelage pour votre ext\u00e9rieur et terrasse piscine. Trouvez la solution id\u00e9ale pour votre am\u00e9nagement.\" \/>\n<meta property=\"og:url\" content=\"https:\/\/www.nature-bois-concept.com\/magazine\/terrasse-bois\/guides\/avant-achat\/terrasse-bois-terrasse-carrelage-laquelle-choisir\/\" \/>\n<meta property=\"og:site_name\" content=\"Magazine Nature Bois Concept\" \/>\n<meta property=\"article:publisher\" content=\"https:\/\/www.facebook.com\/Nature-Bois-Concept-1596307970584169\/\" \/>\n<meta property=\"article:modified_time\" content=\"2025-03-12T13:40:10+00:00\" \/>\n<meta property=\"og:image\" content=\"https:\/\/www.nature-bois-concept.com\/magazine\/wp-content\/uploads\/2018\/03\/IMG_1099-e1522256478724.jpg\" \/>\n\t<meta property=\"og:image:width\" content=\"2000\" \/>\n\t<meta property=\"og:image:height\" content=\"1500\" \/>\n\t<meta property=\"og:image:type\" content=\"image\/jpeg\" \/>\n<meta name=\"twitter:card\" content=\"summary_large_image\" \/>\n<meta name=\"twitter:site\" content=\"@nbc_bois\" \/>\n<meta name=\"twitter:label1\" content=\"Dur\u00e9e de lecture estim\u00e9e\" \/>\n\t<meta name=\"twitter:data1\" content=\"1 minute\" \/>\n<script type=\"application\/ld+json\" class=\"yoast-schema-graph\">{\"@context\":\"https:\/\/schema.org\",\"@graph\":[{\"@type\":\"WebPage\",\"@id\":\"https:\/\/www.nature-bois-concept.com\/magazine\/terrasse-bois\/guides\/avant-achat\/terrasse-bois-terrasse-carrelage-laquelle-choisir\/\",\"url\":\"https:\/\/www.nature-bois-concept.com\/magazine\/terrasse-bois\/guides\/avant-achat\/terrasse-bois-terrasse-carrelage-laquelle-choisir\/\",\"name\":\"Terrasse Bois ou Carrelage : Laquelle Choisir ?\",\"isPartOf\":{\"@id\":\"https:\/\/www.nature-bois-concept.com\/magazine\/#website\"},\"primaryImageOfPage\":{\"@id\":\"https:\/\/www.nature-bois-concept.com\/magazine\/terrasse-bois\/guides\/avant-achat\/terrasse-bois-terrasse-carrelage-laquelle-choisir\/#primaryimage\"},\"image\":{\"@id\":\"https:\/\/www.nature-bois-concept.com\/magazine\/terrasse-bois\/guides\/avant-achat\/terrasse-bois-terrasse-carrelage-laquelle-choisir\/#primaryimage\"},\"thumbnailUrl\":\"https:\/\/www.nature-bois-concept.com\/magazine\/wp-content\/uploads\/2018\/03\/IMG_1099-e1522256478724.jpg\",\"datePublished\":\"2018-03-28T16:57:18+00:00\",\"dateModified\":\"2025-03-12T13:40:10+00:00\",\"description\":\"Comparez terrasse bois ou carrelage pour votre ext\u00e9rieur et terrasse piscine. Trouvez la solution id\u00e9ale pour votre am\u00e9nagement.\",\"breadcrumb\":{\"@id\":\"https:\/\/www.nature-bois-concept.com\/magazine\/terrasse-bois\/guides\/avant-achat\/terrasse-bois-terrasse-carrelage-laquelle-choisir\/#breadcrumb\"},\"inLanguage\":\"fr-FR\",\"potentialAction\":[{\"@type\":\"ReadAction\",\"target\":[\"https:\/\/www.nature-bois-concept.com\/magazine\/terrasse-bois\/guides\/avant-achat\/terrasse-bois-terrasse-carrelage-laquelle-choisir\/\"]}]},{\"@type\":\"ImageObject\",\"inLanguage\":\"fr-FR\",\"@id\":\"https:\/\/www.nature-bois-concept.com\/magazine\/terrasse-bois\/guides\/avant-achat\/terrasse-bois-terrasse-carrelage-laquelle-choisir\/#primaryimage\",\"url\":\"https:\/\/www.nature-bois-concept.com\/magazine\/wp-content\/uploads\/2018\/03\/IMG_1099-e1522256478724.jpg\",\"contentUrl\":\"https:\/\/www.nature-bois-concept.com\/magazine\/wp-content\/uploads\/2018\/03\/IMG_1099-e1522256478724.jpg\",\"width\":2000,\"height\":1500,\"caption\":\"Terrasse bois en Ip\u00e9 et carrelage.\"},{\"@type\":\"BreadcrumbList\",\"@id\":\"https:\/\/www.nature-bois-concept.com\/magazine\/terrasse-bois\/guides\/avant-achat\/terrasse-bois-terrasse-carrelage-laquelle-choisir\/#breadcrumb\",\"itemListElement\":[{\"@type\":\"ListItem\",\"position\":1,\"name\":\"Magazine NBC\",\"item\":\"https:\/\/www.nature-bois-concept.com\/magazine\/\"},{\"@type\":\"ListItem\",\"position\":2,\"name\":\"Terrasse bois\",\"item\":\"https:\/\/www.nature-bois-concept.com\/magazine\/terrasse-bois\/\"},{\"@type\":\"ListItem\",\"position\":3,\"name\":\"Nos guides sur la Terrasse\",\"item\":\"https:\/\/www.nature-bois-concept.com\/magazine\/terrasse-bois\/guides\/\"},{\"@type\":\"ListItem\",\"position\":4,\"name\":\"Tout ce qu&rsquo;il faut savoir avant l&rsquo;achat de sa Terrasse\",\"item\":\"https:\/\/www.nature-bois-concept.com\/magazine\/terrasse-bois\/guides\/avant-achat\/\"},{\"@type\":\"ListItem\",\"position\":5,\"name\":\"Terrasse Bois ou Carrelage : Laquelle Choisir ?\"}]},{\"@type\":\"WebSite\",\"@id\":\"https:\/\/www.nature-bois-concept.com\/magazine\/#website\",\"url\":\"https:\/\/www.nature-bois-concept.com\/magazine\/\",\"name\":\"Magazine Nature Bois Concept\",\"description\":\"En association avec Nature Bois Concept\",\"potentialAction\":[{\"@type\":\"SearchAction\",\"target\":{\"@type\":\"EntryPoint\",\"urlTemplate\":\"https:\/\/www.nature-bois-concept.com\/magazine\/?s={search_term_string}\"},\"query-input\":\"required name=search_term_string\"}],\"inLanguage\":\"fr-FR\"}]}<\/script>\n<!-- \/ Yoast SEO plugin. -->","yoast_head_json":{"title":"Terrasse Bois ou Carrelage : Laquelle Choisir ?","description":"Comparez terrasse bois ou carrelage pour votre ext\u00e9rieur et terrasse piscine. Trouvez la solution id\u00e9ale pour votre am\u00e9nagement.","robots":{"index":"index","follow":"follow","max-snippet":"max-snippet:-1","max-image-preview":"max-image-preview:large","max-video-preview":"max-video-preview:-1"},"canonical":"https:\/\/www.nature-bois-concept.com\/magazine\/terrasse-bois\/guides\/avant-achat\/terrasse-bois-terrasse-carrelage-laquelle-choisir\/","og_locale":"fr_FR","og_type":"article","og_title":"Terrasse Bois ou Carrelage : Laquelle Choisir ?","og_description":"Comparez terrasse bois ou carrelage pour votre ext\u00e9rieur et terrasse piscine. Trouvez la solution id\u00e9ale pour votre am\u00e9nagement.","og_url":"https:\/\/www.nature-bois-concept.com\/magazine\/terrasse-bois\/guides\/avant-achat\/terrasse-bois-terrasse-carrelage-laquelle-choisir\/","og_site_name":"Magazine Nature Bois Concept","article_publisher":"https:\/\/www.facebook.com\/Nature-Bois-Concept-1596307970584169\/","article_modified_time":"2025-03-12T13:40:10+00:00","og_image":[{"width":2000,"height":1500,"url":"https:\/\/www.nature-bois-concept.com\/magazine\/wp-content\/uploads\/2018\/03\/IMG_1099-e1522256478724.jpg","type":"image\/jpeg"}],"twitter_card":"summary_large_image","twitter_site":"@nbc_bois","twitter_misc":{"Dur\u00e9e de lecture estim\u00e9e":"1 minute"},"schema":{"@context":"https:\/\/schema.org","@graph":[{"@type":"WebPage","@id":"https:\/\/www.nature-bois-concept.com\/magazine\/terrasse-bois\/guides\/avant-achat\/terrasse-bois-terrasse-carrelage-laquelle-choisir\/","url":"https:\/\/www.nature-bois-concept.com\/magazine\/terrasse-bois\/guides\/avant-achat\/terrasse-bois-terrasse-carrelage-laquelle-choisir\/","name":"Terrasse Bois ou Carrelage : Laquelle Choisir ?","isPartOf":{"@id":"https:\/\/www.nature-bois-concept.com\/magazine\/#website"},"primaryImageOfPage":{"@id":"https:\/\/www.nature-bois-concept.com\/magazine\/terrasse-bois\/guides\/avant-achat\/terrasse-bois-terrasse-carrelage-laquelle-choisir\/#primaryimage"},"image":{"@id":"https:\/\/www.nature-bois-concept.com\/magazine\/terrasse-bois\/guides\/avant-achat\/terrasse-bois-terrasse-carrelage-laquelle-choisir\/#primaryimage"},"thumbnailUrl":"https:\/\/www.nature-bois-concept.com\/magazine\/wp-content\/uploads\/2018\/03\/IMG_1099-e1522256478724.jpg","datePublished":"2018-03-28T16:57:18+00:00","dateModified":"2025-03-12T13:40:10+00:00","description":"Comparez terrasse bois ou carrelage pour votre ext\u00e9rieur et terrasse piscine. Trouvez la solution id\u00e9ale pour votre am\u00e9nagement.","breadcrumb":{"@id":"https:\/\/www.nature-bois-concept.com\/magazine\/terrasse-bois\/guides\/avant-achat\/terrasse-bois-terrasse-carrelage-laquelle-choisir\/#breadcrumb"},"inLanguage":"fr-FR","potentialAction":[{"@type":"ReadAction","target":["https:\/\/www.nature-bois-concept.com\/magazine\/terrasse-bois\/guides\/avant-achat\/terrasse-bois-terrasse-carrelage-laquelle-choisir\/"]}]},{"@type":"ImageObject","inLanguage":"fr-FR","@id":"https:\/\/www.nature-bois-concept.com\/magazine\/terrasse-bois\/guides\/avant-achat\/terrasse-bois-terrasse-carrelage-laquelle-choisir\/#primaryimage","url":"https:\/\/www.nature-bois-concept.com\/magazine\/wp-content\/uploads\/2018\/03\/IMG_1099-e1522256478724.jpg","contentUrl":"https:\/\/www.nature-bois-concept.com\/magazine\/wp-content\/uploads\/2018\/03\/IMG_1099-e1522256478724.jpg","width":2000,"height":1500,"caption":"Terrasse bois en Ip\u00e9 et carrelage."},{"@type":"BreadcrumbList","@id":"https:\/\/www.nature-bois-concept.com\/magazine\/terrasse-bois\/guides\/avant-achat\/terrasse-bois-terrasse-carrelage-laquelle-choisir\/#breadcrumb","itemListElement":[{"@type":"ListItem","position":1,"name":"Magazine NBC","item":"https:\/\/www.nature-bois-concept.com\/magazine\/"},{"@type":"ListItem","position":2,"name":"Terrasse bois","item":"https:\/\/www.nature-bois-concept.com\/magazine\/terrasse-bois\/"},{"@type":"ListItem","position":3,"name":"Nos guides sur la Terrasse","item":"https:\/\/www.nature-bois-concept.com\/magazine\/terrasse-bois\/guides\/"},{"@type":"ListItem","position":4,"name":"Tout ce qu&rsquo;il faut savoir avant l&rsquo;achat de sa Terrasse","item":"https:\/\/www.nature-bois-concept.com\/magazine\/terrasse-bois\/guides\/avant-achat\/"},{"@type":"ListItem","position":5,"name":"Terrasse Bois ou Carrelage : Laquelle Choisir ?"}]},{"@type":"WebSite","@id":"https:\/\/www.nature-bois-concept.com\/magazine\/#website","url":"https:\/\/www.nature-bois-concept.com\/magazine\/","name":"Magazine Nature Bois Concept","description":"En association avec Nature Bois Concept","potentialAction":[{"@type":"SearchAction","target":{"@type":"EntryPoint","urlTemplate":"https:\/\/www.nature-bois-concept.com\/magazine\/?s={search_term_string}"},"query-input":"required name=search_term_string"}],"inLanguage":"fr-FR"}]}},"_links":{"self":[{"href":"https:\/\/www.nature-bois-concept.com\/magazine\/wp-json\/wp\/v2\/pages\/4232"}],"collection":[{"href":"https:\/\/www.nature-bois-concept.com\/magazine\/wp-json\/wp\/v2\/pages"}],"about":[{"href":"https:\/\/www.nature-bois-concept.com\/magazine\/wp-json\/wp\/v2\/types\/page"}],"author":[{"embeddable":true,"href":"https:\/\/www.nature-bois-concept.com\/magazine\/wp-json\/wp\/v2\/users\/7"}],"replies":[{"embeddable":true,"href":"https:\/\/www.nature-bois-concept.com\/magazine\/wp-json\/wp\/v2\/comments?post=4232"}],"version-history":[{"count":35,"href":"https:\/\/www.nature-bois-concept.com\/magazine\/wp-json\/wp\/v2\/pages\/4232\/revisions"}],"predecessor-version":[{"id":7793,"href":"https:\/\/www.nature-bois-concept.com\/magazine\/wp-json\/wp\/v2\/pages\/4232\/revisions\/7793"}],"up":[{"embeddable":true,"href":"https:\/\/www.nature-bois-concept.com\/magazine\/wp-json\/wp\/v2\/pages\/563"}],"wp:featuredmedia":[{"embeddable":true,"href":"https:\/\/www.nature-bois-concept.com\/magazine\/wp-json\/wp\/v2\/media\/4246"}],"wp:attachment":[{"href":"https:\/\/www.nature-bois-concept.com\/magazine\/wp-json\/wp\/v2\/media?parent=4232"}],"curies":[{"name":"wp","href":"https:\/\/api.w.org\/{rel}","templated":true}]}}