{"id":3842,"date":"2017-08-22T09:53:46","date_gmt":"2017-08-22T07:53:46","guid":{"rendered":"https:\/\/www.nature-bois-concept.com\/magazine\/?page_id=3842"},"modified":"2019-03-28T17:32:42","modified_gmt":"2019-03-28T16:32:42","slug":"selection-8-meilleurs-transats-lete","status":"publish","type":"page","link":"https:\/\/www.nature-bois-concept.com\/magazine\/terrasse-bois\/guides\/apres-achat\/amenagement-terrasse-bois\/selection-8-meilleurs-transats-lete\/","title":{"rendered":"S\u00e9lection des 8 meilleurs transats pour l\u2019\u00e9t\u00e9 !"},"content":{"rendered":"","protected":false},"excerpt":{"rendered":"","protected":false},"author":7,"featured_media":3858,"parent":575,"menu_order":0,"comment_status":"closed","ping_status":"closed","template":"","meta":{"_acf_changed":false,"footnotes":""},"acf":[],"yoast_head":"<!-- This site is optimized with the Yoast SEO plugin v22.4 - https:\/\/yoast.com\/wordpress\/plugins\/seo\/ -->\n<title>S\u00e9lection des 8 meilleurs transats pour l\u2019\u00e9t\u00e9 !<\/title>\n<meta name=\"description\" content=\"Quoi de mieux pour se pr\u00e9lasser en terrasse qu\u2019un transat ? Nous s\u00e9lectionnons pour vous une liste de transats aux design vari\u00e9s et tendances !\" \/>\n<meta name=\"robots\" content=\"index, follow, max-snippet:-1, max-image-preview:large, max-video-preview:-1\" \/>\n<link rel=\"canonical\" href=\"https:\/\/www.nature-bois-concept.com\/magazine\/terrasse-bois\/guides\/apres-achat\/amenagement-terrasse-bois\/selection-8-meilleurs-transats-lete\/\" \/>\n<meta property=\"og:locale\" content=\"fr_FR\" \/>\n<meta property=\"og:type\" content=\"article\" \/>\n<meta property=\"og:title\" content=\"S\u00e9lection des 8 meilleurs transats pour l\u2019\u00e9t\u00e9 !\" \/>\n<meta property=\"og:description\" content=\"Quoi de mieux pour se pr\u00e9lasser en terrasse qu\u2019un transat ? Nous s\u00e9lectionnons pour vous une liste de transats aux design vari\u00e9s et tendances !\" \/>\n<meta property=\"og:url\" content=\"https:\/\/www.nature-bois-concept.com\/magazine\/terrasse-bois\/guides\/apres-achat\/amenagement-terrasse-bois\/selection-8-meilleurs-transats-lete\/\" \/>\n<meta property=\"og:site_name\" content=\"Magazine Nature Bois Concept\" \/>\n<meta property=\"article:publisher\" content=\"https:\/\/www.facebook.com\/Nature-Bois-Concept-1596307970584169\/\" \/>\n<meta property=\"article:modified_time\" content=\"2019-03-28T16:32:42+00:00\" \/>\n<meta property=\"og:image\" content=\"https:\/\/www.nature-bois-concept.com\/magazine\/wp-content\/uploads\/2017\/08\/AdobeStock_79754243-e1503387716576.jpeg\" \/>\n\t<meta property=\"og:image:width\" content=\"1000\" \/>\n\t<meta property=\"og:image:height\" content=\"665\" \/>\n\t<meta property=\"og:image:type\" content=\"image\/jpeg\" \/>\n<meta name=\"twitter:card\" content=\"summary_large_image\" \/>\n<meta name=\"twitter:site\" content=\"@nbc_bois\" \/>\n<script type=\"application\/ld+json\" class=\"yoast-schema-graph\">{\"@context\":\"https:\/\/schema.org\",\"@graph\":[{\"@type\":\"WebPage\",\"@id\":\"https:\/\/www.nature-bois-concept.com\/magazine\/terrasse-bois\/guides\/apres-achat\/amenagement-terrasse-bois\/selection-8-meilleurs-transats-lete\/\",\"url\":\"https:\/\/www.nature-bois-concept.com\/magazine\/terrasse-bois\/guides\/apres-achat\/amenagement-terrasse-bois\/selection-8-meilleurs-transats-lete\/\",\"name\":\"S\u00e9lection des 8 meilleurs transats pour l\u2019\u00e9t\u00e9 !\",\"isPartOf\":{\"@id\":\"https:\/\/www.nature-bois-concept.com\/magazine\/#website\"},\"primaryImageOfPage\":{\"@id\":\"https:\/\/www.nature-bois-concept.com\/magazine\/terrasse-bois\/guides\/apres-achat\/amenagement-terrasse-bois\/selection-8-meilleurs-transats-lete\/#primaryimage\"},\"image\":{\"@id\":\"https:\/\/www.nature-bois-concept.com\/magazine\/terrasse-bois\/guides\/apres-achat\/amenagement-terrasse-bois\/selection-8-meilleurs-transats-lete\/#primaryimage\"},\"thumbnailUrl\":\"https:\/\/www.nature-bois-concept.com\/magazine\/wp-content\/uploads\/2017\/08\/AdobeStock_79754243-e1503387716576.jpeg\",\"datePublished\":\"2017-08-22T07:53:46+00:00\",\"dateModified\":\"2019-03-28T16:32:42+00:00\",\"description\":\"Quoi de mieux pour se pr\u00e9lasser en terrasse qu\u2019un transat ? Nous s\u00e9lectionnons pour vous une liste de transats aux design vari\u00e9s et tendances !\",\"breadcrumb\":{\"@id\":\"https:\/\/www.nature-bois-concept.com\/magazine\/terrasse-bois\/guides\/apres-achat\/amenagement-terrasse-bois\/selection-8-meilleurs-transats-lete\/#breadcrumb\"},\"inLanguage\":\"fr-FR\",\"potentialAction\":[{\"@type\":\"ReadAction\",\"target\":[\"https:\/\/www.nature-bois-concept.com\/magazine\/terrasse-bois\/guides\/apres-achat\/amenagement-terrasse-bois\/selection-8-meilleurs-transats-lete\/\"]}]},{\"@type\":\"ImageObject\",\"inLanguage\":\"fr-FR\",\"@id\":\"https:\/\/www.nature-bois-concept.com\/magazine\/terrasse-bois\/guides\/apres-achat\/amenagement-terrasse-bois\/selection-8-meilleurs-transats-lete\/#primaryimage\",\"url\":\"https:\/\/www.nature-bois-concept.com\/magazine\/wp-content\/uploads\/2017\/08\/AdobeStock_79754243-e1503387716576.jpeg\",\"contentUrl\":\"https:\/\/www.nature-bois-concept.com\/magazine\/wp-content\/uploads\/2017\/08\/AdobeStock_79754243-e1503387716576.jpeg\",\"width\":1000,\"height\":665,\"caption\":\"woman lying on a lounger by the pool at the hotel.\"},{\"@type\":\"BreadcrumbList\",\"@id\":\"https:\/\/www.nature-bois-concept.com\/magazine\/terrasse-bois\/guides\/apres-achat\/amenagement-terrasse-bois\/selection-8-meilleurs-transats-lete\/#breadcrumb\",\"itemListElement\":[{\"@type\":\"ListItem\",\"position\":1,\"name\":\"Magazine NBC\",\"item\":\"https:\/\/www.nature-bois-concept.com\/magazine\/\"},{\"@type\":\"ListItem\",\"position\":2,\"name\":\"Terrasse bois\",\"item\":\"https:\/\/www.nature-bois-concept.com\/magazine\/terrasse-bois\/\"},{\"@type\":\"ListItem\",\"position\":3,\"name\":\"Nos guides sur la Terrasse\",\"item\":\"https:\/\/www.nature-bois-concept.com\/magazine\/terrasse-bois\/guides\/\"},{\"@type\":\"ListItem\",\"position\":4,\"name\":\"Tout ce que vous devez savoir apr\u00e8s l&rsquo;achat de votre terrasse\",\"item\":\"https:\/\/www.nature-bois-concept.com\/magazine\/terrasse-bois\/guides\/apres-achat\/\"},{\"@type\":\"ListItem\",\"position\":5,\"name\":\"Comment bien am\u00e9nager votre terrasse ?\",\"item\":\"https:\/\/www.nature-bois-concept.com\/magazine\/terrasse-bois\/guides\/apres-achat\/amenagement-terrasse-bois\/\"},{\"@type\":\"ListItem\",\"position\":6,\"name\":\"S\u00e9lection des 8 meilleurs transats pour l\u2019\u00e9t\u00e9 !\"}]},{\"@type\":\"WebSite\",\"@id\":\"https:\/\/www.nature-bois-concept.com\/magazine\/#website\",\"url\":\"https:\/\/www.nature-bois-concept.com\/magazine\/\",\"name\":\"Magazine Nature Bois Concept\",\"description\":\"En association avec Nature Bois Concept\",\"potentialAction\":[{\"@type\":\"SearchAction\",\"target\":{\"@type\":\"EntryPoint\",\"urlTemplate\":\"https:\/\/www.nature-bois-concept.com\/magazine\/?s={search_term_string}\"},\"query-input\":\"required name=search_term_string\"}],\"inLanguage\":\"fr-FR\"}]}<\/script>\n<!-- \/ Yoast SEO plugin. -->","yoast_head_json":{"title":"S\u00e9lection des 8 meilleurs transats pour l\u2019\u00e9t\u00e9 !","description":"Quoi de mieux pour se pr\u00e9lasser en terrasse qu\u2019un transat ? Nous s\u00e9lectionnons pour vous une liste de transats aux design vari\u00e9s et tendances !","robots":{"index":"index","follow":"follow","max-snippet":"max-snippet:-1","max-image-preview":"max-image-preview:large","max-video-preview":"max-video-preview:-1"},"canonical":"https:\/\/www.nature-bois-concept.com\/magazine\/terrasse-bois\/guides\/apres-achat\/amenagement-terrasse-bois\/selection-8-meilleurs-transats-lete\/","og_locale":"fr_FR","og_type":"article","og_title":"S\u00e9lection des 8 meilleurs transats pour l\u2019\u00e9t\u00e9 !","og_description":"Quoi de mieux pour se pr\u00e9lasser en terrasse qu\u2019un transat ? Nous s\u00e9lectionnons pour vous une liste de transats aux design vari\u00e9s et tendances !","og_url":"https:\/\/www.nature-bois-concept.com\/magazine\/terrasse-bois\/guides\/apres-achat\/amenagement-terrasse-bois\/selection-8-meilleurs-transats-lete\/","og_site_name":"Magazine Nature Bois Concept","article_publisher":"https:\/\/www.facebook.com\/Nature-Bois-Concept-1596307970584169\/","article_modified_time":"2019-03-28T16:32:42+00:00","og_image":[{"width":1000,"height":665,"url":"https:\/\/www.nature-bois-concept.com\/magazine\/wp-content\/uploads\/2017\/08\/AdobeStock_79754243-e1503387716576.jpeg","type":"image\/jpeg"}],"twitter_card":"summary_large_image","twitter_site":"@nbc_bois","schema":{"@context":"https:\/\/schema.org","@graph":[{"@type":"WebPage","@id":"https:\/\/www.nature-bois-concept.com\/magazine\/terrasse-bois\/guides\/apres-achat\/amenagement-terrasse-bois\/selection-8-meilleurs-transats-lete\/","url":"https:\/\/www.nature-bois-concept.com\/magazine\/terrasse-bois\/guides\/apres-achat\/amenagement-terrasse-bois\/selection-8-meilleurs-transats-lete\/","name":"S\u00e9lection des 8 meilleurs transats pour l\u2019\u00e9t\u00e9 !","isPartOf":{"@id":"https:\/\/www.nature-bois-concept.com\/magazine\/#website"},"primaryImageOfPage":{"@id":"https:\/\/www.nature-bois-concept.com\/magazine\/terrasse-bois\/guides\/apres-achat\/amenagement-terrasse-bois\/selection-8-meilleurs-transats-lete\/#primaryimage"},"image":{"@id":"https:\/\/www.nature-bois-concept.com\/magazine\/terrasse-bois\/guides\/apres-achat\/amenagement-terrasse-bois\/selection-8-meilleurs-transats-lete\/#primaryimage"},"thumbnailUrl":"https:\/\/www.nature-bois-concept.com\/magazine\/wp-content\/uploads\/2017\/08\/AdobeStock_79754243-e1503387716576.jpeg","datePublished":"2017-08-22T07:53:46+00:00","dateModified":"2019-03-28T16:32:42+00:00","description":"Quoi de mieux pour se pr\u00e9lasser en terrasse qu\u2019un transat ? Nous s\u00e9lectionnons pour vous une liste de transats aux design vari\u00e9s et tendances !","breadcrumb":{"@id":"https:\/\/www.nature-bois-concept.com\/magazine\/terrasse-bois\/guides\/apres-achat\/amenagement-terrasse-bois\/selection-8-meilleurs-transats-lete\/#breadcrumb"},"inLanguage":"fr-FR","potentialAction":[{"@type":"ReadAction","target":["https:\/\/www.nature-bois-concept.com\/magazine\/terrasse-bois\/guides\/apres-achat\/amenagement-terrasse-bois\/selection-8-meilleurs-transats-lete\/"]}]},{"@type":"ImageObject","inLanguage":"fr-FR","@id":"https:\/\/www.nature-bois-concept.com\/magazine\/terrasse-bois\/guides\/apres-achat\/amenagement-terrasse-bois\/selection-8-meilleurs-transats-lete\/#primaryimage","url":"https:\/\/www.nature-bois-concept.com\/magazine\/wp-content\/uploads\/2017\/08\/AdobeStock_79754243-e1503387716576.jpeg","contentUrl":"https:\/\/www.nature-bois-concept.com\/magazine\/wp-content\/uploads\/2017\/08\/AdobeStock_79754243-e1503387716576.jpeg","width":1000,"height":665,"caption":"woman lying on a lounger by the pool at the hotel."},{"@type":"BreadcrumbList","@id":"https:\/\/www.nature-bois-concept.com\/magazine\/terrasse-bois\/guides\/apres-achat\/amenagement-terrasse-bois\/selection-8-meilleurs-transats-lete\/#breadcrumb","itemListElement":[{"@type":"ListItem","position":1,"name":"Magazine NBC","item":"https:\/\/www.nature-bois-concept.com\/magazine\/"},{"@type":"ListItem","position":2,"name":"Terrasse bois","item":"https:\/\/www.nature-bois-concept.com\/magazine\/terrasse-bois\/"},{"@type":"ListItem","position":3,"name":"Nos guides sur la Terrasse","item":"https:\/\/www.nature-bois-concept.com\/magazine\/terrasse-bois\/guides\/"},{"@type":"ListItem","position":4,"name":"Tout ce que vous devez savoir apr\u00e8s l&rsquo;achat de votre terrasse","item":"https:\/\/www.nature-bois-concept.com\/magazine\/terrasse-bois\/guides\/apres-achat\/"},{"@type":"ListItem","position":5,"name":"Comment bien am\u00e9nager votre terrasse ?","item":"https:\/\/www.nature-bois-concept.com\/magazine\/terrasse-bois\/guides\/apres-achat\/amenagement-terrasse-bois\/"},{"@type":"ListItem","position":6,"name":"S\u00e9lection des 8 meilleurs transats pour l\u2019\u00e9t\u00e9 !"}]},{"@type":"WebSite","@id":"https:\/\/www.nature-bois-concept.com\/magazine\/#website","url":"https:\/\/www.nature-bois-concept.com\/magazine\/","name":"Magazine Nature Bois Concept","description":"En association avec Nature Bois Concept","potentialAction":[{"@type":"SearchAction","target":{"@type":"EntryPoint","urlTemplate":"https:\/\/www.nature-bois-concept.com\/magazine\/?s={search_term_string}"},"query-input":"required name=search_term_string"}],"inLanguage":"fr-FR"}]}},"_links":{"self":[{"href":"https:\/\/www.nature-bois-concept.com\/magazine\/wp-json\/wp\/v2\/pages\/3842"}],"collection":[{"href":"https:\/\/www.nature-bois-concept.com\/magazine\/wp-json\/wp\/v2\/pages"}],"about":[{"href":"https:\/\/www.nature-bois-concept.com\/magazine\/wp-json\/wp\/v2\/types\/page"}],"author":[{"embeddable":true,"href":"https:\/\/www.nature-bois-concept.com\/magazine\/wp-json\/wp\/v2\/users\/7"}],"replies":[{"embeddable":true,"href":"https:\/\/www.nature-bois-concept.com\/magazine\/wp-json\/wp\/v2\/comments?post=3842"}],"version-history":[{"count":6,"href":"https:\/\/www.nature-bois-concept.com\/magazine\/wp-json\/wp\/v2\/pages\/3842\/revisions"}],"predecessor-version":[{"id":3859,"href":"https:\/\/www.nature-bois-concept.com\/magazine\/wp-json\/wp\/v2\/pages\/3842\/revisions\/3859"}],"up":[{"embeddable":true,"href":"https:\/\/www.nature-bois-concept.com\/magazine\/wp-json\/wp\/v2\/pages\/575"}],"wp:featuredmedia":[{"embeddable":true,"href":"https:\/\/www.nature-bois-concept.com\/magazine\/wp-json\/wp\/v2\/media\/3858"}],"wp:attachment":[{"href":"https:\/\/www.nature-bois-concept.com\/magazine\/wp-json\/wp\/v2\/media?parent=3842"}],"curies":[{"name":"wp","href":"https:\/\/api.w.org\/{rel}","templated":true}]}}