{"id":3822,"date":"2017-08-17T16:04:21","date_gmt":"2017-08-17T14:04:21","guid":{"rendered":"https:\/\/www.nature-bois-concept.com\/magazine\/?page_id=3822"},"modified":"2025-06-17T16:08:29","modified_gmt":"2025-06-17T14:08:29","slug":"bois-composite-lavenir-de-nos-amenagements-exterieurs","status":"publish","type":"page","link":"https:\/\/www.nature-bois-concept.com\/magazine\/guide-bois\/actualites\/bois-composite-lavenir-de-nos-amenagements-exterieurs\/","title":{"rendered":"Le bois composite : l\u2019avenir de nos am\u00e9nagements ext\u00e9rieurs ?"},"content":{"rendered":"","protected":false},"excerpt":{"rendered":"","protected":false},"author":7,"featured_media":3827,"parent":624,"menu_order":0,"comment_status":"closed","ping_status":"closed","template":"","meta":{"_acf_changed":false,"footnotes":""},"acf":[],"yoast_head":"<!-- This site is optimized with the Yoast SEO plugin v22.4 - https:\/\/yoast.com\/wordpress\/plugins\/seo\/ -->\n<title>Le bois composite : l\u2019avenir de nos am\u00e9nagements ext\u00e9rieurs ?<\/title>\n<meta name=\"description\" content=\"Depuis quelques ann\u00e9es, le bois composite suscite un grand engouement. Victime de beaucoup de pr\u00e9jug\u00e9s, c\u2019est pourtant un bois qui poss\u00e8de de nombreuses qualit\u00e9s.\" \/>\n<meta name=\"robots\" content=\"index, follow, max-snippet:-1, max-image-preview:large, max-video-preview:-1\" \/>\n<link rel=\"canonical\" href=\"https:\/\/www.nature-bois-concept.com\/magazine\/guide-bois\/actualites\/bois-composite-lavenir-de-nos-amenagements-exterieurs\/\" \/>\n<meta property=\"og:locale\" content=\"fr_FR\" \/>\n<meta property=\"og:type\" content=\"article\" \/>\n<meta property=\"og:title\" content=\"Le bois composite : l\u2019avenir de nos am\u00e9nagements ext\u00e9rieurs ?\" \/>\n<meta property=\"og:description\" content=\"Depuis quelques ann\u00e9es, le bois composite suscite un grand engouement. Victime de beaucoup de pr\u00e9jug\u00e9s, c\u2019est pourtant un bois qui poss\u00e8de de nombreuses qualit\u00e9s.\" \/>\n<meta property=\"og:url\" content=\"https:\/\/www.nature-bois-concept.com\/magazine\/guide-bois\/actualites\/bois-composite-lavenir-de-nos-amenagements-exterieurs\/\" \/>\n<meta property=\"og:site_name\" content=\"Magazine Nature Bois Concept\" \/>\n<meta property=\"article:publisher\" content=\"https:\/\/www.facebook.com\/Nature-Bois-Concept-1596307970584169\/\" \/>\n<meta property=\"article:modified_time\" content=\"2025-06-17T14:08:29+00:00\" \/>\n<meta property=\"og:image\" content=\"https:\/\/www.nature-bois-concept.com\/magazine\/wp-content\/uploads\/2017\/08\/14826_fiberdeck-Sanctuary-situ.jpg\" \/>\n\t<meta property=\"og:image:width\" content=\"4252\" \/>\n\t<meta property=\"og:image:height\" content=\"2835\" \/>\n\t<meta property=\"og:image:type\" content=\"image\/jpeg\" \/>\n<meta name=\"twitter:card\" content=\"summary_large_image\" \/>\n<meta name=\"twitter:site\" content=\"@nbc_bois\" \/>\n<meta name=\"twitter:label1\" content=\"Dur\u00e9e de lecture estim\u00e9e\" \/>\n\t<meta name=\"twitter:data1\" content=\"1 minute\" \/>\n<script type=\"application\/ld+json\" class=\"yoast-schema-graph\">{\"@context\":\"https:\/\/schema.org\",\"@graph\":[{\"@type\":\"WebPage\",\"@id\":\"https:\/\/www.nature-bois-concept.com\/magazine\/guide-bois\/actualites\/bois-composite-lavenir-de-nos-amenagements-exterieurs\/\",\"url\":\"https:\/\/www.nature-bois-concept.com\/magazine\/guide-bois\/actualites\/bois-composite-lavenir-de-nos-amenagements-exterieurs\/\",\"name\":\"Le bois composite : l\u2019avenir de nos am\u00e9nagements ext\u00e9rieurs ?\",\"isPartOf\":{\"@id\":\"https:\/\/www.nature-bois-concept.com\/magazine\/#website\"},\"primaryImageOfPage\":{\"@id\":\"https:\/\/www.nature-bois-concept.com\/magazine\/guide-bois\/actualites\/bois-composite-lavenir-de-nos-amenagements-exterieurs\/#primaryimage\"},\"image\":{\"@id\":\"https:\/\/www.nature-bois-concept.com\/magazine\/guide-bois\/actualites\/bois-composite-lavenir-de-nos-amenagements-exterieurs\/#primaryimage\"},\"thumbnailUrl\":\"https:\/\/www.nature-bois-concept.com\/magazine\/wp-content\/uploads\/2017\/08\/14826_fiberdeck-Sanctuary-situ.jpg\",\"datePublished\":\"2017-08-17T14:04:21+00:00\",\"dateModified\":\"2025-06-17T14:08:29+00:00\",\"description\":\"Depuis quelques ann\u00e9es, le bois composite suscite un grand engouement. Victime de beaucoup de pr\u00e9jug\u00e9s, c\u2019est pourtant un bois qui poss\u00e8de de nombreuses qualit\u00e9s.\",\"breadcrumb\":{\"@id\":\"https:\/\/www.nature-bois-concept.com\/magazine\/guide-bois\/actualites\/bois-composite-lavenir-de-nos-amenagements-exterieurs\/#breadcrumb\"},\"inLanguage\":\"fr-FR\",\"potentialAction\":[{\"@type\":\"ReadAction\",\"target\":[\"https:\/\/www.nature-bois-concept.com\/magazine\/guide-bois\/actualites\/bois-composite-lavenir-de-nos-amenagements-exterieurs\/\"]}]},{\"@type\":\"ImageObject\",\"inLanguage\":\"fr-FR\",\"@id\":\"https:\/\/www.nature-bois-concept.com\/magazine\/guide-bois\/actualites\/bois-composite-lavenir-de-nos-amenagements-exterieurs\/#primaryimage\",\"url\":\"https:\/\/www.nature-bois-concept.com\/magazine\/wp-content\/uploads\/2017\/08\/14826_fiberdeck-Sanctuary-situ.jpg\",\"contentUrl\":\"https:\/\/www.nature-bois-concept.com\/magazine\/wp-content\/uploads\/2017\/08\/14826_fiberdeck-Sanctuary-situ.jpg\",\"width\":4252,\"height\":2835},{\"@type\":\"BreadcrumbList\",\"@id\":\"https:\/\/www.nature-bois-concept.com\/magazine\/guide-bois\/actualites\/bois-composite-lavenir-de-nos-amenagements-exterieurs\/#breadcrumb\",\"itemListElement\":[{\"@type\":\"ListItem\",\"position\":1,\"name\":\"Magazine NBC\",\"item\":\"https:\/\/www.nature-bois-concept.com\/magazine\/\"},{\"@type\":\"ListItem\",\"position\":2,\"name\":\"Guide Bois\",\"item\":\"https:\/\/www.nature-bois-concept.com\/magazine\/guide-bois\/\"},{\"@type\":\"ListItem\",\"position\":3,\"name\":\"Article Guide Bois\",\"item\":\"https:\/\/www.nature-bois-concept.com\/magazine\/guide-bois\/actualites\/\"},{\"@type\":\"ListItem\",\"position\":4,\"name\":\"Le bois composite : l\u2019avenir de nos am\u00e9nagements ext\u00e9rieurs ?\"}]},{\"@type\":\"WebSite\",\"@id\":\"https:\/\/www.nature-bois-concept.com\/magazine\/#website\",\"url\":\"https:\/\/www.nature-bois-concept.com\/magazine\/\",\"name\":\"Magazine Nature Bois Concept\",\"description\":\"En association avec Nature Bois Concept\",\"potentialAction\":[{\"@type\":\"SearchAction\",\"target\":{\"@type\":\"EntryPoint\",\"urlTemplate\":\"https:\/\/www.nature-bois-concept.com\/magazine\/?s={search_term_string}\"},\"query-input\":\"required name=search_term_string\"}],\"inLanguage\":\"fr-FR\"}]}<\/script>\n<!-- \/ Yoast SEO plugin. -->","yoast_head_json":{"title":"Le bois composite : l\u2019avenir de nos am\u00e9nagements ext\u00e9rieurs ?","description":"Depuis quelques ann\u00e9es, le bois composite suscite un grand engouement. Victime de beaucoup de pr\u00e9jug\u00e9s, c\u2019est pourtant un bois qui poss\u00e8de de nombreuses qualit\u00e9s.","robots":{"index":"index","follow":"follow","max-snippet":"max-snippet:-1","max-image-preview":"max-image-preview:large","max-video-preview":"max-video-preview:-1"},"canonical":"https:\/\/www.nature-bois-concept.com\/magazine\/guide-bois\/actualites\/bois-composite-lavenir-de-nos-amenagements-exterieurs\/","og_locale":"fr_FR","og_type":"article","og_title":"Le bois composite : l\u2019avenir de nos am\u00e9nagements ext\u00e9rieurs ?","og_description":"Depuis quelques ann\u00e9es, le bois composite suscite un grand engouement. Victime de beaucoup de pr\u00e9jug\u00e9s, c\u2019est pourtant un bois qui poss\u00e8de de nombreuses qualit\u00e9s.","og_url":"https:\/\/www.nature-bois-concept.com\/magazine\/guide-bois\/actualites\/bois-composite-lavenir-de-nos-amenagements-exterieurs\/","og_site_name":"Magazine Nature Bois Concept","article_publisher":"https:\/\/www.facebook.com\/Nature-Bois-Concept-1596307970584169\/","article_modified_time":"2025-06-17T14:08:29+00:00","og_image":[{"width":4252,"height":2835,"url":"https:\/\/www.nature-bois-concept.com\/magazine\/wp-content\/uploads\/2017\/08\/14826_fiberdeck-Sanctuary-situ.jpg","type":"image\/jpeg"}],"twitter_card":"summary_large_image","twitter_site":"@nbc_bois","twitter_misc":{"Dur\u00e9e de lecture estim\u00e9e":"1 minute"},"schema":{"@context":"https:\/\/schema.org","@graph":[{"@type":"WebPage","@id":"https:\/\/www.nature-bois-concept.com\/magazine\/guide-bois\/actualites\/bois-composite-lavenir-de-nos-amenagements-exterieurs\/","url":"https:\/\/www.nature-bois-concept.com\/magazine\/guide-bois\/actualites\/bois-composite-lavenir-de-nos-amenagements-exterieurs\/","name":"Le bois composite : l\u2019avenir de nos am\u00e9nagements ext\u00e9rieurs ?","isPartOf":{"@id":"https:\/\/www.nature-bois-concept.com\/magazine\/#website"},"primaryImageOfPage":{"@id":"https:\/\/www.nature-bois-concept.com\/magazine\/guide-bois\/actualites\/bois-composite-lavenir-de-nos-amenagements-exterieurs\/#primaryimage"},"image":{"@id":"https:\/\/www.nature-bois-concept.com\/magazine\/guide-bois\/actualites\/bois-composite-lavenir-de-nos-amenagements-exterieurs\/#primaryimage"},"thumbnailUrl":"https:\/\/www.nature-bois-concept.com\/magazine\/wp-content\/uploads\/2017\/08\/14826_fiberdeck-Sanctuary-situ.jpg","datePublished":"2017-08-17T14:04:21+00:00","dateModified":"2025-06-17T14:08:29+00:00","description":"Depuis quelques ann\u00e9es, le bois composite suscite un grand engouement. Victime de beaucoup de pr\u00e9jug\u00e9s, c\u2019est pourtant un bois qui poss\u00e8de de nombreuses qualit\u00e9s.","breadcrumb":{"@id":"https:\/\/www.nature-bois-concept.com\/magazine\/guide-bois\/actualites\/bois-composite-lavenir-de-nos-amenagements-exterieurs\/#breadcrumb"},"inLanguage":"fr-FR","potentialAction":[{"@type":"ReadAction","target":["https:\/\/www.nature-bois-concept.com\/magazine\/guide-bois\/actualites\/bois-composite-lavenir-de-nos-amenagements-exterieurs\/"]}]},{"@type":"ImageObject","inLanguage":"fr-FR","@id":"https:\/\/www.nature-bois-concept.com\/magazine\/guide-bois\/actualites\/bois-composite-lavenir-de-nos-amenagements-exterieurs\/#primaryimage","url":"https:\/\/www.nature-bois-concept.com\/magazine\/wp-content\/uploads\/2017\/08\/14826_fiberdeck-Sanctuary-situ.jpg","contentUrl":"https:\/\/www.nature-bois-concept.com\/magazine\/wp-content\/uploads\/2017\/08\/14826_fiberdeck-Sanctuary-situ.jpg","width":4252,"height":2835},{"@type":"BreadcrumbList","@id":"https:\/\/www.nature-bois-concept.com\/magazine\/guide-bois\/actualites\/bois-composite-lavenir-de-nos-amenagements-exterieurs\/#breadcrumb","itemListElement":[{"@type":"ListItem","position":1,"name":"Magazine NBC","item":"https:\/\/www.nature-bois-concept.com\/magazine\/"},{"@type":"ListItem","position":2,"name":"Guide Bois","item":"https:\/\/www.nature-bois-concept.com\/magazine\/guide-bois\/"},{"@type":"ListItem","position":3,"name":"Article Guide Bois","item":"https:\/\/www.nature-bois-concept.com\/magazine\/guide-bois\/actualites\/"},{"@type":"ListItem","position":4,"name":"Le bois composite : l\u2019avenir de nos am\u00e9nagements ext\u00e9rieurs ?"}]},{"@type":"WebSite","@id":"https:\/\/www.nature-bois-concept.com\/magazine\/#website","url":"https:\/\/www.nature-bois-concept.com\/magazine\/","name":"Magazine Nature Bois Concept","description":"En association avec Nature Bois Concept","potentialAction":[{"@type":"SearchAction","target":{"@type":"EntryPoint","urlTemplate":"https:\/\/www.nature-bois-concept.com\/magazine\/?s={search_term_string}"},"query-input":"required name=search_term_string"}],"inLanguage":"fr-FR"}]}},"_links":{"self":[{"href":"https:\/\/www.nature-bois-concept.com\/magazine\/wp-json\/wp\/v2\/pages\/3822"}],"collection":[{"href":"https:\/\/www.nature-bois-concept.com\/magazine\/wp-json\/wp\/v2\/pages"}],"about":[{"href":"https:\/\/www.nature-bois-concept.com\/magazine\/wp-json\/wp\/v2\/types\/page"}],"author":[{"embeddable":true,"href":"https:\/\/www.nature-bois-concept.com\/magazine\/wp-json\/wp\/v2\/users\/7"}],"replies":[{"embeddable":true,"href":"https:\/\/www.nature-bois-concept.com\/magazine\/wp-json\/wp\/v2\/comments?post=3822"}],"version-history":[{"count":12,"href":"https:\/\/www.nature-bois-concept.com\/magazine\/wp-json\/wp\/v2\/pages\/3822\/revisions"}],"predecessor-version":[{"id":7861,"href":"https:\/\/www.nature-bois-concept.com\/magazine\/wp-json\/wp\/v2\/pages\/3822\/revisions\/7861"}],"up":[{"embeddable":true,"href":"https:\/\/www.nature-bois-concept.com\/magazine\/wp-json\/wp\/v2\/pages\/624"}],"wp:featuredmedia":[{"embeddable":true,"href":"https:\/\/www.nature-bois-concept.com\/magazine\/wp-json\/wp\/v2\/media\/3827"}],"wp:attachment":[{"href":"https:\/\/www.nature-bois-concept.com\/magazine\/wp-json\/wp\/v2\/media?parent=3822"}],"curies":[{"name":"wp","href":"https:\/\/api.w.org\/{rel}","templated":true}]}}