{"id":3789,"date":"2017-07-26T16:58:06","date_gmt":"2017-07-26T14:58:06","guid":{"rendered":"https:\/\/www.nature-bois-concept.com\/magazine\/?page_id=3789"},"modified":"2019-03-28T17:49:04","modified_gmt":"2019-03-28T16:49:04","slug":"gamme-de-vis-fischer-reference-matiere-dassemblage-bois","status":"publish","type":"page","link":"https:\/\/www.nature-bois-concept.com\/magazine\/nbc\/actualites\/gamme-de-vis-fischer-reference-matiere-dassemblage-bois\/","title":{"rendered":"La gamme de vis fischer : une r\u00e9f\u00e9rence en mati\u00e8re d\u2019assemblage bois"},"content":{"rendered":"","protected":false},"excerpt":{"rendered":"","protected":false},"author":7,"featured_media":3802,"parent":600,"menu_order":0,"comment_status":"closed","ping_status":"closed","template":"","meta":{"_acf_changed":false,"footnotes":""},"acf":[],"yoast_head":"<!-- This site is optimized with the Yoast SEO plugin v22.4 - https:\/\/yoast.com\/wordpress\/plugins\/seo\/ -->\n<title>La gamme de vis fischer : une r\u00e9f\u00e9rence en mati\u00e8re d\u2019assemblage bois<\/title>\n<meta name=\"description\" content=\"C\u00e9l\u00e8bres dans le monde entier, les vis et les chevilles Fischer sont l\u2019apanage de nombreux bricoleurs mais \u00e9galement des plus grands professionnels du b\u00e2timent.\" \/>\n<meta name=\"robots\" content=\"index, follow, max-snippet:-1, max-image-preview:large, max-video-preview:-1\" \/>\n<link rel=\"canonical\" href=\"https:\/\/www.nature-bois-concept.com\/magazine\/nbc\/actualites\/gamme-de-vis-fischer-reference-matiere-dassemblage-bois\/\" \/>\n<meta property=\"og:locale\" content=\"fr_FR\" \/>\n<meta property=\"og:type\" content=\"article\" \/>\n<meta property=\"og:title\" content=\"La gamme de vis fischer : une r\u00e9f\u00e9rence en mati\u00e8re d\u2019assemblage bois\" \/>\n<meta property=\"og:description\" content=\"C\u00e9l\u00e8bres dans le monde entier, les vis et les chevilles Fischer sont l\u2019apanage de nombreux bricoleurs mais \u00e9galement des plus grands professionnels du b\u00e2timent.\" \/>\n<meta property=\"og:url\" content=\"https:\/\/www.nature-bois-concept.com\/magazine\/nbc\/actualites\/gamme-de-vis-fischer-reference-matiere-dassemblage-bois\/\" \/>\n<meta property=\"og:site_name\" content=\"Magazine Nature Bois Concept\" \/>\n<meta property=\"article:publisher\" content=\"https:\/\/www.facebook.com\/Nature-Bois-Concept-1596307970584169\/\" \/>\n<meta property=\"article:modified_time\" content=\"2019-03-28T16:49:04+00:00\" \/>\n<meta property=\"og:image\" content=\"https:\/\/www.nature-bois-concept.com\/magazine\/wp-content\/uploads\/2017\/07\/article-fischer.jpg\" \/>\n\t<meta property=\"og:image:width\" content=\"1800\" \/>\n\t<meta property=\"og:image:height\" content=\"440\" \/>\n\t<meta property=\"og:image:type\" content=\"image\/jpeg\" \/>\n<meta name=\"twitter:card\" content=\"summary_large_image\" \/>\n<meta name=\"twitter:site\" content=\"@nbc_bois\" \/>\n<script type=\"application\/ld+json\" class=\"yoast-schema-graph\">{\"@context\":\"https:\/\/schema.org\",\"@graph\":[{\"@type\":\"WebPage\",\"@id\":\"https:\/\/www.nature-bois-concept.com\/magazine\/nbc\/actualites\/gamme-de-vis-fischer-reference-matiere-dassemblage-bois\/\",\"url\":\"https:\/\/www.nature-bois-concept.com\/magazine\/nbc\/actualites\/gamme-de-vis-fischer-reference-matiere-dassemblage-bois\/\",\"name\":\"La gamme de vis fischer : une r\u00e9f\u00e9rence en mati\u00e8re d\u2019assemblage bois\",\"isPartOf\":{\"@id\":\"https:\/\/www.nature-bois-concept.com\/magazine\/#website\"},\"primaryImageOfPage\":{\"@id\":\"https:\/\/www.nature-bois-concept.com\/magazine\/nbc\/actualites\/gamme-de-vis-fischer-reference-matiere-dassemblage-bois\/#primaryimage\"},\"image\":{\"@id\":\"https:\/\/www.nature-bois-concept.com\/magazine\/nbc\/actualites\/gamme-de-vis-fischer-reference-matiere-dassemblage-bois\/#primaryimage\"},\"thumbnailUrl\":\"https:\/\/www.nature-bois-concept.com\/magazine\/wp-content\/uploads\/2017\/07\/article-fischer.jpg\",\"datePublished\":\"2017-07-26T14:58:06+00:00\",\"dateModified\":\"2019-03-28T16:49:04+00:00\",\"description\":\"C\u00e9l\u00e8bres dans le monde entier, les vis et les chevilles Fischer sont l\u2019apanage de nombreux bricoleurs mais \u00e9galement des plus grands professionnels du b\u00e2timent.\",\"breadcrumb\":{\"@id\":\"https:\/\/www.nature-bois-concept.com\/magazine\/nbc\/actualites\/gamme-de-vis-fischer-reference-matiere-dassemblage-bois\/#breadcrumb\"},\"inLanguage\":\"fr-FR\",\"potentialAction\":[{\"@type\":\"ReadAction\",\"target\":[\"https:\/\/www.nature-bois-concept.com\/magazine\/nbc\/actualites\/gamme-de-vis-fischer-reference-matiere-dassemblage-bois\/\"]}]},{\"@type\":\"ImageObject\",\"inLanguage\":\"fr-FR\",\"@id\":\"https:\/\/www.nature-bois-concept.com\/magazine\/nbc\/actualites\/gamme-de-vis-fischer-reference-matiere-dassemblage-bois\/#primaryimage\",\"url\":\"https:\/\/www.nature-bois-concept.com\/magazine\/wp-content\/uploads\/2017\/07\/article-fischer.jpg\",\"contentUrl\":\"https:\/\/www.nature-bois-concept.com\/magazine\/wp-content\/uploads\/2017\/07\/article-fischer.jpg\",\"width\":1800,\"height\":440},{\"@type\":\"BreadcrumbList\",\"@id\":\"https:\/\/www.nature-bois-concept.com\/magazine\/nbc\/actualites\/gamme-de-vis-fischer-reference-matiere-dassemblage-bois\/#breadcrumb\",\"itemListElement\":[{\"@type\":\"ListItem\",\"position\":1,\"name\":\"Magazine NBC\",\"item\":\"https:\/\/www.nature-bois-concept.com\/magazine\/\"},{\"@type\":\"ListItem\",\"position\":2,\"name\":\"NBC\",\"item\":\"https:\/\/www.nature-bois-concept.com\/magazine\/nbc\/\"},{\"@type\":\"ListItem\",\"position\":3,\"name\":\"Article Nature Bois Concept\",\"item\":\"https:\/\/www.nature-bois-concept.com\/magazine\/nbc\/actualites\/\"},{\"@type\":\"ListItem\",\"position\":4,\"name\":\"La gamme de vis fischer : une r\u00e9f\u00e9rence en mati\u00e8re d\u2019assemblage bois\"}]},{\"@type\":\"WebSite\",\"@id\":\"https:\/\/www.nature-bois-concept.com\/magazine\/#website\",\"url\":\"https:\/\/www.nature-bois-concept.com\/magazine\/\",\"name\":\"Magazine Nature Bois Concept\",\"description\":\"En association avec Nature Bois Concept\",\"potentialAction\":[{\"@type\":\"SearchAction\",\"target\":{\"@type\":\"EntryPoint\",\"urlTemplate\":\"https:\/\/www.nature-bois-concept.com\/magazine\/?s={search_term_string}\"},\"query-input\":\"required name=search_term_string\"}],\"inLanguage\":\"fr-FR\"}]}<\/script>\n<!-- \/ Yoast SEO plugin. -->","yoast_head_json":{"title":"La gamme de vis fischer : une r\u00e9f\u00e9rence en mati\u00e8re d\u2019assemblage bois","description":"C\u00e9l\u00e8bres dans le monde entier, les vis et les chevilles Fischer sont l\u2019apanage de nombreux bricoleurs mais \u00e9galement des plus grands professionnels du b\u00e2timent.","robots":{"index":"index","follow":"follow","max-snippet":"max-snippet:-1","max-image-preview":"max-image-preview:large","max-video-preview":"max-video-preview:-1"},"canonical":"https:\/\/www.nature-bois-concept.com\/magazine\/nbc\/actualites\/gamme-de-vis-fischer-reference-matiere-dassemblage-bois\/","og_locale":"fr_FR","og_type":"article","og_title":"La gamme de vis fischer : une r\u00e9f\u00e9rence en mati\u00e8re d\u2019assemblage bois","og_description":"C\u00e9l\u00e8bres dans le monde entier, les vis et les chevilles Fischer sont l\u2019apanage de nombreux bricoleurs mais \u00e9galement des plus grands professionnels du b\u00e2timent.","og_url":"https:\/\/www.nature-bois-concept.com\/magazine\/nbc\/actualites\/gamme-de-vis-fischer-reference-matiere-dassemblage-bois\/","og_site_name":"Magazine Nature Bois Concept","article_publisher":"https:\/\/www.facebook.com\/Nature-Bois-Concept-1596307970584169\/","article_modified_time":"2019-03-28T16:49:04+00:00","og_image":[{"width":1800,"height":440,"url":"https:\/\/www.nature-bois-concept.com\/magazine\/wp-content\/uploads\/2017\/07\/article-fischer.jpg","type":"image\/jpeg"}],"twitter_card":"summary_large_image","twitter_site":"@nbc_bois","schema":{"@context":"https:\/\/schema.org","@graph":[{"@type":"WebPage","@id":"https:\/\/www.nature-bois-concept.com\/magazine\/nbc\/actualites\/gamme-de-vis-fischer-reference-matiere-dassemblage-bois\/","url":"https:\/\/www.nature-bois-concept.com\/magazine\/nbc\/actualites\/gamme-de-vis-fischer-reference-matiere-dassemblage-bois\/","name":"La gamme de vis fischer : une r\u00e9f\u00e9rence en mati\u00e8re d\u2019assemblage bois","isPartOf":{"@id":"https:\/\/www.nature-bois-concept.com\/magazine\/#website"},"primaryImageOfPage":{"@id":"https:\/\/www.nature-bois-concept.com\/magazine\/nbc\/actualites\/gamme-de-vis-fischer-reference-matiere-dassemblage-bois\/#primaryimage"},"image":{"@id":"https:\/\/www.nature-bois-concept.com\/magazine\/nbc\/actualites\/gamme-de-vis-fischer-reference-matiere-dassemblage-bois\/#primaryimage"},"thumbnailUrl":"https:\/\/www.nature-bois-concept.com\/magazine\/wp-content\/uploads\/2017\/07\/article-fischer.jpg","datePublished":"2017-07-26T14:58:06+00:00","dateModified":"2019-03-28T16:49:04+00:00","description":"C\u00e9l\u00e8bres dans le monde entier, les vis et les chevilles Fischer sont l\u2019apanage de nombreux bricoleurs mais \u00e9galement des plus grands professionnels du b\u00e2timent.","breadcrumb":{"@id":"https:\/\/www.nature-bois-concept.com\/magazine\/nbc\/actualites\/gamme-de-vis-fischer-reference-matiere-dassemblage-bois\/#breadcrumb"},"inLanguage":"fr-FR","potentialAction":[{"@type":"ReadAction","target":["https:\/\/www.nature-bois-concept.com\/magazine\/nbc\/actualites\/gamme-de-vis-fischer-reference-matiere-dassemblage-bois\/"]}]},{"@type":"ImageObject","inLanguage":"fr-FR","@id":"https:\/\/www.nature-bois-concept.com\/magazine\/nbc\/actualites\/gamme-de-vis-fischer-reference-matiere-dassemblage-bois\/#primaryimage","url":"https:\/\/www.nature-bois-concept.com\/magazine\/wp-content\/uploads\/2017\/07\/article-fischer.jpg","contentUrl":"https:\/\/www.nature-bois-concept.com\/magazine\/wp-content\/uploads\/2017\/07\/article-fischer.jpg","width":1800,"height":440},{"@type":"BreadcrumbList","@id":"https:\/\/www.nature-bois-concept.com\/magazine\/nbc\/actualites\/gamme-de-vis-fischer-reference-matiere-dassemblage-bois\/#breadcrumb","itemListElement":[{"@type":"ListItem","position":1,"name":"Magazine NBC","item":"https:\/\/www.nature-bois-concept.com\/magazine\/"},{"@type":"ListItem","position":2,"name":"NBC","item":"https:\/\/www.nature-bois-concept.com\/magazine\/nbc\/"},{"@type":"ListItem","position":3,"name":"Article Nature Bois Concept","item":"https:\/\/www.nature-bois-concept.com\/magazine\/nbc\/actualites\/"},{"@type":"ListItem","position":4,"name":"La gamme de vis fischer : une r\u00e9f\u00e9rence en mati\u00e8re d\u2019assemblage bois"}]},{"@type":"WebSite","@id":"https:\/\/www.nature-bois-concept.com\/magazine\/#website","url":"https:\/\/www.nature-bois-concept.com\/magazine\/","name":"Magazine Nature Bois Concept","description":"En association avec Nature Bois Concept","potentialAction":[{"@type":"SearchAction","target":{"@type":"EntryPoint","urlTemplate":"https:\/\/www.nature-bois-concept.com\/magazine\/?s={search_term_string}"},"query-input":"required name=search_term_string"}],"inLanguage":"fr-FR"}]}},"_links":{"self":[{"href":"https:\/\/www.nature-bois-concept.com\/magazine\/wp-json\/wp\/v2\/pages\/3789"}],"collection":[{"href":"https:\/\/www.nature-bois-concept.com\/magazine\/wp-json\/wp\/v2\/pages"}],"about":[{"href":"https:\/\/www.nature-bois-concept.com\/magazine\/wp-json\/wp\/v2\/types\/page"}],"author":[{"embeddable":true,"href":"https:\/\/www.nature-bois-concept.com\/magazine\/wp-json\/wp\/v2\/users\/7"}],"replies":[{"embeddable":true,"href":"https:\/\/www.nature-bois-concept.com\/magazine\/wp-json\/wp\/v2\/comments?post=3789"}],"version-history":[{"count":9,"href":"https:\/\/www.nature-bois-concept.com\/magazine\/wp-json\/wp\/v2\/pages\/3789\/revisions"}],"predecessor-version":[{"id":4778,"href":"https:\/\/www.nature-bois-concept.com\/magazine\/wp-json\/wp\/v2\/pages\/3789\/revisions\/4778"}],"up":[{"embeddable":true,"href":"https:\/\/www.nature-bois-concept.com\/magazine\/wp-json\/wp\/v2\/pages\/600"}],"wp:featuredmedia":[{"embeddable":true,"href":"https:\/\/www.nature-bois-concept.com\/magazine\/wp-json\/wp\/v2\/media\/3802"}],"wp:attachment":[{"href":"https:\/\/www.nature-bois-concept.com\/magazine\/wp-json\/wp\/v2\/media?parent=3789"}],"curies":[{"name":"wp","href":"https:\/\/api.w.org\/{rel}","templated":true}]}}